000
CXUS51 KCTP 010900
CF6AOO
PRELIMINARY LOCAL CLIMATOLOGICAL DATA (WS FORM: F-6)
STATION: ALTOONA
MONTH: NOVEMBER
YEAR: 2021
LATITUDE: 40 17 N
LONGITUDE: 78 19 W
TEMPERATURE IN F: :PCPN: SNOW: WIND :SUNSHINE: SKY :PK WND
================================================================================
1 2 3 4 5 6A 6B 7 8 9 10 11 12 13 14 15 16 17 18
12Z AVG MX 2MIN
DY MAX MIN AVG DEP HDD CDD WTR SNW DPTH SPD SPD DIR MIN PSBL S-S WX SPD DR
================================================================================
1 54 39 47 0 18 0 T M M 9.2 23 310 M M 4 32 290
2 48 32 40 -7 25 0 0.00 M M 5.9 16 310 M M 8 21 320
3 46 29 38 -9 27 0 0.00 M M 6.0 16 290 M M 3 24 300
4 47 26 37 -9 28 0 0.00 M M 1.5 9 160 M M 3 11 170
5 49 26 38 -8 27 0 0.00 M M 2.0 8 360 M M 1 11 280
6 51 24 38 -8 27 0 0.00 M M 1.8 9 210 M M 0 11 140
7 59 24 42 -3 23 0 0.00 M M 2.3 10 310 M M 0 8 13 350
8 66 36 51 6 14 0 0.00 M M 5.9 12 280 M M 0 16 310
9 70 45 58 13 7 0 0.00 M M 6.1 12 200 M M 0 8 16 220
10 65 42 54 10 11 0 0.00 M M 5.8 16 290 M M 2 20 290
11 62 39 51 7 14 0 0.02 M M 9.6 25 150 M M 3 31 150
12 59 43 51 7 14 0 0.80 M M 9.5 22 160 M M 4 1 29 150
13 50 36 43 0 22 0 T M M 12.3 28 270 M M 9 38 290
14 40 34 37 -6 28 0 0.07 M M 9.9 18 210 M M 10 1 22 220
15 38 34 36 -6 29 0 0.01 M M 13.0 24 270 M M 10 1 33 280
16 43 30 37 -5 28 0 0.00 M M 4.0 13 280 M M 4 18 17 270
17 63 29 46 4 19 0 0.00 M M 2.5 12 190 M M 3 18 16 190
18 66 38 52 11 13 0 T M M 12.3 31 240 M M 6 42 230
19 39 27 33 -8 32 0 T M M 11.0 25 270 M M 9 35 280
20 40 23 32 -9 33 0 0.00 M M 6.2 18 170 M M 1 24 170
21 43 30 37 -3 28 0 0.05 M M 3.5 15 170 M M 6 8 20 170
22 44 28 36 -4 29 0 T M M 11.3 21 310 M M 6 27 330
23 37 26 32 -8 33 0 0.00 M M 8.9 21 290 M M 2 26 290
24 45 21 33 -6 32 0 0.00 M M 3.8 9 170 M M 0 12 190
25 54 33 44 5 21 0 T M M 7.3 18 250 M M 7 23 260
26 45 28 37 -2 28 0 0.03 M M 17.8 30 280 M M 10 1 40 290
27 35 28 32 -6 33 0 0.02 M M 10.6 22 310 M M 8 1 29 310
28 40 30 35 -3 30 0 0.01 M M 8.1 23 270 M M 10 1 31 310
29 37 29 33 -5 32 0 0.02 M M 9.6 22 320 M M 9 18 28 290
30 45 30 38 1 27 0 T M M 9.7 22 240 M M 8 34 240
================================================================================
SM 1480 939 732 0 1.03 M 227.4 M 146
================================================================================
AV 49.3 31.3 7.6 FASTST M M 5 MAX(MPH)
MISC ----> 31 240 42 230
================================================================================
NOTES:
# LAST OF SEVERAL OCCURRENCES
COLUMN 17 PEAK WIND IN M.P.H.
PRELIMINARY LOCAL CLIMATOLOGICAL DATA (WS FORM: F-6) , PAGE 2
STATION: ALTOONA
MONTH: NOVEMBER
YEAR: 2021
LATITUDE: 40 17 N
LONGITUDE: 78 19 W
[TEMPERATURE DATA] [PRECIPITATION DATA] SYMBOLS USED IN COLUMN 16
AVERAGE MONTHLY: 40.3 TOTAL FOR MONTH: 1.03 1 = FOG OR MIST
DPTR FM NORMAL: -2.0 DPTR FM NORMAL: -1.82 2 = FOG REDUCING VISIBILITY
HIGHEST: 70 ON 9 GRTST 24HR 0.82 ON 11-12 TO 1/4 MILE OR LESS
LOWEST: 21 ON 24 3 = THUNDER
SNOW, ICE PELLETS, HAIL 4 = ICE PELLETS
TOTAL MONTH: M 5 = HAIL
GRTST 24HR M ON M 6 = FREEZING RAIN OR DRIZZLE
GRTST DEPTH: M ON M 7 = DUSTSTORM OR SANDSTORM:
VSBY 1/2 MILE OR LESS
8 = SMOKE OR HAZE
[NO. OF DAYS WITH] [WEATHER - DAYS WITH] 9 = BLOWING SNOW
X = TORNADO
MAX 32 OR BELOW: 0 0.01 INCH OR MORE: 9
MAX 90 OR ABOVE: 0 0.10 INCH OR MORE: 1
MIN 32 OR BELOW: 19 0.50 INCH OR MORE: 1
MIN 0 OR BELOW: 0 1.00 INCH OR MORE: 0
[HDD (BASE 65) ]
TOTAL THIS MO. 732 CLEAR (SCALE 0-3) 13
DPTR FM NORMAL 51 PTCLDY (SCALE 4-7) 9
TOTAL FM JUL 1 984 CLOUDY (SCALE 8-10) 8
DPTR FM NORMAL -205
[CDD (BASE 65) ]
TOTAL THIS MO. 0
DPTR FM NORMAL 0 [PRESSURE DATA]
TOTAL FM JAN 1 878 HIGHEST SLP 30.54 ON 20
DPTR FM NORMAL 186 LOWEST SLP 29.74 ON 26
[REMARKS]
#FINAL-11-21#