000
CXUS51 KCTP 010735
CLMAOO
CLIMATE REPORT
NATIONAL WEATHER SERVICE STATE COLLEGE PA
235 AM EST FRI MAR 01 2024
...................................
...THE ALTOONA CLIMATE SUMMARY FOR THE MONTH OF FEBRUARY 2024...
CLIMATE NORMAL PERIOD 1991 TO 2020
CLIMATE RECORD PERIOD 1948 TO 2024
WEATHER OBSERVED NORMAL DEPART LAST YEAR`S
VALUE DATE(S) VALUE FROM VALUE DATE(S)
NORMAL
................................................................
TEMPERATURE (F)
RECORD
HIGH 76 02/21/2018
LOW -11 02/02/1961
HIGHEST 63 02/09 72 02/15
02/26
LOWEST 16 02/15 7 02/04
AVG. MAXIMUM 46.4 38.6 7.8 49.9
AVG. MINIMUM 27.5 22.7 4.8 26.5
MEAN 36.9 30.7 6.2 38.2
DAYS MAX >= 90 0 0.0 0.0 0
DAYS MAX <= 32 1 8.9 -7.9 3
DAYS MIN <= 32 22 23.5 -1.5 22
DAYS MIN <= 0 0 0.6 -0.6 0
PRECIPITATION (INCHES)
RECORD
MAXIMUM 4.93 2018
MINIMUM 0.46 2009
TOTALS 2.37 1.95 0.42 1.98
DAILY AVG. 0.08 NAN NAN 0.07
DAYS >= .01 10 9.7 0.3 10
DAYS >= .10 6 5.1 0.9 5
DAYS >= .50 2 1.1 0.9 1
DAYS >= 1.00 0 0.2 -0.2 0
GREATEST
24 HR. TOTAL 0.83 02/12 TO 02/13 0.89 02/27 TO 02/28
DEGREE DAYS
HEATING TOTAL 808 962 -154 743
SINCE 7/1 3769 4335 -566 MM
COOLING TOTAL 0 0 0 0
SINCE 1/1 0 0 0 MM
................................................................
WIND (MPH)
AVERAGE WIND SPEED 7.5
HIGHEST WIND SPEED/DIRECTION 36/280 DATE 02/28
HIGHEST GUST SPEED/DIRECTION 53/280 DATE 02/28
SKY COVER
POSSIBLE SUNSHINE (PERCENT) MM
AVERAGE SKY COVER 0.40
NUMBER OF DAYS FAIR 13
NUMBER OF DAYS PC 11
NUMBER OF DAYS CLOUDY 5
AVERAGE RH (PERCENT) 61
WEATHER CONDITIONS. NUMBER OF DAYS WITH
THUNDERSTORM 1 MIXED PRECIP 0
HEAVY RAIN 2 RAIN 4
LIGHT RAIN 10 FREEZING RAIN 0
LT FREEZING RAIN 0 HAIL 0
HEAVY SNOW 0 SLEET 0
FOG 7 FOG W/VIS <= 1/4 MILE 1
HAZE 6
- INDICATES NEGATIVE NUMBERS.
R INDICATES RECORD WAS SET OR TIED.
MM INDICATES DATA IS MISSING.
T INDICATES TRACE AMOUNT.
$$