000
CXUS52 KMFL 011030
CF6APF
PRELIMINARY LOCAL CLIMATOLOGICAL DATA (WS FORM: F-6)
STATION: NAPLES
MONTH: JUNE
YEAR: 2022
LATITUDE: 26 8 N
LONGITUDE: 81 46 W
TEMPERATURE IN F: :PCPN: SNOW: WIND :SUNSHINE: SKY :PK WND
================================================================================
1 2 3 4 5 6A 6B 7 8 9 10 11 12 13 14 15 16 17 18
12Z AVG MX 2MIN
DY MAX MIN AVG DEP HDD CDD WTR SNW DPTH SPD SPD DIR MIN PSBL S-S WX SPD DR
================================================================================
1 89 72 81 0 0 16 0.00 0.0 0 7.6 20 10 M M 1 3 26 10
2 91 72 82 1 0 17 0.00 0.0 0 8.4 28 190 M M 3 1 34 200
3 77 72 75 -6 0 10 3.04 0.0 0 10.6 20 120 M M 9 1 25 110
4 89 72 81 0 0 16 1.80 0.0 0 8.6 18 90 M M 7 13 24 90
5 86 73 80 -1 0 15 0.00 0.0 0 4.7 14 290 M M 1 19 270
6 89 77 83 2 0 18 0.00 0.0 M 5.0 13 260 M M 1 17 220
7 88 77 83 2 0 18 0.38 0.0 M 9.2 21 220 M M 5 13 24 220
8 88 77 83 1 0 18 0.00 0.0 0 6.6 15 230 M M 1 21 220
9 88 79 84 2 0 19 0.00 0.0 0 6.5 15 240 M M 2 19 240
10 89 72 81 -1 0 16 0.16 M M 9.0 21 250 M M 4 13 27 240
11 86 72 79 -3 0 14 0.04 0.0 0 6.7 15 150 M M 4 13 19 160
12 88 76 82 0 0 17 0.00 0.0 0 5.7 15 220 M M 1 19 220
13 90 76 83 1 0 18 0.00 0.0 0 3.9 13 290 M M 0 15 290
14 92 78 85 3 0 20 0.01 0.0 0 6.0 15 130 M M 3 3 17 280
15 96 77 87 5 0 22 T 0.0 0 4.6 23 180 M M 2 13 31 170
16 92 77 85 3 0 20 0.09 0.0 0 4.1 23 130 M M 2 13 29 130
17 95 79 87 5 0 22 T 0.0 0 6.0 20 80 M M 2 3 24 80
18 90 75 83 1 0 18 0.02 0.0 0 7.9 26 20 M M 1 13 36 20
19 91 75 83 1 0 18 T 0.0 0 3.8 16 140 M M 1 3 21 130
20 91 73 82 -1 0 17 1.16 0.0 0 5.8 25 60 M M 3 13 30 70
21 91 73 82 -1 0 17 0.00 M M 8.9 18 50 M M 1 23 20
22 90 73 82 -1 0 17 0.00 0.0 M 8.0 15 70 M M 2 21 60
23 88 74 81 -2 0 16 0.00 0.0 0 6.1 15 280 M M 1 22 280
24 89 82 86 3 0 21 0.00 0.0 0 7.3 14 240 M M 1 16 230
25 89 75 82 -1 0 17 0.15 0.0 0 7.2 17 280 M M 4 3 23 310
26 87 75 81 -2 0 16 0.01 0.0 0 5.6 15 130 M M 4 3 19 110
27 90 73 82 -1 0 17 0.44 M M 6.2 22 150 M M 2 13 26 100
28 91 74 83 0 0 18 0.43 M M 6.3 23 130 M M 3 13 28 120
29 91 74 83 0 0 18 0.00 0.0 0 4.6 12 260 M M 1 3 19 250
30 92 77 85 2 0 20 0.09 0.0 0 5.4 20 100 M M 1 3 25 100
================================================================================
SM 2683 2251 0 526 7.82 0.0 196.3 M 73
================================================================================
AV 89.4 75.0 6.5 FASTST M M 2 MAX(MPH)
MISC ----> 28 190 36 20
================================================================================
NOTES:
# LAST OF SEVERAL OCCURRENCES
COLUMN 17 PEAK WIND IN M.P.H.
PRELIMINARY LOCAL CLIMATOLOGICAL DATA (WS FORM: F-6) , PAGE 2
STATION: NAPLES
MONTH: JUNE
YEAR: 2022
LATITUDE: 26 8 N
LONGITUDE: 81 46 W
[TEMPERATURE DATA] [PRECIPITATION DATA] SYMBOLS USED IN COLUMN 16
AVERAGE MONTHLY: 82.2 TOTAL FOR MONTH: 7.82 1 = FOG OR MIST
DPTR FM NORMAL: 0.1 DPTR FM NORMAL: 0.41 2 = FOG REDUCING VISIBILITY
HIGHEST: 96 ON 15 GRTST 24HR 4.62 ON 3- 4 TO 1/4 MILE OR LESS
LOWEST: 72 ON 11,10 3 = THUNDER
SNOW, ICE PELLETS, HAIL 4 = ICE PELLETS
TOTAL MONTH: 0.0 INCH 5 = HAIL
GRTST 24HR 0.0 6 = FREEZING RAIN OR DRIZZLE
GRTST DEPTH: 0 7 = DUSTSTORM OR SANDSTORM:
VSBY 1/2 MILE OR LESS
8 = SMOKE OR HAZE
[NO. OF DAYS WITH] [WEATHER - DAYS WITH] 9 = BLOWING SNOW
X = TORNADO
MAX 32 OR BELOW: 0 0.01 INCH OR MORE: 14
MAX 90 OR ABOVE: 15 0.10 INCH OR MORE: 8
MIN 32 OR BELOW: 0 0.50 INCH OR MORE: 3
MIN 0 OR BELOW: 0 1.00 INCH OR MORE: 3
[HDD (BASE 65) ]
TOTAL THIS MO. 0 CLEAR (SCALE 0-3) 23
DPTR FM NORMAL 0 PTCLDY (SCALE 4-7) 6
TOTAL FM JUL 1 87 CLOUDY (SCALE 8-10) 1
DPTR FM NORMAL -135
[CDD (BASE 65) ]
TOTAL THIS MO. 526
DPTR FM NORMAL 13 [PRESSURE DATA]
TOTAL FM JAN 1 2040 HIGHEST SLP 30.15 ON 30
DPTR FM NORMAL 405 LOWEST SLP 29.59 ON 4
[REMARKS]
#FINAL-06-22#