000
CXUS54 KEWX 011110
CF6AQO
PRELIMINARY LOCAL CLIMATOLOGICAL DATA (WS FORM: F-6)
STATION: LLANO MUNICIPAL AIRPORT
MONTH: JANUARY
YEAR: 2022
LATITUDE: 30 47 N
LONGITUDE: 98 40 W
TEMPERATURE IN F: :PCPN: SNOW: WIND :SUNSHINE: SKY :PK WND
================================================================================
1 2 3 4 5 6A 6B 7 8 9 10 11 12 13 14 15 16 17 18
12Z AVG MX 2MIN
DY MAX MIN AVG DEP HDD CDD WTR SNW DPTH SPD SPD DIR MIN PSBL S-S WX SPD DR
================================================================================
1 79 32 56 M 9 0 0.00 M M 7.3 21 360 M M 5 8 28 360
2 45 21 33 M 32 0 0.00 M M 13.3 23 330 M M 4 30 320
3 59 16 38 M 27 0 0.00 M M 2.4 8 210 M M 4 15 210
4 70 25 48 M 17 0 0.00 M M 5.1 17 210 M M 4 23 210
5 70 28 49 M 16 0 0.00 M M 2.3 10 340 M M 2 14 99
6 48 27 38 M 27 0 0.00 M M 6.5 18 340 M M 3 24 340
7 41 18 30 M 35 0 0.00 M M 4.1 10 110 M M 9 1 17 110
8 72 39 56 M 9 0 0.00 M M 3.7 10 210 M M 7 12 M M
9 59 39 49 M 16 0 0.00 M M 9.7 20 350 M M 5 12 26 350
10 57 34 46 M 19 0 0.00 M M 7.4 13 20 M M 4 17 10
11 45 36 41 M 24 0 0.35 M M 1.4 6 350 M M 5 18 M M
12 63 37 50 M 15 0 0.00 M M 2.1 8 260 M M 5 1 16 260
13 73 30 52 M 13 0 0.00 M M 2.9 6 220 M M 2 M M
14 79 30 55 M 10 0 0.00 M M 5.0 16 210 M M 4 29 320
15 59 36 48 M 17 0 0.00 M M 21.6 29 340 M M 5 40 340
16 64 27 46 M 19 0 0.00 M M 5.8 12 260 M M 2 16 310
17 70 27 49 M 16 0 0.00 M M 3.5 12 120 M M 3 14 120
18 77 34 56 M 9 0 0.00 M M 5.4 16 200 M M 3 25 190
19 81 37 59 M 6 0 0.00 M M 7.3 23 350 M M 4 30 350
20 37 27 32 M 33 0 0.00 M M 14.1 21 350 M M 10 29 350
21 50 16 33 M 32 0 0.00 M M 2.9 10 350 M M 5 14 350
22 55 19 37 M 28 0 0.00 M M 2.4 9 80 M M 5 15 80
23 57 41 49 M 16 0 0.00 M M 3.8 9 210 M M 10 15 270
24 54 45 50 M 15 0 0.07 M M 3.1 8 110 M M 9 1 12 200
25 50 37 44 M 21 0 0.00 M M 3.7 10 60 M M 10 12 17 60
26 52 37 45 M 20 0 0.00 M M 5.8 14 70 M M 8 1 16 60
27 57 32 45 M 20 0 0.00 M M 2.0 9 40 M M 8 16 360
28 57 30 44 M 21 0 0.00 M M 9.0 15 330 M M 5 24 360
29 66 23 45 M 20 0 0.00 M M 3.5 10 240 M M 4 16 230
30 70 23 47 M 18 0 0.00 M M 3.7 10 200 M M 4 16 180
31 63 46 55 M 10 0 0.31 M M 4.1 10 110 M M 9 1 15 110
================================================================================
SM 1879 949 590 0 0.73 M 174.8 M 167
================================================================================
AV 60.6 30.6 5.6 FASTST M M 5 MAX(MPH)
MISC ----> 29 340 40 340
================================================================================
NOTES:
# LAST OF SEVERAL OCCURRENCES
COLUMN 17 PEAK WIND IN M.P.H.
PRELIMINARY LOCAL CLIMATOLOGICAL DATA (WS FORM: F-6) , PAGE 2
STATION: LLANO MUNICIPAL AIRPORT
MONTH: JANUARY
YEAR: 2022
LATITUDE: 30 47 N
LONGITUDE: 98 40 W
[TEMPERATURE DATA] [PRECIPITATION DATA] SYMBOLS USED IN COLUMN 16
AVERAGE MONTHLY: 45.6 TOTAL FOR MONTH: 0.73 1 = FOG OR MIST
DPTR FM NORMAL: 0.0 DPTR FM NORMAL: M 2 = FOG REDUCING VISIBILITY
HIGHEST: 81 ON 19 GRTST 24HR 0.35 ON 11-11 TO 1/4 MILE OR LESS
LOWEST: 16 ON 21, 3 3 = THUNDER
SNOW, ICE PELLETS, HAIL 4 = ICE PELLETS
TOTAL MONTH: M 5 = HAIL
GRTST 24HR M ON M 6 = FREEZING RAIN OR DRIZZLE
GRTST DEPTH: M ON M 7 = DUSTSTORM OR SANDSTORM:
VSBY 1/2 MILE OR LESS
8 = SMOKE OR HAZE
[NO. OF DAYS WITH] [WEATHER - DAYS WITH] 9 = BLOWING SNOW
X = TORNADO
MAX 32 OR BELOW: 0 0.01 INCH OR MORE: 3
MAX 90 OR ABOVE: 0 0.10 INCH OR MORE: 2
MIN 32 OR BELOW: 18 0.50 INCH OR MORE: 0
MIN 0 OR BELOW: 0 1.00 INCH OR MORE: 0
[HDD (BASE 65) ]
TOTAL THIS MO. 590 CLEAR (SCALE 0-3) 4
DPTR FM NORMAL M PTCLDY (SCALE 4-7) 21
TOTAL FM JUL 1 1040 CLOUDY (SCALE 8-10) 6
DPTR FM NORMAL M
[CDD (BASE 65) ]
TOTAL THIS MO. 0
DPTR FM NORMAL M [PRESSURE DATA]
TOTAL FM JAN 1 0 HIGHEST SLP M ON M
DPTR FM NORMAL M LOWEST SLP M ON M
[REMARKS]
#FINAL-01-22#