607
CXUS54 KEWX 011110
CF6AQO
PRELIMINARY LOCAL CLIMATOLOGICAL DATA (WS FORM: F-6)
STATION: LLANO MUNICIPAL AIRPORT
MONTH: FEBRUARY
YEAR: 2021
LATITUDE: 30 47 N
LONGITUDE: 98 40 W
TEMPERATURE IN F: :PCPN: SNOW: WIND :SUNSHINE: SKY :PK WND
================================================================================
1 2 3 4 5 6A 6B 7 8 9 10 11 12 13 14 15 16 17 18
12Z AVG MX 2MIN
DY MAX MIN AVG DEP HDD CDD WTR SNW DPTH SPD SPD DIR MIN PSBL S-S WX SPD DR
================================================================================
1 64 30 47 M 18 0 0.00 M M 3.7 12 340 M M 1 15 340
2 70 36 53 M 12 0 0.00 M M 3.7 14 200 M M 2 21 200
3 77 39 58 M 7 0 0.00 M M 6.2 16 190 M M 3 23 190
4 79 48 64 M 1 0 0.00 M M 8.0 17 350 M M 4 1 25 350
5 61 41 51 M 14 0 0.00 M M 6.7 17 130 M M 6 23 130
6 70 41 56 M 9 0 0.00 M M 9.5 22 330 M M 6 31 300
7 72 34 53 M 12 0 0.00 M M 7.0 16 210 M M 4 1 24 210
8 77 46 62 M 3 0 0.00 M M 6.4 15 200 M M 5 22 200
9 63 43 53 M 12 0 0.00 M M 6.1 10 80 M M 8 15 80
10 45 32 39 M 26 0 0.00 M M 8.2 12 360 M M 10 1 15 360
11 32 27 30 M 35 0 0.34 M M 10.3 15 350 M M 10 1 22 350
12 28 25 27 M 38 0 0.00 M M 9.9 14 340 M M 10 1 20 10
13 28 25 27 M 38 0 0.00 M M 8.4 12 350 M M 10 1 18 360
14 27 9 18 M 47 0 0.01 M M 11.9 17 340 M M 9 128 29 330
15 19 5 12 M 53 0 0.03 M M 12.3 17 310 M M 0 8 24 320
16 M 1 M M M M 0.00 M M 0.0 M M M M 3 M M
17 M M M M M M 0.00 M M M M M M M M M M
18 M M M M M M 0.00 M M M M M M M M M M
19 43 30 37 M 28 0 0.00 M M 3.7 9 200 M M 0 M M
20 63 23 43 M 22 0 0.00 M M 5.8 13 170 M M 1 1 22 170
21 73 46 60 M 5 0 0.00 M M 10.6 18 200 M M 6 25 210
22 75 32 54 M 11 0 0.00 M M 2.9 9 240 M M 3 18 99
23 79 37 58 M 7 0 0.00 M M 6.7 17 190 M M 2 25 180
24 77 45 61 M 4 0 0.00 M M 4.8 12 260 M M 5 12 18 310
25 61 45 53 M 12 0 0.03 M M 6.6 10 100 M M 10 18 16 50
26 61 45 53 M 12 0 0.03 M M 4.0 10 110 M M 10 1 13 99
27 73 55 64 M 1 0 0.00 M M 5.3 13 160 M M 9 1 20 160
28 81 55 68 M 0 3 0.00 M M 7.6 17 360 M M 9 1 21 360
================================================================================
SM 1498 895 427 3 0.44 M 176.3 M 146
================================================================================
AV 59.9 34.4 6.8 FASTST M M 6 MAX(MPH)
MISC ----> 22 330 31 300
================================================================================
NOTES:
# LAST OF SEVERAL OCCURRENCES
COLUMN 17 PEAK WIND IN M.P.H.
PRELIMINARY LOCAL CLIMATOLOGICAL DATA (WS FORM: F-6) , PAGE 2
STATION: LLANO MUNICIPAL AIRPORT
MONTH: FEBRUARY
YEAR: 2021
LATITUDE: 30 47 N
LONGITUDE: 98 40 W
[TEMPERATURE DATA] [PRECIPITATION DATA] SYMBOLS USED IN COLUMN 16
AVERAGE MONTHLY: 47.2 TOTAL FOR MONTH: 0.44 1 = FOG OR MIST
DPTR FM NORMAL: 0.0 DPTR FM NORMAL: 0.44 2 = FOG REDUCING VISIBILITY
HIGHEST: 81 ON 28 GRTST 24HR 0.34 ON 11-11 TO 1/4 MILE OR LESS
LOWEST: 1 ON 16 3 = THUNDER
SNOW, ICE PELLETS, HAIL 4 = ICE PELLETS
TOTAL MONTH: M 5 = HAIL
GRTST 24HR M ON M 6 = FREEZING RAIN OR DRIZZLE
GRTST DEPTH: M ON M 7 = DUSTSTORM OR SANDSTORM:
VSBY 1/2 MILE OR LESS
8 = SMOKE OR HAZE
[NO. OF DAYS WITH] [WEATHER - DAYS WITH] 9 = BLOWING SNOW
X = TORNADO
MAX 32 OR BELOW: 5 0.01 INCH OR MORE: 5
MAX 90 OR ABOVE: 0 0.10 INCH OR MORE: 1
MIN 32 OR BELOW: 11 0.50 INCH OR MORE: 0
MIN 0 OR BELOW: 0 1.00 INCH OR MORE: 0
[HDD (BASE 65) ]
TOTAL THIS MO. 427 CLEAR (SCALE 0-3) 8
DPTR FM NORMAL M PTCLDY (SCALE 4-7) 9
TOTAL FM JUL 1 1704 CLOUDY (SCALE 8-10) 11
DPTR FM NORMAL M
[CDD (BASE 65) ]
TOTAL THIS MO. 3
DPTR FM NORMAL M [PRESSURE DATA]
TOTAL FM JAN 1 3 HIGHEST SLP M ON M
DPTR FM NORMAL M LOWEST SLP M ON M
[REMARKS]
#FINAL-02-21#