000
CXUS54 KLCH 021446
CF6ARA
PRELIMINARY LOCAL CLIMATOLOGICAL DATA (WS FORM: F-6)
STATION: NEW IBERIA
MONTH: OCTOBER
YEAR: 2020
LATITUDE: 30 1 N
LONGITUDE: 91 53 W
TEMPERATURE IN F: :PCPN: SNOW: WIND :SUNSHINE: SKY :PK WND
================================================================================
1 2 3 4 5 6A 6B 7 8 9 10 11 12 13 14 15 16 17 18
12Z AVG MX 2MIN
DY MAX MIN AVG DEP HDD CDD WTR SNW DPTH SPD SPD DIR MIN PSBL S-S WX SPD DR
================================================================================
1 88 55 72 -3 0 7 0.00 0.0 0 5.1 16 20 M M 0 1 21 10
2 81 56 69 -5 0 4 0.00 0.0 0 6.8 12 30 M M 0 17 50
3 79 55 67 -7 0 2 0.00 0.0 0 5.5 12 40 M M 0 18 70
4 84 55 70 -4 0 5 0.00 0.0 0 7.3 17 20 M M 0 1 24 40
5 83 59 71 -2 0 6 0.00 0.0 0 8.0 15 360 M M 0 20 350
6 86 58 72 -1 0 7 0.00 0.0 0 8.2 15 20 M M 1 17 40
7 89 68 79 6 0 14 0.14 0.0 0 7.1 13 60 M M 7 1 18 60
8 87 74 81 9 0 16 0.31 0.0 0 9.4 17 40 M M 6 1 22 30
9 79 71 75 3 0 10 2.52 0.0 0 25.3 61 150 M M 10 13 89 130
10 83 69 76 4 0 11 0.01 0.0 0 13.3 36 270 M M M 18 54 250
11 85 72 79 7 0 14 0.00 0.0 0 M M M M M M 12 M M
12 86 73 80 9 0 15 0.00 0.0 0 8.8 13 220 M M 3 12 M M
13 87 63 75 4 0 10 0.00 0.0 0 7.0 10 40 M M M 15 10
14 84 58 71 0 0 6 0.00 0.0 0 4.3 10 170 M M M 14 230
15 85 61 73 3 0 8 0.00 0.0 0 5.0 14 200 M M M 1 19 220
16 73 59 66 -4 0 1 T 0.0 0 13.2 28 20 M M 8 1 36 30
17 79 54 67 -3 0 2 0.00 0.0 0 7.4 15 110 M M 1 20 110
18 85 62 74 5 0 9 0.00 0.0 0 7.8 16 150 M M 3 21 120
19 86 68 77 8 0 12 0.00 0.0 0 5.2 13 120 M M 3 1 17 190
20 86 67 77 8 0 12 0.00 0.0 0 6.3 13 100 M M 3 18 18 110
21 89 67 78 10 0 13 0.00 0.0 0 6.8 15 80 M M 2 1 20 70
22 87 69 78 10 0 13 0.46 0.0 0 6.6 18 90 M M 3 123 26 110
23 85 69 77 9 0 12 0.72 0.0 0 6.5 21 110 M M 6 13 26 110
24 75 58 67 -1 0 2 T 0.0 0 9.9 17 10 M M 8 1 23 20
25 76 57 67 0 0 2 0.00 0.0 0 6.3 10 40 M M 5 1 14 360
26 82 61 72 5 0 7 0.00 0.0 0 5.5 13 120 M M 2 17 80
27 84 64 74 7 0 9 0.65 0.0 0 6.9 14 100 M M 6 1 19 80
28 81 62 72 6 0 7 T 0.0 0 11.0 24 290 M M 7 35 280
29 65 48 57 -9 8 0 0.00 0.0 0 12.4 22 350 M M 1 33 340
30 68 50 59 -7 6 0 0.00 0.0 0 11.1 21 30 M M 4 8 28 20
31 73 47 60 -6 5 0 0.00 0.0 0 3.6 9 340 M M 0 1 13 10
================================================================================
SM 2540 1909 19 236 4.81 0.0 247.6 M 89
================================================================================
AV 81.9 61.6 8.3 FASTST M M 3 MAX(MPH)
MISC ----> # 61 150 # 89 130
================================================================================
NOTES:
# LAST OF SEVERAL OCCURRENCES
COLUMN 17 PEAK WIND IN M.P.H.
PRELIMINARY LOCAL CLIMATOLOGICAL DATA (WS FORM: F-6) , PAGE 2
STATION: NEW IBERIA
MONTH: OCTOBER
YEAR: 2020
LATITUDE: 30 1 N
LONGITUDE: 91 53 W
[TEMPERATURE DATA] [PRECIPITATION DATA] SYMBOLS USED IN COLUMN 16
AVERAGE MONTHLY: 71.8 TOTAL FOR MONTH: 4.81 1 = FOG OR MIST
DPTR FM NORMAL: 1.7 DPTR FM NORMAL: -0.15 2 = FOG REDUCING VISIBILITY
HIGHEST: 89 ON 21, 7 GRTST 24HR 2.52 ON 9- 9 TO 1/4 MILE OR LESS
LOWEST: 47 ON 31 3 = THUNDER
SNOW, ICE PELLETS, HAIL 4 = ICE PELLETS
TOTAL MONTH: 0.0 INCH 5 = HAIL
GRTST 24HR 0.0 6 = FREEZING RAIN OR DRIZZLE
GRTST DEPTH: 0 7 = DUSTSTORM OR SANDSTORM:
VSBY 1/2 MILE OR LESS
8 = SMOKE OR HAZE
[NO. OF DAYS WITH] [WEATHER - DAYS WITH] 9 = BLOWING SNOW
X = TORNADO
MAX 32 OR BELOW: 0 0.01 INCH OR MORE: 7
MAX 90 OR ABOVE: 0 0.10 INCH OR MORE: 6
MIN 32 OR BELOW: 0 0.50 INCH OR MORE: 3
MIN 0 OR BELOW: 0 1.00 INCH OR MORE: 1
[HDD (BASE 65) ]
TOTAL THIS MO. 19 CLEAR (SCALE 0-3) 13
DPTR FM NORMAL -14 PTCLDY (SCALE 4-7) 11
TOTAL FM JUL 1 19 CLOUDY (SCALE 8-10) 2
DPTR FM NORMAL -15
[CDD (BASE 65) ]
TOTAL THIS MO. 236
DPTR FM NORMAL 47 [PRESSURE DATA]
TOTAL FM JAN 1 3088 HIGHEST SLP 30.26 ON 31
DPTR FM NORMAL 343 LOWEST SLP 29.20 ON 9
[REMARKS]
#FINAL-10-20#