000
CXUS54 KHGX 011410
CF6ARM
PRELIMINARY LOCAL CLIMATOLOGICAL DATA (WS FORM: F-6)
STATION: Wharton
MONTH: JUNE
YEAR: 2023
LATITUDE: 29 15 N
LONGITUDE: 96 9 W
TEMPERATURE IN F: :PCPN: SNOW: WIND :SUNSHINE: SKY :PK WND
================================================================================
1 2 3 4 5 6A 6B 7 8 9 10 11 12 13 14 15 16 17 18
12Z AVG MX 2MIN
DY MAX MIN AVG DEP HDD CDD WTR SNW DPTH SPD SPD DIR MIN PSBL S-S WX SPD DR
================================================================================
1 92 66 79 M 0 14 0.00 0.0 0 5.8 12 150 M M 2 1 20 150
2 91 65 78 M 0 13 0.00 0.0 0 4.8 13 160 M M 2 12 21 160
3 92 69 81 M 0 16 0.00 0.0 0 5.2 12 210 M M 3 16 210
4 87 65 76 M 0 11 M 0.0 0 5.3 16 360 M M 2 24 360
5 85 68 77 M 0 12 0.02 0.0 0 1.3 7 40 M M 4 1 20 290
6 91 67 79 M 0 14 0.00 0.0 0 2.0 7 90 M M 5 128 M M
7 89 67 78 M 0 13 0.00 0.0 0 1.5 7 210 M M 0 1 M M
8 91 70 81 M 0 16 0.00 0.0 0 3.0 8 190 M M 2 16 360
9 95 69 82 M 0 17 M 0.0 0 3.4 12 170 M M 0 1 16 150
10 93 72 83 M 0 18 M 0.0 0 7.5 16 190 M M 3 1 22 170
11 94 69 82 M 0 17 0.00 0.0 0 8.3 15 210 M M 2 21 210
12 93 72 83 M 0 18 M 0.0 0 6.7 14 180 M M 4 1 18 170
13 93 73 83 M 0 18 0.00 0.0 0 9.1 17 180 M M 4 1 22 180
14 93 76 85 M 0 20 0.00 0.0 0 10.3 20 190 M M 5 1 25 190
15 96 77 87 M 0 22 0.00 0.0 0 9.5 18 170 M M 3 1 25 170
16 95 78 87 M 0 22 M 0.0 0 9.5 16 170 M M 6 1 22 180
17 96 78 87 M 0 22 0.00 0.0 0 8.2 13 190 M M 4 1 24 220
18 97 78 88 M 0 23 0.00 0.0 0 12.1 22 200 M M 3 1 31 200
19 96 77 87 M 0 22 0.00 0.0 0 10.3 20 190 M M 2 1 27 190
20 96 81 89 M 0 24 0.00 0.0 0 11.7 17 190 M M 5 1 21 190
21 97 73 85 M 0 20 M 0.0 0 9.0 20 240 M M 3 1 33 240
22 96 73 85 M 0 20 0.00 0.0 0 6.3 14 170 M M 1 1 18 150
23 96 76 86 M 0 21 0.00 0.0 0 6.7 15 180 M M 4 1 18 180
24 95 75 85 M 0 20 M 0.0 M 8.9 16 190 M M 3 1 21 190
25 95 78 87 M 0 22 M 0.0 M 8.9 16 190 M M 3 21 210
26 96 76 86 M 0 21 0.00 0.0 0 9.3 17 150 M M 2 1 22 150
27 96 77 87 M 0 22 0.00 0.0 0 8.7 14 180 M M 4 21 180
28 96 75 86 M 0 21 0.00 0.0 0 8.2 14 180 M M 2 1 18 200
29 96 76 86 M 0 21 0.00 0.0 0 7.1 13 150 M M 2 1 20 200
30 97 73 85 M 0 20 0.00 0.0 0 7.4 15 140 M M 1 1 22 200
================================================================================
SM 2815 2189 0 560 0.02 0.0 216.0 M 86
================================================================================
AV 93.8 73.0 7.2 FASTST M M 3 MAX(MPH)
MISC ----> 22 200 33 240
================================================================================
NOTES:
# LAST OF SEVERAL OCCURRENCES
COLUMN 17 PEAK WIND IN M.P.H.
PRELIMINARY LOCAL CLIMATOLOGICAL DATA (WS FORM: F-6) , PAGE 2
STATION: Wharton
MONTH: JUNE
YEAR: 2023
LATITUDE: 29 15 N
LONGITUDE: 96 9 W
[TEMPERATURE DATA] [PRECIPITATION DATA] SYMBOLS USED IN COLUMN 16
AVERAGE MONTHLY: 83.4 TOTAL FOR MONTH: 0.02 1 = FOG OR MIST
DPTR FM NORMAL: 0.0 DPTR FM NORMAL: M 2 = FOG REDUCING VISIBILITY
HIGHEST: 97 ON 30,21 GRTST 24HR 0.02 ON 5- 5 TO 1/4 MILE OR LESS
LOWEST: 65 ON 4, 2 3 = THUNDER
SNOW, ICE PELLETS, HAIL 4 = ICE PELLETS
TOTAL MONTH: 0.0 INCH 5 = HAIL
GRTST 24HR 0.0 6 = FREEZING RAIN OR DRIZZLE
GRTST DEPTH: 0 7 = DUSTSTORM OR SANDSTORM:
VSBY 1/2 MILE OR LESS
8 = SMOKE OR HAZE
[NO. OF DAYS WITH] [WEATHER - DAYS WITH] 9 = BLOWING SNOW
X = TORNADO
MAX 32 OR BELOW: 0 0.01 INCH OR MORE: 1
MAX 90 OR ABOVE: 27 0.10 INCH OR MORE: 0
MIN 32 OR BELOW: 0 0.50 INCH OR MORE: 0
MIN 0 OR BELOW: 0 1.00 INCH OR MORE: 0
[HDD (BASE 65) ]
TOTAL THIS MO. 0 CLEAR (SCALE 0-3) 15
DPTR FM NORMAL M PTCLDY (SCALE 4-7) 15
TOTAL FM JUL 1 851 CLOUDY (SCALE 8-10) 0
DPTR FM NORMAL M
[CDD (BASE 65) ]
TOTAL THIS MO. 560
DPTR FM NORMAL M [PRESSURE DATA]
TOTAL FM JAN 1 1298 HIGHEST SLP M ON M
DPTR FM NORMAL M LOWEST SLP M ON M
[REMARKS]
#FINAL-06-23#