000
CXUS51 KBUF 010905
CF6ART
PRELIMINARY LOCAL CLIMATOLOGICAL DATA (WS FORM: F-6)
STATION: WATERTOWN NY
MONTH: FEBRUARY
YEAR: 2023
LATITUDE: 43 59 N
LONGITUDE: 76 2 W
TEMPERATURE IN F: :PCPN: SNOW: WIND :SUNSHINE: SKY :PK WND
================================================================================
1 2 3 4 5 6A 6B 7 8 9 10 11 12 13 14 15 16 17 18
12Z AVG MX 2MIN
DY MAX MIN AVG DEP HDD CDD WTR SNW DPTH SPD SPD DIR MIN PSBL S-S WX SPD DR
================================================================================
1 27 11 19 0 46 0 0.10 M M 9.8 23 250 M M 9 128 33 260
2 35 18 27 8 38 0 0.04 M M 15.8 35 300 M M 10 189 50 260
3 18 -16 1 -18 64 0 0.00 M M 12.1 22 320 M M 5 28 320
4 23 -33 -5 -24 70 0 0.00 M M 6.3 16 170 M M 5 34 170
5 43 23 33 14 32 0 0.07 M M 11.8 20 170 M M 7 35 200
6 38 11 25 6 40 0 T M M 7.7 20 30 M M 5 27 30
7 47 5 26 7 39 0 0.01 M M 9.3 24 210 M M 4 40 160
8 39 32 36 16 29 0 0.00 M M 9.3 18 230 M M 6 30 220
9 52 23 38 18 27 0 1.11 M M 6.9 22 160 M M 6 1 38 180
10 47 33 40 20 25 0 0.04 M M 19.5 28 220 M M 10 1 43 230
11 33 24 29 9 36 0 T M M 11.9 24 270 M M 7 34 270
12 41 23 32 12 33 0 0.00 M M 5.5 13 280 M M 0 21 200
13 47 18 33 13 32 0 0.01 M M 7.1 22 280 M M 3 1 31 280
14 44 26 35 14 30 0 0.00 M M 7.0 16 260 M M 2 23 260
15 62 43 53 32 12 0 0.02 M M 12.9 23 230 M M 5 45 180
16 43 33 38 17 27 0 0.01 M M 7.1 18 50 M M 9 25 40
17 33 8 21 0 44 0 0.25 M M 9.7 26 320 M M 8 168 39 330
18 35 5 20 -2 45 0 T M M 8.1 24 220 M M 8 1 34 220
19 50 28 39 17 26 0 0.00 M M 7.5 17 180 M M 5 32 190
20 46 24 35 13 30 0 T M M 9.4 17 250 M M 5 26 260
21 46 19 33 11 32 0 0.12 M M 10.6 23 210 M M 4 1 33 220
22 32 17 25 2 40 0 0.03 M M 12.7 22 50 M M 6 18 29 50
23 19 15 17 -6 48 0 0.14 M M 14.5 26 40 M M 10 168 35 50
24 18 1 10 -13 55 0 T M M 7.1 14 290 M M 7 18 18 260
25 17 -9 4 -20 61 0 0.01 M M 5.1 15 40 M M 5 1 18 40
26 36 2 19 -5 46 0 0.01 M M 11.5 26 260 M M 8 18 43 250
27 33 -2 16 -8 49 0 0.05 M M 6.7 18 10 M M 3 1 24 360
28 36 30 33 9 32 0 0.09 M M 11.5 28 230 M M 10 128 38 230
================================================================================
SM 1040 412 1088 0 2.11 M 274.4 M 172
================================================================================
AV 37.1 14.7 9.8 FASTST M M 6 MAX(MPH)
MISC ----> 35 300 50 260
================================================================================
NOTES:
# LAST OF SEVERAL OCCURRENCES
COLUMN 17 PEAK WIND IN M.P.H.
PRELIMINARY LOCAL CLIMATOLOGICAL DATA (WS FORM: F-6) , PAGE 2
STATION: WATERTOWN NY
MONTH: FEBRUARY
YEAR: 2023
LATITUDE: 43 59 N
LONGITUDE: 76 2 W
[TEMPERATURE DATA] [PRECIPITATION DATA] SYMBOLS USED IN COLUMN 16
AVERAGE MONTHLY: 25.9 TOTAL FOR MONTH: 2.11 1 = FOG OR MIST
DPTR FM NORMAL: 4.8 DPTR FM NORMAL: -0.07 2 = FOG REDUCING VISIBILITY
HIGHEST: 62 ON 15 GRTST 24HR 1.15 ON 9-10 TO 1/4 MILE OR LESS
LOWEST: -33 ON 4 3 = THUNDER
SNOW, ICE PELLETS, HAIL 4 = ICE PELLETS
TOTAL MONTH: M 5 = HAIL
GRTST 24HR M ON M 6 = FREEZING RAIN OR DRIZZLE
GRTST DEPTH: M ON M 7 = DUSTSTORM OR SANDSTORM:
VSBY 1/2 MILE OR LESS
8 = SMOKE OR HAZE
[NO. OF DAYS WITH] [WEATHER - DAYS WITH] 9 = BLOWING SNOW
X = TORNADO
MAX 32 OR BELOW: 7 0.01 INCH OR MORE: 17
MAX 90 OR ABOVE: 0 0.10 INCH OR MORE: 5
MIN 32 OR BELOW: 25 0.50 INCH OR MORE: 1
MIN 0 OR BELOW: 4 1.00 INCH OR MORE: 1
[HDD (BASE 65) ]
TOTAL THIS MO. 1088 CLEAR (SCALE 0-3) 2
DPTR FM NORMAL -142 PTCLDY (SCALE 4-7) 19
TOTAL FM JUL 1 4664 CLOUDY (SCALE 8-10) 7
DPTR FM NORMAL -701
[CDD (BASE 65) ]
TOTAL THIS MO. 0
DPTR FM NORMAL 0 [PRESSURE DATA]
TOTAL FM JAN 1 0 HIGHEST SLP 30.67 ON 4
DPTR FM NORMAL 0 LOWEST SLP 29.40 ON 21
[REMARKS]
#FINAL-02-23#