000
CXUS53 KARX 010930
CF6ARX
PRELIMINARY LOCAL CLIMATOLOGICAL DATA (WS FORM: F-6)
STATION: La Crosse Weather Office WI
MONTH: MAY
YEAR: 2020
LATITUDE: 43 49 N
LONGITUDE: 91 12 W
TEMPERATURE IN F: :PCPN: SNOW: WIND :SUNSHINE: SKY :PK WND
================================================================================
1 2 3 4 5 6A 6B 7 8 9 10 11 12 13 14 15 16 17 18
12Z AVG MX 2MIN
DY MAX MIN AVG DEP HDD CDD WTR SNW DPTH SPD SPD DIR MIN PSBL S-S WX SPD DR
================================================================================
1 69 48 59 7 6 0 0.01 0.0 0 M M M M M M 30 M
2 74 56 65 12 0 0 0.00 0.0 0 M M M M M M 30 M
3 70 43 57 4 8 0 0.00 0.0 0 M M M M M M 29 M
4 58 37 48 -5 17 0 0.00 0.0 0 M M M M M M 29 M
5 50 38 44 -10 21 0 0.04 0.0 0 M M M M M M 21 M
6 63 43 53 -1 12 0 0.00 0.0 0 M M M M M M 19 M
7 60 43 52 -2 13 0 0.00 0.0 0 M M M M M M 24 M
8 45 30 38 -17 27 0 0.00 0.0 0 M M M M M M 27 M
9 61 30 46 -9 19 0 0.02 0.0 0 M M M M M M 33 M
10 43 33 38 -17 27 0 0.22 T 0 M M M M M M 33 M
11 53 33 43 -12 22 0 0.00 0.0 0 M M M M M M 22 330
12 57 36 47 -9 18 0 0.00 0.0 0 M M M M M M 22 330
13 65 40 53 -3 12 0 0.00 0.0 0 M M M M M M 31 M
14 66 50 58 2 7 0 0.10 0.0 0 M M M M M M 1 18 M
15 69 50 60 4 5 0 0.00 0.0 0 M M M M M M 24 M
16 72 48 60 3 5 0 T 0.0 0 M M M M M M 25 M
17 56 47 52 -5 13 0 0.94 0.0 0 M M M M M M 20 M
18 53 47 50 -7 15 0 0.12 0.0 0 M M M M M M 33 M
19 60 46 53 -5 12 0 T 0.0 0 M M M M M M 25 M
20 75 49 62 4 3 0 0.00 0.0 0 M M M M M M 25 M
21 68 52 60 2 5 0 T 0.0 0 M M M M M M 25 M
22 70 55 63 5 2 0 T 0.0 0 M M M M M M 25 M
23 71 57 64 5 1 0 0.41 0.0 0 M M M M M M 3 21 M
24 80 57 69 10 0 4 0.04 0.0 0 M M M M M M 13 23 M
25 81 64 73 14 0 8 1.15 0.0 0 M M M M M M 13 21 M
26 85 63 74 14 0 9 0.13 0.0 0 M M M M M M 3 41 M
27 80 66 73 13 0 8 0.01 0.0 0 M M M M M M 3 15 M
28 72 60 66 6 0 1 1.31 0.0 0 M M M M M M 21 M
29 63 53 58 -3 7 0 0.00 0.0 0 M M M M M M 23 M
30 66 51 59 -2 6 0 0.00 0.0 0 M M M M M M 25 M
31 70 42 56 -5 9 0 T 0.0 0 M M M M M M 18 M
================================================================================
SM 2025 1467 292 30 4.50 T M M M
================================================================================
AV 65.3 47.3 M FASTST M M 5 MAX(MPH)
MISC ----> M M 41 M
================================================================================
NOTES:
# LAST OF SEVERAL OCCURRENCES
COLUMN 17 PEAK WIND IN M.P.H.
PRELIMINARY LOCAL CLIMATOLOGICAL DATA (WS FORM: F-6) , PAGE 2
STATION: La Crosse Weather Office WI
MONTH: MAY
YEAR: 2020
LATITUDE: 43 49 N
LONGITUDE: 91 12 W
[TEMPERATURE DATA] [PRECIPITATION DATA] SYMBOLS USED IN COLUMN 16
AVERAGE MONTHLY: 56.3 TOTAL FOR MONTH: 4.50 1 = FOG OR MIST
DPTR FM NORMAL: -0.5 DPTR FM NORMAL: 0.44 2 = FOG REDUCING VISIBILITY
HIGHEST: 85 ON 26 GRTST 24HR 1.31 ON 28-28 TO 1/4 MILE OR LESS
LOWEST: 30 ON 9, 8 3 = THUNDER
SNOW, ICE PELLETS, HAIL 4 = ICE PELLETS
TOTAL MONTH: T 5 = HAIL
GRTST 24HR T ON 10-10 6 = FREEZING RAIN OR DRIZZLE
GRTST DEPTH: 0 7 = DUSTSTORM OR SANDSTORM:
VSBY 1/2 MILE OR LESS
8 = SMOKE OR HAZE
[NO. OF DAYS WITH] [WEATHER - DAYS WITH] 9 = BLOWING SNOW
X = TORNADO
MAX 32 OR BELOW: 0 0.01 INCH OR MORE: 13
MAX 90 OR ABOVE: 0 0.10 INCH OR MORE: 8
MIN 32 OR BELOW: 2 0.50 INCH OR MORE: 3
MIN 0 OR BELOW: 0 1.00 INCH OR MORE: 2
[HDD (BASE 65) ]
TOTAL THIS MO. 292 CLEAR (SCALE 0-3) 0
DPTR FM NORMAL 22 PTCLDY (SCALE 4-7) 0
TOTAL FM JUL 1 7497 CLOUDY (SCALE 8-10) 0
DPTR FM NORMAL -164
[CDD (BASE 65) ]
TOTAL THIS MO. 30
DPTR FM NORMAL 14 [PRESSURE DATA]
TOTAL FM JAN 1 30 HIGHEST SLP M ON M
DPTR FM NORMAL 13 LOWEST SLP M ON M
[REMARKS]
#FINAL-05-20#