000
CXUS52 KFFC 011110
CF6ATL
PRELIMINARY LOCAL CLIMATOLOGICAL DATA (WS FORM: F-6)
STATION: ATLANTA
MONTH: FEBRUARY
YEAR: 2021
LATITUDE: 33 39 N
LONGITUDE: 84 26 W
TEMPERATURE IN F: :PCPN: SNOW: WIND :SUNSHINE: SKY :PK WND
================================================================================
1 2 3 4 5 6A 6B 7 8 9 10 11 12 13 14 15 16 17 18
12Z AVG MX 2MIN
DY MAX MIN AVG DEP HDD CDD WTR SNW DPTH SPD SPD DIR MIN PSBL S-S WX SPD DR
================================================================================
1 47 36 42 -3 23 0 0.00 0.0 0 20.5 33 320 M M 10 45 310
2 47 33 40 -5 25 0 0.00 0.0 0 18.3 30 320 M M 4 41 330
3 51 29 40 -5 25 0 0.00 0.0 0 11.8 18 300 M M 2 25 320
4 54 30 42 -3 23 0 0.00 0.0 0 5.9 15 190 M M 8 23 170
5 55 41 48 3 17 0 0.14 M M 9.8 21 300 M M 8 1 27 320
6 53 36 45 0 20 0 0.70 T 0 9.6 24 100 M M 8 14 36 80
7 51 37 44 -2 21 0 0.07 0.0 0 9.6 17 330 M M 5 1 24 360
8 60 34 47 1 18 0 0.00 0.0 0 6.9 15 150 M M 5 22 130
9 66 50 58 12 7 0 T 0.0 0 4.0 10 100 M M 8 18 16 110
10 69 46 58 12 7 0 0.00 0.0 0 3.2 9 160 M M 4 1 13 160
11 63 54 59 13 6 0 0.55 0.0 M 2.5 10 280 M M 10 123 14 290
12 60 41 51 5 14 0 0.02 0.0 0 8.1 18 40 M M 10 12 25 60
13 46 39 43 -4 22 0 0.49 M M 9.7 15 70 M M 10 1 25 30
14 48 43 46 -1 19 0 T 0.0 0 9.1 14 70 M M 10 1 18 20
15 50 43 47 0 18 0 0.81 0.0 M 10.2 18 100 M M 10 13 26 130
16 45 24 35 -12 30 0 T 0.0 0 11.9 18 260 M M 7 1 26 260
17 53 23 38 -10 27 0 0.01 0.0 0 8.4 17 100 M M 5 28 120
18 45 39 42 -6 23 0 0.74 0.0 0 9.7 20 70 M M 10 1 27 50
19 49 36 43 -5 22 0 0.00 0.0 M 14.0 23 330 M M 5 1 31 310
20 54 28 41 -7 24 0 0.00 0.0 0 7.6 16 310 M M 0 24 10
21 61 33 47 -1 18 0 0.00 0.0 0 8.2 20 140 M M 3 30 130
22 65 45 55 6 10 0 0.04 0.0 M 10.5 22 280 M M 7 1 32 300
23 71 40 56 7 9 0 0.00 0.0 0 8.3 17 310 M M 0 24 310
24 73 42 58 9 7 0 0.00 0.0 M 6.5 20 210 M M 1 29 210
25 75 51 63 13 2 0 0.00 0.0 0 7.6 15 330 M M 2 22 360
26 61 50 56 6 9 0 0.14 M M 9.8 21 80 M M 9 1 27 350
27 69 47 58 8 7 0 0.00 0.0 0 5.8 13 110 M M 9 128 17 100
28 79 55 67 17 0 2 0.00 0.0 M 9.0 22 220 M M 8 1 33 200
================================================================================
SM 1620 1105 453 2 3.71 T 256.5 M 178
================================================================================
AV 57.9 39.5 9.2 FASTST M M 6 MAX(MPH)
MISC ----> 33 320 45 310
================================================================================
NOTES:
# LAST OF SEVERAL OCCURRENCES
COLUMN 17 PEAK WIND IN M.P.H.
PRELIMINARY LOCAL CLIMATOLOGICAL DATA (WS FORM: F-6) , PAGE 2
STATION: ATLANTA
MONTH: FEBRUARY
YEAR: 2021
LATITUDE: 33 39 N
LONGITUDE: 84 26 W
[TEMPERATURE DATA] [PRECIPITATION DATA] SYMBOLS USED IN COLUMN 16
AVERAGE MONTHLY: 48.7 TOTAL FOR MONTH: 3.71 1 = FOG OR MIST
DPTR FM NORMAL: 1.5 DPTR FM NORMAL: -0.96 2 = FOG REDUCING VISIBILITY
HIGHEST: 79 ON 28 GRTST 24HR 0.81 ON 14-15 TO 1/4 MILE OR LESS
LOWEST: 23 ON 17 3 = THUNDER
SNOW, ICE PELLETS, HAIL 4 = ICE PELLETS
TOTAL MONTH: T 5 = HAIL
GRTST 24HR T ON 6- 6 6 = FREEZING RAIN OR DRIZZLE
GRTST DEPTH: 0 7 = DUSTSTORM OR SANDSTORM:
VSBY 1/2 MILE OR LESS
8 = SMOKE OR HAZE
[NO. OF DAYS WITH] [WEATHER - DAYS WITH] 9 = BLOWING SNOW
X = TORNADO
MAX 32 OR BELOW: 0 0.01 INCH OR MORE: 11
MAX 90 OR ABOVE: 0 0.10 INCH OR MORE: 7
MIN 32 OR BELOW: 5 0.50 INCH OR MORE: 4
MIN 0 OR BELOW: 0 1.00 INCH OR MORE: 0
[HDD (BASE 65) ]
TOTAL THIS MO. 453 CLEAR (SCALE 0-3) 6
DPTR FM NORMAL -48 PTCLDY (SCALE 4-7) 12
TOTAL FM JUL 1 1866 CLOUDY (SCALE 8-10) 10
DPTR FM NORMAL -388
[CDD (BASE 65) ]
TOTAL THIS MO. 2
DPTR FM NORMAL 1 [PRESSURE DATA]
TOTAL FM JAN 1 2 HIGHEST SLP 30.47 ON 21
DPTR FM NORMAL 2 LOWEST SLP 29.69 ON 15
[REMARKS]
#FINAL-02-21#