000
CXUS53 KGRB 010910
CF6ATW
PRELIMINARY LOCAL CLIMATOLOGICAL DATA (WS FORM: F-6)
STATION: APPLETON WI
MONTH: NOVEMBER
YEAR: 2022
LATITUDE: 44 16 N
LONGITUDE: 88 31 W
TEMPERATURE IN F: :PCPN: SNOW: WIND :SUNSHINE: SKY :PK WND
================================================================================
1 2 3 4 5 6A 6B 7 8 9 10 11 12 13 14 15 16 17 18
12Z AVG MX 2MIN
DY MAX MIN AVG DEP HDD CDD WTR SNW DPTH SPD SPD DIR MIN PSBL S-S WX SPD DR
================================================================================
1 70 37 54 12 11 0 M M M 6.5 10 220 M M 0 M M
2 70 43 57 15 8 0 M M M 8.1 14 160 M M 0 M M
3 70 50 60 19 5 0 M M M 13.4 23 200 M M 4 29 200
4 63 45 54 13 11 0 0.11 M M 11.7 18 190 M M 8 13 25 190
5 57 41 49 8 16 0 0.14 M M 16.2 41 200 M M 9 1 52 200
6 54 36 45 5 20 0 M M M 14.0 21 260 M M 5 31 260
7 43 32 38 -2 27 0 M M M 11.0 23 260 M M 3 29 260
8 46 37 42 3 23 0 M M M 8.1 13 120 M M 3 17 140
9 63 45 54 15 11 0 M M M 13.0 20 210 M M 7 25 170
10 70 48 59 21 6 0 0.02 M M 14.6 18 270 M M 7 25 270
11 46 30 38 0 27 0 0.01 M M 14.4 20 280 M M 9 25 280
12 36 27 32 -5 33 0 M M M 10.7 15 350 M M 7 21 350
13 32 27 30 -7 35 0 M M M 6.6 12 310 M M 9 M M
14 34 21 28 -8 37 0 M M M 3.7 8 140 M M 7 M M
15 32 30 31 -5 34 0 M M M 7.0 9 80 M M 10 M M
16 34 27 31 -4 34 0 M M M 8.0 13 10 M M 8 18 10
17 30 21 26 -9 39 0 M M M 10.8 18 270 M M 9 21 260
18 25 18 22 -12 43 0 M M M 16.8 22 250 M M 9 8 26 260
19 21 10 16 -18 49 0 M M M 17.0 23 290 M M 6 33 300
20 28 9 19 -14 46 0 M M M 10.7 15 200 M M 3 21 200
21 36 21 29 -3 36 0 M M M 10.6 18 280 M M 0 23 230
22 36 21 29 -3 36 0 M M M 4.2 10 270 M M 2 M M
23 46 25 36 4 29 0 M M M 1.6 6 200 M M 1 M M
24 48 32 40 9 25 0 M M M 6.8 16 290 M M 7 1 23 290
25 46 30 38 8 27 0 M M M 10.3 14 270 M M 0 M M
26 52 36 44 14 21 0 M M M 13.0 22 210 M M 0 26 210
27 41 27 34 5 31 0 M M M 8.7 16 10 M M 4 28 10
28 43 21 32 3 33 0 M M M 7.1 14 200 M M 4 18 200
29 48 30 39 11 26 0 M M M 13.8 28 280 M M 10 1 31 280
30 28 18 23 -5 42 0 M M M 20.6 29 270 M M 8 36 270
================================================================================
SM 1348 895 821 0 0.28 M 319.1 M 159
================================================================================
AV 44.9 29.8 10.6 FASTST M M 5 MAX(MPH)
MISC ----> 41 200 52 200
================================================================================
NOTES:
# LAST OF SEVERAL OCCURRENCES
COLUMN 17 PEAK WIND IN M.P.H.
PRELIMINARY LOCAL CLIMATOLOGICAL DATA (WS FORM: F-6) , PAGE 2
STATION: APPLETON WI
MONTH: NOVEMBER
YEAR: 2022
LATITUDE: 44 16 N
LONGITUDE: 88 31 W
[TEMPERATURE DATA] [PRECIPITATION DATA] SYMBOLS USED IN COLUMN 16
AVERAGE MONTHLY: 37.4 TOTAL FOR MONTH: 0.28 1 = FOG OR MIST
DPTR FM NORMAL: 2.1 DPTR FM NORMAL: -1.92 2 = FOG REDUCING VISIBILITY
HIGHEST: 70 ON 10, 3 GRTST 24HR 0.14 ON 5- 5 TO 1/4 MILE OR LESS
LOWEST: 9 ON 20 3 = THUNDER
SNOW, ICE PELLETS, HAIL 4 = ICE PELLETS
TOTAL MONTH: M 5 = HAIL
GRTST 24HR M ON M 6 = FREEZING RAIN OR DRIZZLE
GRTST DEPTH: M ON M 7 = DUSTSTORM OR SANDSTORM:
VSBY 1/2 MILE OR LESS
8 = SMOKE OR HAZE
[NO. OF DAYS WITH] [WEATHER - DAYS WITH] 9 = BLOWING SNOW
X = TORNADO
MAX 32 OR BELOW: 7 0.01 INCH OR MORE: 4
MAX 90 OR ABOVE: 0 0.10 INCH OR MORE: 2
MIN 32 OR BELOW: 20 0.50 INCH OR MORE: 0
MIN 0 OR BELOW: 0 1.00 INCH OR MORE: 0
[HDD (BASE 65) ]
TOTAL THIS MO. 821 CLEAR (SCALE 0-3) 8
DPTR FM NORMAL -70 PTCLDY (SCALE 4-7) 14
TOTAL FM JUL 1 1508 CLOUDY (SCALE 8-10) 8
DPTR FM NORMAL -109
[CDD (BASE 65) ]
TOTAL THIS MO. 0
DPTR FM NORMAL 0 [PRESSURE DATA]
TOTAL FM JAN 1 495 HIGHEST SLP M ON M
DPTR FM NORMAL -120 LOWEST SLP M ON M
[REMARKS]
#FINAL-11-22#