000
CXUS51 KGYX 011827
CF6AUG
PRELIMINARY LOCAL CLIMATOLOGICAL DATA (WS FORM: F-6)
STATION: AUGUSTA
MONTH: NOVEMBER
YEAR: 2021
LATITUDE: 44 18 N
LONGITUDE: 69 48 W
TEMPERATURE IN F: :PCPN: SNOW: WIND :SUNSHINE: SKY :PK WND
================================================================================
1 2 3 4 5 6A 6B 7 8 9 10 11 12 13 14 15 16 17 18
12Z AVG MX 2MIN
DY MAX MIN AVG DEP HDD CDD WTR SNW DPTH SPD SPD DIR MIN PSBL S-S WX SPD DR
================================================================================
1 59 43 51 8 14 0 0.01 0.0 0 7.2 21 250 M M 2 30 250
2 55 35 45 2 20 0 0.00 0.0 0 4.4 12 240 M M 4 17 210
3 50 30 40 -3 25 0 0.00 0.0 0 3.6 20 340 M M 2 24 340
4 47 29 38 -4 27 0 0.00 0.0 0 3.7 15 230 M M 2 21 240
5 48 28 38 -4 27 0 T 0.0 0 5.3 18 10 M M 2 25 360
6 52 30 41 -1 24 0 0.00 0.0 0 4.4 12 240 M M 0 19 250
7 55 28 42 1 23 0 0.00 0.0 0 3.1 8 160 M M 0 11 140
8 62 31 47 6 18 0 0.00 0.0 0 4.4 14 320 M M 0 18 330
9 67 35 51 11 14 0 0.00 0.0 0 4.4 10 10 M M 1 15 250
10 57 43 50 10 15 0 0.10 0.0 0 6.0 16 320 M M 6 1 24 310
11 51 35 43 3 22 0 0.00 0.0 0 4.6 10 330 M M 2 13 330
12 58 40 49 10 16 0 1.57 0.0 0 8.3 30 140 M M 9 1 40 140
13 58 39 49 10 16 0 0.32 0.0 0 4.7 17 300 M M 3 1 26 310
14 50 36 43 4 22 0 T 0.0 0 6.7 18 310 M M 4 28 300
15 45 36 41 3 24 0 0.20 0.0 0 6.7 14 270 M M 9 1 20 260
16 44 32 38 0 27 0 T 0.0 0 9.7 20 300 M M 5 32 280
17 41 29 35 -2 30 0 T 0.0 0 5.0 12 280 M M 4 16 270
18 57 38 48 11 17 0 0.06 0.0 0 5.2 20 330 M M 7 12 26 330
19 45 34 40 3 25 0 0.14 0.0 0 9.1 22 300 M M 4 1 35 300
20 43 31 37 1 28 0 0.00 0.0 0 5.7 14 300 M M 0 20 290
21 45 32 39 3 26 0 0.01 0.0 0 3.0 12 40 M M 5 16 190
22 52 32 42 6 23 0 0.23 0.0 0 7.7 15 310 M M 8 12 23 170
23 38 24 31 -4 34 0 0.00 0.0 0 10.6 20 330 M M 0 27 280
24 41 24 33 -2 32 0 0.00 0.0 0 8.7 20 330 M M 0 25 300
25 52 24 38 4 27 0 0.00 0.0 0 3.1 9 10 M M 1 10 10
26 40 34 37 3 28 0 0.35 M M 4.2 9 310 M M 10 1 12 310
27 34 25 30 -4 35 0 0.11 M M 12.0 25 290 M M 6 1 43 290
28 37 21 29 -4 36 0 0.00 0.0 M 3.9 14 300 M M 3 19 300
29 36 21 29 -4 36 0 0.00 0.0 M 8.5 16 350 M M 5 20 320
30 39 19 29 -3 36 0 0.00 0.0 M 4.4 14 280 M M 3 21 240
================================================================================
SM 1458 938 747 0 3.10 0.0 178.3 M 107
================================================================================
AV 48.6 31.3 5.9 FASTST M M 4 MAX(MPH)
MISC ----> 30 140 43 290
================================================================================
NOTES:
# LAST OF SEVERAL OCCURRENCES
COLUMN 17 PEAK WIND IN M.P.H.
PRELIMINARY LOCAL CLIMATOLOGICAL DATA (WS FORM: F-6) , PAGE 2
STATION: AUGUSTA
MONTH: NOVEMBER
YEAR: 2021
LATITUDE: 44 18 N
LONGITUDE: 69 48 W
[TEMPERATURE DATA] [PRECIPITATION DATA] SYMBOLS USED IN COLUMN 16
AVERAGE MONTHLY: 39.9 TOTAL FOR MONTH: 3.10 1 = FOG OR MIST
DPTR FM NORMAL: 1.9 DPTR FM NORMAL: -0.85 2 = FOG REDUCING VISIBILITY
HIGHEST: 67 ON 9 GRTST 24HR 1.57 ON 12-12 TO 1/4 MILE OR LESS
LOWEST: 19 ON 30 3 = THUNDER
SNOW, ICE PELLETS, HAIL 4 = ICE PELLETS
TOTAL MONTH: 0.0 INCH 5 = HAIL
GRTST 24HR 0.0 6 = FREEZING RAIN OR DRIZZLE
GRTST DEPTH: 0 7 = DUSTSTORM OR SANDSTORM:
VSBY 1/2 MILE OR LESS
8 = SMOKE OR HAZE
[NO. OF DAYS WITH] [WEATHER - DAYS WITH] 9 = BLOWING SNOW
X = TORNADO
MAX 32 OR BELOW: 0 0.01 INCH OR MORE: 11
MAX 90 OR ABOVE: 0 0.10 INCH OR MORE: 8
MIN 32 OR BELOW: 18 0.50 INCH OR MORE: 1
MIN 0 OR BELOW: 0 1.00 INCH OR MORE: 1
[HDD (BASE 65) ]
TOTAL THIS MO. 747 CLEAR (SCALE 0-3) 15
DPTR FM NORMAL -63 PTCLDY (SCALE 4-7) 12
TOTAL FM JUL 1 1177 CLOUDY (SCALE 8-10) 3
DPTR FM NORMAL -319
[CDD (BASE 65) ]
TOTAL THIS MO. 0
DPTR FM NORMAL 0 [PRESSURE DATA]
TOTAL FM JAN 1 542 HIGHEST SLP 30.52 ON 20
DPTR FM NORMAL 115 LOWEST SLP 29.26 ON 27
[REMARKS]
#FINAL-11-21#