000
CXUS54 KBMX 011110
CF6AUO
PRELIMINARY LOCAL CLIMATOLOGICAL DATA (WS FORM: F-6)
STATION: AUBURN AWOS
MONTH: JULY
YEAR: 2019
LATITUDE: 32 34 N
LONGITUDE: 85 30 W
TEMPERATURE IN F: :PCPN: SNOW: WIND :SUNSHINE: SKY :PK WND
================================================================================
1 2 3 4 5 6A 6B 7 8 9 10 11 12 13 14 15 16 17 18
12Z AVG MX 2MIN
DY MAX MIN AVG DEP HDD CDD WTR SNW DPTH SPD SPD DIR MIN PSBL S-S WX SPD DR
================================================================================
1 93 71 82 M 0 17 0.00 0.0 0 6.2 13 310 M M 1 3 M M
2 96 74 85 M 0 20 0.00 0.0 0 5.0 10 320 M M 1 8 M M
3 94 76 85 M 0 20 T 0.0 0 6.1 10 310 M M 1 M M
4 88 74 81 M 0 16 0.45 0.0 0 3.7 12 130 M M 4 13 21 130
5 93 72 83 M 0 18 0.20 0.0 0 3.5 12 340 M M 3 1 M M
6 M M M M M M M 0.0 0 4.0 9 300 M M 2 M M
7 92 74 83 M 0 18 T 0.0 0 7.0 12 310 M M 2 3 16 330
8 93 72 83 M 0 18 1.47 0.0 0 7.6 13 330 M M 4 13 17 340
9 91 74 83 M 0 18 0.05 0.0 0 5.1 15 70 M M 2 3 21 70
10 90 75 83 M 0 18 T 0.0 0 6.9 12 80 M M 5 1 M M
11 90 74 82 M 0 17 T 0.0 0 7.2 22 190 M M 4 30 190
12 90 74 82 M 0 17 T 0.0 0 7.6 12 170 M M 2 3 M M
13 83 71 77 M 0 12 0.39 0.0 0 5.4 13 190 M M 3 13 M M
14 89 71 80 M 0 15 T 0.0 0 4.7 8 150 M M 0 3 M M
15 91 73 82 M 0 17 0.01 0.0 0 4.9 10 210 M M 0 3 M M
16 92 72 82 M 0 17 0.03 0.0 0 5.0 12 240 M M 1 30 170
17 91 73 82 M 0 17 0.00 0.0 0 5.4 13 270 M M 1 8 16 240
18 92 74 83 M 0 18 0.02 0.0 0 3.6 8 270 M M 1 3 M M
19 88 71 80 M 0 15 0.15 0.0 0 3.6 12 190 M M 3 13 M M
20 88 71 80 M 0 15 0.47 0.0 0 3.9 8 250 M M 4 13 M M
21 89 70 80 M 0 15 0.12 0.0 0 4.0 9 190 M M 3 8 M M
22 89 72 81 M 0 16 0.00 0.0 0 5.6 10 230 M M 2 M M
23 87 70 79 M 0 14 T 0.0 0 7.6 14 340 M M 6 18 23 330
24 86 66 76 M 0 11 0.00 0.0 0 8.3 13 30 M M 2 17 30
25 87 64 76 M 0 11 0.00 0.0 0 6.5 12 90 M M 1 17 90
26 90 69 80 M 0 15 0.00 0.0 0 5.5 9 120 M M 2 M M
27 90 68 79 M 0 14 0.00 0.0 0 4.1 8 80 M M 1 M M
28 89 70 80 M 0 15 0.00 0.0 0 3.4 7 50 M M 2 M M
29 91 69 80 M 0 15 0.00 0.0 0 2.8 9 290 M M 5 M M
30 93 71 82 M 0 17 0.52 0.0 0 4.3 18 220 M M 4 13 17 190
31 90 71 81 M 0 16 T 0.0 0 2.5 6 60 M M 3 3 M M
================================================================================
SM 2705 2146 0 482 3.88 0.0 161.0 M 75
================================================================================
AV 90.2 71.5 5.2 FASTST M M 2 MAX(MPH)
MISC ----> # 22 190 # 30 190
================================================================================
NOTES:
# LAST OF SEVERAL OCCURRENCES
COLUMN 17 PEAK WIND IN M.P.H.
PRELIMINARY LOCAL CLIMATOLOGICAL DATA (WS FORM: F-6) , PAGE 2
STATION: AUBURN AWOS
MONTH: JULY
YEAR: 2019
LATITUDE: 32 34 N
LONGITUDE: 85 30 W
[TEMPERATURE DATA] [PRECIPITATION DATA] SYMBOLS USED IN COLUMN 16
AVERAGE MONTHLY: 80.9 TOTAL FOR MONTH: 3.88 1 = FOG OR MIST
DPTR FM NORMAL: M DPTR FM NORMAL: M 2 = FOG REDUCING VISIBILITY
HIGHEST: 96 ON 2 GRTST 24HR 1.47 ON 8- 8 TO 1/4 MILE OR LESS
LOWEST: 64 ON 25 3 = THUNDER
SNOW, ICE PELLETS, HAIL 4 = ICE PELLETS
TOTAL MONTH: 0.0 INCH 5 = HAIL
GRTST 24HR 0.0 6 = FREEZING RAIN OR DRIZZLE
GRTST DEPTH: 0 7 = DUSTSTORM OR SANDSTORM:
VSBY 1/2 MILE OR LESS
8 = SMOKE OR HAZE
[NO. OF DAYS WITH] [WEATHER - DAYS WITH] 9 = BLOWING SNOW
X = TORNADO
MAX 32 OR BELOW: 0 0.01 INCH OR MORE: 12
MAX 90 OR ABOVE: 19 0.10 INCH OR MORE: 8
MIN 32 OR BELOW: 0 0.50 INCH OR MORE: 2
MIN 0 OR BELOW: 0 1.00 INCH OR MORE: 1
[HDD (BASE 65) ]
TOTAL THIS MO. 0 CLEAR (SCALE 0-3) 22
DPTR FM NORMAL M PTCLDY (SCALE 4-7) 9
TOTAL FM JUL 1 0 CLOUDY (SCALE 8-10) 0
DPTR FM NORMAL M
[CDD (BASE 65) ]
TOTAL THIS MO. 482
DPTR FM NORMAL M [PRESSURE DATA]
TOTAL FM JAN 1 1313 HIGHEST SLP M ON M
DPTR FM NORMAL M LOWEST SLP M ON M
[REMARKS]
#FINAL-07-19#