000
CXUS54 KEWX 011633
CF6AUS
PRELIMINARY LOCAL CLIMATOLOGICAL DATA (WS FORM: F-6)
STATION: AUSTIN BERGSTROM
MONTH: FEBRUARY
YEAR: 2022
LATITUDE: 30 13 N
LONGITUDE: 97 40 W
TEMPERATURE IN F: :PCPN: SNOW: WIND :SUNSHINE: SKY :PK WND
================================================================================
1 2 3 4 5 6A 6B 7 8 9 10 11 12 13 14 15 16 17 18
12Z AVG MX 2MIN
DY MAX MIN AVG DEP HDD CDD WTR SNW DPTH SPD SPD DIR MIN PSBL S-S WX SPD DR
================================================================================
1 66 47 57 5 8 0 0.00 0.0 0 2.2 8 130 M M 8 1 11 100
2 58 37 48 -4 17 0 0.88 0.0 0 9.5 26 350 M M 9 1 35 310
3 38 22 30 -22 35 0 1.70 0.2 T 18.1 28 360 M M 10 1346 40 350
4 41 22 32 -20 33 0 0.00 0.0 T 14.3 26 350 M M 5 35 340
5 51 19 35 -17 30 0 0.00 0.0 0 2.7 10 190 M M 0 14 200
6 58 18 38 -15 27 0 0.00 0.0 0 2.8 12 220 M M 0 17 190
7 61 29 45 -8 20 0 0.00 0.0 0 7.2 21 360 M M 2 30 360
8 66 23 45 -8 20 0 0.00 0.0 0 3.5 13 190 M M 0 19 190
9 74 33 54 1 11 0 0.00 0.0 0 3.3 12 230 M M 1 18 260
10 73 31 52 -1 13 0 0.00 0.0 0 3.5 12 150 M M 2 17 210
11 75 45 60 6 5 0 0.00 0.0 0 9.2 21 190 M M 0 30 200
12 57 27 42 -12 23 0 0.02 T 0 14.6 39 10 M M 6 34 55 360
13 66 23 45 -9 20 0 0.00 0.0 0 4.7 12 170 M M 0 19 270
14 69 25 47 -7 18 0 0.00 0.0 0 8.7 18 190 M M 1 25 210
15 75 29 52 -2 13 0 0.00 0.0 0 10.2 25 180 M M 2 36 180
16 77 60 69 15 0 4 T 0.0 0 17.2 25 180 M M 9 37 190
17 72 36 54 -1 11 0 T 0.0 0 17.3 31 350 M M 5 39 340
18 58 30 44 -11 21 0 0.00 0.0 0 10.4 23 360 M M 5 30 350
19 65 23 44 -11 21 0 0.00 0.0 0 2.2 12 120 M M 2 16 120
20 71 31 51 -4 14 0 0.00 0.0 0 7.1 22 190 M M 7 28 170
21 85 62 74 18 0 9 T 0.0 0 15.1 26 180 M M 8 1 44 170
22 85 48 67 11 0 2 0.00 0.0 0 11.8 28 20 M M 6 35 20
23 48 29 39 -17 26 0 0.03 0.0 0 18.7 26 360 M M 10 16 31 360
24 36 28 32 -24 33 0 T 0.0 0 13.2 22 20 M M 10 16 28 20
25 38 30 34 -22 31 0 T 0.0 0 16.9 25 10 M M 10 33 360
26 41 36 39 -18 26 0 0.07 0.0 0 12.2 18 10 M M 10 1 22 10
27 60 29 45 -12 20 0 T 0.0 0 11.2 20 360 M M 4 27 360
28 66 21 44 -13 21 0 0.00 0.0 0 2.1 8 150 M M 3 13 140
================================================================================
SM 1730 893 517 15 2.70 0.2 269.9 M 135
================================================================================
AV 61.8 31.9 9.6 FASTST M M 5 MAX(MPH)
MISC ----> 39 10 55 360
================================================================================
NOTES:
# LAST OF SEVERAL OCCURRENCES
COLUMN 17 PEAK WIND IN M.P.H.
PRELIMINARY LOCAL CLIMATOLOGICAL DATA (WS FORM: F-6) , PAGE 2
STATION: AUSTIN BERGSTROM
MONTH: FEBRUARY
YEAR: 2022
LATITUDE: 30 13 N
LONGITUDE: 97 40 W
[TEMPERATURE DATA] [PRECIPITATION DATA] SYMBOLS USED IN COLUMN 16
AVERAGE MONTHLY: 46.8 TOTAL FOR MONTH: 2.70 1 = FOG OR MIST
DPTR FM NORMAL: -7.4 DPTR FM NORMAL: 0.81 2 = FOG REDUCING VISIBILITY
HIGHEST: 85 ON 22,21 GRTST 24HR 2.57 ON 2- 3 TO 1/4 MILE OR LESS
LOWEST: 18 ON 6 3 = THUNDER
SNOW, ICE PELLETS, HAIL 4 = ICE PELLETS
TOTAL MONTH: 0.2 INCH 5 = HAIL
GRTST 24HR 0.2 ON 3- 3 6 = FREEZING RAIN OR DRIZZLE
GRTST DEPTH: T 7 = DUSTSTORM OR SANDSTORM:
VSBY 1/2 MILE OR LESS
8 = SMOKE OR HAZE
[NO. OF DAYS WITH] [WEATHER - DAYS WITH] 9 = BLOWING SNOW
X = TORNADO
MAX 32 OR BELOW: 0 0.01 INCH OR MORE: 5
MAX 90 OR ABOVE: 0 0.10 INCH OR MORE: 2
MIN 32 OR BELOW: 19 0.50 INCH OR MORE: 2
MIN 0 OR BELOW: 0 1.00 INCH OR MORE: 1
[HDD (BASE 65) ]
TOTAL THIS MO. 517 CLEAR (SCALE 0-3) 12
DPTR FM NORMAL 196 PTCLDY (SCALE 4-7) 9
TOTAL FM JUL 1 1440 CLOUDY (SCALE 8-10) 7
DPTR FM NORMAL -38
[CDD (BASE 65) ]
TOTAL THIS MO. 15
DPTR FM NORMAL -5 [PRESSURE DATA]
TOTAL FM JAN 1 15 HIGHEST SLP 30.69 ON 4
DPTR FM NORMAL -14 LOWEST SLP 29.70 ON 17
[REMARKS]
#FINAL-02-22#