329
CXUS51 KBGM 022106
CLSAVP
CLIMATE REPORT
NATIONAL WEATHER SERVICE BINGHAMTON NY
346 PM EST MON DEC 2 2019
...................................
...THE AVOCA PA CLIMATE SUMMARY FOR THE SEASON, FROM
9/1/2019 TO 11/30/2019...
CLIMATE NORMAL PERIOD 1981 TO 2010
CLIMATE RECORD PERIOD 1901 TO 2019
WEATHER OBSERVED NORMAL DEPART LAST YEAR`S
VALUE DATE(S) VALUE FROM VALUE DATE(S)
NORMAL
................................................................
TEMPERATURE (F)
RECORD
HIGH 95 09/08/2015
09/11/2013
09/10/1983
LOW 5 11/23/2018
HIGHEST 91 09/11 61 30 91 09/05
LOWEST 16 11/13 43 -27 5 11/23
AVG. MAXIMUM 63.0 60.8 2.2 59.6
AVG. MINIMUM 44.5 42.2 2.3 45.4
MEAN 53.7 51.5 2.2 52.5
DAYS MAX >= 90 1 0.5 0.5 2
DAYS MAX <= 32 1 1.0 0.0 3
DAYS MIN <= 32 20 18.4 1.6 21
DAYS MIN <= 0 0 0.0 0.0 0
PRECIPITATION (INCHES)
RECORD
MAXIMUM 18.92 2018
MINIMUM 3.81 1964
TOTALS 9.26 10.55 -1.29 18.92
DAILY AVG. 0.10 0.12 -0.02 0.21
DAYS >= .01 30 32.1 -2.1 49
DAYS >= .10 16 17.5 -1.5 33
DAYS >= .50 6 6.3 -0.3 13
DAYS >= 1.00 3 2.9 0.1 6
GREATEST
24 HR. TOTAL 1.37 10/30 TO 10/31
SNOWFALL (INCHES)
RECORDS
TOTAL 22.5 1971
24 HR TOTAL 18.5 11/25/1971 TO 11/25/1971
TOTALS 1.0 3.0 -2.0 11.3
SINCE 7/1 1.0 3.0 -2.0 11.3
DAYS >= TRACE 8 2.2 5.8 15
DAYS >= 1.0 1 0.9 0.1 2
GREATEST
24 HR TOTAL 1.0 11/12 TO 11/12
DEGREE_DAYS
HEATING TOTAL 1105 1287 -182 1290
SINCE 7/1 1106 1313 -207 1290
COOLING TOTAL 107 56 51 173
SINCE 1/1 846 580 266 935
FREEZE DATES
RECORD
EARLIEST 09/21/1956
LATEST 05/25/1956
EARLIEST 10/15
LATEST 04/26
.................................................................
WIND (MPH)
AVERAGE WIND SPEED 5.5
RESULTANT WIND SPEED/DIRECTION 1/276
HIGHEST WIND SPEED/DIRECTION 35/240 DATE 10/31
HIGHEST GUST SPEED/DIRECTION 49/240 DATE 11/01
SKY COVER
POSSIBLE SUNSHINE (PERCENT) MM
AVERAGE SKY COVER 0.50
NUMBER OF DAYS FAIR 36
NUMBER OF DAYS PC 29
NUMBER OF DAYS CLOUDY 22
AVERAGE RH (PERCENT) 68
WEATHER CONDITIONS. NUMBER OF DAYS WITH
THUNDERSTORM 3 MIXED PRECIP 0
HEAVY RAIN 11 RAIN 17
LIGHT RAIN 37 FREEZING RAIN 0
LT FREEZING RAIN 0 HAIL 0
HEAVY SNOW 0 SNOW 2
LIGHT SNOW 6 SLEET 0
FOG 41 FOG W/VIS <= 1/4 MILE 11
HAZE 9
- INDICATES NEGATIVE NUMBERS.
R INDICATES RECORD WAS SET OR TIED.
MM INDICATES DATA IS MISSING.
T INDICATES TRACE AMOUNT.
$$
TAC