000
CXUS53 KGRR 011017
CF6AZO
PRELIMINARY LOCAL CLIMATOLOGICAL DATA (WS FORM: F-6)
STATION: KALAMAZOO
MONTH: MAY
YEAR: 2020
LATITUDE: 42 13 N
LONGITUDE: 85 33 W
TEMPERATURE IN F: :PCPN: SNOW: WIND :SUNSHINE: SKY :PK WND
================================================================================
1 2 3 4 5 6A 6B 7 8 9 10 11 12 13 14 15 16 17 18
12Z AVG MX 2MIN
DY MAX MIN AVG DEP HDD CDD WTR SNW DPTH SPD SPD DIR MIN PSBL S-S WX SPD DR
================================================================================
1 67 37 52 -2 13 0 0.00 M M 5.0 14 340 M M 2 18 340
2 77 54 66 11 0 1 0.00 M M 10.0 20 280 M M 3 27 280
3 71 51 61 6 4 0 0.00 M M 9.6 22 330 M M 1 31 320
4 60 38 49 -6 16 0 0.00 M M 6.0 14 340 M M 0 20 340
5 51 41 46 -10 19 0 0.00 M M 6.6 16 100 M M 7 27 90
6 60 33 47 -9 18 0 0.00 M M 8.5 20 300 M M 0 28 10
7 61 38 50 -6 15 0 0.00 M M 10.9 28 320 M M 1 42 290
8 46 27 37 -20 28 0 0.00 M M 13.2 28 320 M M 2 35 310
9 53 24 39 -18 26 0 0.00 M M 11.7 25 270 M M 2 37 240
10 57 37 47 -10 18 0 0.40 M M 11.1 26 230 M M 8 1 39 210
11 48 32 40 -18 25 0 0.00 M M 11.0 23 330 M M 6 30 290
12 58 32 45 -13 20 0 0.00 M M 9.6 22 310 M M 1 31 280
13 65 33 49 -9 16 0 0.00 M M 5.1 15 140 M M 2 25 150
14 67 46 57 -1 8 0 0.85 M M 8.6 21 200 M M 8 13 30 200
15 72 52 62 3 3 0 0.83 M M 6.8 16 280 M M 7 138 26 220
16 71 51 61 2 4 0 0.00 M M 5.0 13 100 M M 5 1 20 90
17 63 54 59 0 6 0 1.21 M M 8.9 16 90 M M 9 1 27 90
18 66 57 62 2 3 0 0.59 M M 5.3 16 100 M M 10 18 27 100
19 62 58 60 0 5 0 0.02 M M 8.0 18 90 M M 10 18 29 90
20 68 54 61 1 4 0 0.00 M M 7.3 16 100 M M 5 25 130
21 74 52 63 3 2 0 0.00 M M 5.9 14 130 M M 7 18 23 110
22 72 58 65 4 0 0 0.01 M M 2.5 9 180 M M 9 18 13 100
23 79 53 66 5 0 1 0.03 M M 4.4 13 130 M M 3 128 21 150
24 86 65 76 15 0 11 0.23 M M 6.6 18 210 M M 3 13 27 210
25 87 64 76 14 0 11 0.00 M M 6.0 18 190 M M 1 24 200
26 89 64 77 15 0 12 0.72 M M 3.5 16 150 M M 2 13 30 160
27 87 66 77 15 0 12 0.15 M M 2.2 26 180 M M 6 138 38 180
28 76 67 72 9 0 7 0.04 M M 6.2 14 230 M M 9 1 21 240
29 73 55 64 1 1 0 0.10 M M 9.1 18 320 M M 6 1 27 320
30 68 51 60 -3 5 0 0.00 M M 10.1 22 330 M M 3 32 350
31 67 40 54 -10 11 0 0.00 M M 4.2 12 20 M M 0 19 10
================================================================================
SM 2101 1484 270 55 5.18 M 228.9 M 138
================================================================================
AV 67.8 47.9 7.4 FASTST M M 4 MAX(MPH)
MISC ----> # 28 320 # 42 290
================================================================================
NOTES:
# LAST OF SEVERAL OCCURRENCES
COLUMN 17 PEAK WIND IN M.P.H.
PRELIMINARY LOCAL CLIMATOLOGICAL DATA (WS FORM: F-6) , PAGE 2
STATION: KALAMAZOO
MONTH: MAY
YEAR: 2020
LATITUDE: 42 13 N
LONGITUDE: 85 33 W
[TEMPERATURE DATA] [PRECIPITATION DATA] SYMBOLS USED IN COLUMN 16
AVERAGE MONTHLY: 57.8 TOTAL FOR MONTH: 5.18 1 = FOG OR MIST
DPTR FM NORMAL: -1.1 DPTR FM NORMAL: 1.31 2 = FOG REDUCING VISIBILITY
HIGHEST: 89 ON 26 GRTST 24HR 1.21 ON 17-17 TO 1/4 MILE OR LESS
LOWEST: 24 ON 9 3 = THUNDER
SNOW, ICE PELLETS, HAIL 4 = ICE PELLETS
TOTAL MONTH: M 5 = HAIL
GRTST 24HR M ON M 6 = FREEZING RAIN OR DRIZZLE
GRTST DEPTH: M ON M 7 = DUSTSTORM OR SANDSTORM:
VSBY 1/2 MILE OR LESS
8 = SMOKE OR HAZE
[NO. OF DAYS WITH] [WEATHER - DAYS WITH] 9 = BLOWING SNOW
X = TORNADO
MAX 32 OR BELOW: 0 0.01 INCH OR MORE: 13
MAX 90 OR ABOVE: 0 0.10 INCH OR MORE: 9
MIN 32 OR BELOW: 4 0.50 INCH OR MORE: 5
MIN 0 OR BELOW: 0 1.00 INCH OR MORE: 1
[HDD (BASE 65) ]
TOTAL THIS MO. 270 CLEAR (SCALE 0-3) 15
DPTR FM NORMAL 45 PTCLDY (SCALE 4-7) 9
TOTAL FM JUL 1 5975 CLOUDY (SCALE 8-10) 7
DPTR FM NORMAL -393
[CDD (BASE 65) ]
TOTAL THIS MO. 55
DPTR FM NORMAL 18 [PRESSURE DATA]
TOTAL FM JAN 1 55 HIGHEST SLP 30.39 ON 31
DPTR FM NORMAL 14 LOWEST SLP 29.72 ON 18
[REMARKS]
#FINAL-05-20#