000
CXUS53 KLBF 011410
CF6BBW
PRELIMINARY LOCAL CLIMATOLOGICAL DATA (WS FORM: F-6)
STATION: BROKEN BOW
MONTH: SEPTEMBER
YEAR: 2023
LATITUDE: 41 26 N
LONGITUDE: 99 39 W
TEMPERATURE IN F: :PCPN: SNOW: WIND :SUNSHINE: SKY :PK WND
================================================================================
1 2 3 4 5 6A 6B 7 8 9 10 11 12 13 14 15 16 17 18
12Z AVG MX 2MIN
DY MAX MIN AVG DEP HDD CDD WTR SNW DPTH SPD SPD DIR MIN PSBL S-S WX SPD DR
================================================================================
1 96 66 81 12 0 16 0.00 M M 13.3 23 160 M M 0 33 140
2 101 67 84 15 0 19 0.00 M M 9.6 17 170 M M 0 8 27 170
3 102 61 82 13 0 17 0.00 M M 6.4 15 170 M M 0 22 170
4 97 54 76 7 0 11 T M M 11.0 32 290 M M 0 3 49 310
5 74 54 64 -4 1 0 T M M 13.9 32 310 M M 2 38 49 300
6 81 47 64 -4 1 0 0.00 M M 4.0 10 350 M M 1 18 15 360
7 87 47 67 -1 0 2 0.00 M M 7.7 20 360 M M 0 18 29 360
8 87 47 67 0 0 2 0.00 M M 3.8 14 120 M M 0 18 17 120
9 87 52 70 3 0 5 0.10 M M 6.9 17 140 M M 2 138 29 10
10 64 53 59 -8 6 0 0.31 M M 8.1 24 320 M M 7 13 35 320
11 74 46 60 -6 5 0 0.00 M M 5.5 13 30 M M 4 1 19 30
12 76 43 60 -6 5 0 0.00 M M 3.8 12 170 M M 2 22 160
13 78 43 61 -5 4 0 0.00 M M 6.0 18 150 M M 2 1 26 170
14 79 51 65 0 0 0 0.82 M M 6.7 20 350 M M 5 13 27 360
15 76 52 64 -1 1 0 0.31 M M 3.0 12 320 M M 5 13 16 320
16 80 49 65 1 0 0 0.00 0.0 0 3.7 12 80 M M 1 1 15 350
17 81 43 62 -2 3 0 0.00 M M 5.8 16 170 M M 0 18 24 180
18 92 50 71 7 0 6 0.00 M M 6.8 23 210 M M 0 31 190
19 92 49 71 8 0 6 0.00 M M 3.1 12 50 M M 0 8 17 50
20 90 50 70 7 0 5 0.00 M M 5.9 16 140 M M 0 1 23 120
21 72 60 66 4 0 1 T M M 13.0 29 100 M M 6 12 39 90
22 71 57 64 2 1 0 T M M 7.1 17 70 M M 5 1 24 70
23 75 50 63 2 2 0 1.17 M M 11.0 33 300 M M 5 123 46 310
24 79 47 63 2 2 0 0.00 M M 8.1 20 290 M M 1 28 300
25 82 45 64 4 1 0 0.00 M M 3.9 14 320 M M 0 18 17 330
26 75 46 61 1 4 0 0.00 M M 4.5 13 20 M M 0 1 18 70
27 78 44 61 1 4 0 0.00 M M 4.9 16 140 M M 0 12 21 160
28 90 53 72 13 0 7 0.00 M M 10.2 21 170 M M 0 30 160
29 85 63 74 15 0 9 0.00 M M 8.1 17 160 M M 0 25 170
30 89 51 70 12 0 5 0.00 M M 10.4 23 150 M M 0 1 32 160
================================================================================
SM 2490 1540 40 111 2.71 0.0 216.2 M 48
================================================================================
AV 83.0 51.3 7.2 FASTST M M 2 MAX(MPH)
MISC ----> 33 300 # 49 310
================================================================================
NOTES:
# LAST OF SEVERAL OCCURRENCES
COLUMN 17 PEAK WIND IN M.P.H.
PRELIMINARY LOCAL CLIMATOLOGICAL DATA (WS FORM: F-6) , PAGE 2
STATION: BROKEN BOW
MONTH: SEPTEMBER
YEAR: 2023
LATITUDE: 41 26 N
LONGITUDE: 99 39 W
[TEMPERATURE DATA] [PRECIPITATION DATA] SYMBOLS USED IN COLUMN 16
AVERAGE MONTHLY: 67.2 TOTAL FOR MONTH: 2.71 1 = FOG OR MIST
DPTR FM NORMAL: 2.9 DPTR FM NORMAL: 0.50 2 = FOG REDUCING VISIBILITY
HIGHEST: 102 ON 3 GRTST 24HR 1.17 ON 23-23 TO 1/4 MILE OR LESS
LOWEST: 43 ON 17,13 3 = THUNDER
SNOW, ICE PELLETS, HAIL 4 = ICE PELLETS
TOTAL MONTH: 0.0 INCH 5 = HAIL
GRTST 24HR 0.0 6 = FREEZING RAIN OR DRIZZLE
GRTST DEPTH: 0 7 = DUSTSTORM OR SANDSTORM:
VSBY 1/2 MILE OR LESS
8 = SMOKE OR HAZE
[NO. OF DAYS WITH] [WEATHER - DAYS WITH] 9 = BLOWING SNOW
X = TORNADO
MAX 32 OR BELOW: 0 0.01 INCH OR MORE: 5
MAX 90 OR ABOVE: 8 0.10 INCH OR MORE: 5
MIN 32 OR BELOW: 0 0.50 INCH OR MORE: 2
MIN 0 OR BELOW: 0 1.00 INCH OR MORE: 1
[HDD (BASE 65) ]
TOTAL THIS MO. 40 CLEAR (SCALE 0-3) 23
DPTR FM NORMAL -77 PTCLDY (SCALE 4-7) 7
TOTAL FM JUL 1 49 CLOUDY (SCALE 8-10) 0
DPTR FM NORMAL -80
[CDD (BASE 65) ]
TOTAL THIS MO. 111
DPTR FM NORMAL 17 [PRESSURE DATA]
TOTAL FM JAN 1 906 HIGHEST SLP 30.25 ON 10
DPTR FM NORMAL 2 LOWEST SLP 29.51 ON 4
[REMARKS]
#FINAL-09-23#