000
CXUS53 KLBF 010735
CLMBBW
CLIMATE REPORT
NATIONAL WEATHER SERVICE NORTH PLATTE NE
235 AM CDT THU JUN 01 2023
...................................
...THE BROKEN BOW CLIMATE SUMMARY FOR THE MONTH OF MAY 2023...
CLIMATE NORMAL PERIOD 1991 TO 2020
CLIMATE RECORD PERIOD 1894 TO 2023
WEATHER OBSERVED NORMAL DEPART LAST YEAR`S
VALUE DATE(S) VALUE FROM VALUE DATE(S)
NORMAL
................................................................
TEMPERATURE (F)
RECORD
HIGH 110 05/08/1895
LOW 15 05/03/1954
HIGHEST 87 05/29 87 0 93 05/27
LOWEST 25 05/01 27 -2 29 05/22
AVG. MAXIMUM 75.2 71.4 3.8 73.2
AVG. MINIMUM 49.4 47.2 2.2 46.5
MEAN 62.3 59.3 3.0 59.9
DAYS MAX >= 90 0 1.0 -1.0 4
DAYS MAX <= 32 0 0.0 0.0 0
DAYS MIN <= 32 3 2.0 1.0 1
DAYS MIN <= 0 0 0.0 0.0 0
PRECIPITATION (INCHES)
RECORD
MAXIMUM 10.82 2007
MINIMUM 0.19 2006
TOTALS 6.46 3.95 2.51 2.63
DAILY AVG. 0.21 0.13 0.08 0.08
DAYS >= .01 14 11.8 2.2 10
DAYS >= .10 8 6.8 1.2 6
DAYS >= .50 5 2.4 2.6 2
DAYS >= 1.00 3 1.0 2.0 0
GREATEST
24 HR. TOTAL 2.10 05/04 TO 05/05 0.85 05/02 TO 05/02
SNOWFALL (INCHES)
TOTALS MM
SINCE 7/1 MM
SNOWDEPTH AVG. MM
DAYS >= TRACE MM
DAYS >= 1.0 MM
GREATEST
SNOW DEPTH MM
DEGREE DAYS
HEATING TOTAL 113 219 -106 212
SINCE 7/1 6595 6246 349 MM
COOLING TOTAL 34 42 -8 62
SINCE 1/1 51 46 5 MM
................................................................
WIND (MPH)
AVERAGE WIND SPEED 9.3
HIGHEST WIND SPEED/DIRECTION 47/290 DATE 05/05
HIGHEST GUST SPEED/DIRECTION 70/300 DATE 05/05
AVERAGE RH (PERCENT) 66
WEATHER CONDITIONS. NUMBER OF DAYS WITH
THUNDERSTORM 12 MIXED PRECIP 0
HEAVY RAIN 8 RAIN 7
LIGHT RAIN 16 FREEZING RAIN 0
LT FREEZING RAIN 0 HAIL 0
HEAVY SNOW 0 SNOW 0
LIGHT SNOW 0 SLEET 0
FOG 20 FOG W/VIS <= 1/4 MILE 0
HAZE 9
- INDICATES NEGATIVE NUMBERS.
R INDICATES RECORD WAS SET OR TIED.
MM INDICATES DATA IS MISSING.
T INDICATES TRACE AMOUNT.
$$