000
CXUS51 KOKX 010910
CF6BDR
PRELIMINARY LOCAL CLIMATOLOGICAL DATA (WS FORM: F-6)
STATION: BRIDGEPORT CT
MONTH: APRIL
YEAR: 2023
LATITUDE: 41 10 N
LONGITUDE: 73 8 W
TEMPERATURE IN F: :PCPN: SNOW: WIND :SUNSHINE: SKY :PK WND
================================================================================
1 2 3 4 5 6A 6B 7 8 9 10 11 12 13 14 15 16 17 18
12Z AVG MX 2MIN
DY MAX MIN AVG DEP HDD CDD WTR SNW DPTH SPD SPD DIR MIN PSBL S-S WX SPD DR
================================================================================
1 60 46 53 8 12 0 0.36 0.0 0 9.7 28 270 M M 8 13 41 270
2 53 34 44 -1 21 0 0.00 0.0 0 13.8 36 300 M M 2 47 290
3 54 30 42 -3 23 0 0.00 0.0 0 7.3 20 190 M M 0 25 190
4 59 42 51 5 14 0 0.00 0.0 0 5.9 21 80 M M 4 1 24 80
5 53 44 49 3 16 0 0.01 0.0 0 15.7 28 100 M M 10 1 32 90
6 64 46 55 9 10 0 T 0.0 0 6.2 18 340 M M 8 128 26 330
7 58 40 49 2 16 0 0.00 0.0 0 11.2 23 300 M M 3 29 300
8 52 34 43 -4 22 0 0.00 0.0 0 8.4 18 200 M M 0 29 310
9 51 35 43 -5 22 0 0.00 0.0 0 8.9 16 120 M M 0 20 60
10 62 36 49 1 16 0 0.00 0.0 0 8.1 16 200 M M 0 8 20 200
11 69 37 53 5 12 0 0.00 0.0 0 8.3 17 230 M M 0 24 220
12 84 53 69 20 0 4 0.00 0.0 0 9.3 23 300 M M 0 30 290
13 81 51 66 17 0 1 0.00 0.0 0 7.9 20 190 M M 0 25 190
14 87 54 71 21 0 6 0.00 0.0 0 4.9 16 200 M M 0 20 190
15 59 52 56 6 9 0 0.01 0.0 0 9.5 15 70 M M 7 12 19 80
16 60 50 55 5 10 0 0.00 0.0 0 7.7 14 70 M M 10 12 17 60
17 58 50 54 3 11 0 0.01 0.0 0 10.3 18 80 M M 9 12 22 80
18 57 46 52 1 13 0 0.00 0.0 0 12.7 24 270 M M 5 37 270
19 58 42 50 -1 15 0 0.00 0.0 0 9.7 22 300 M M 5 29 270
20 60 42 51 -1 14 0 0.00 0.0 0 5.9 13 220 M M 2 17 160
21 57 45 51 -1 14 0 0.00 0.0 0 11.9 21 70 M M 2 26 70
22 55 49 52 0 13 0 0.09 0.0 0 20.1 26 70 M M 10 13 31 80
23 64 49 57 4 8 0 2.15 0.0 0 9.1 17 320 M M 8 13 23 320
24 59 43 51 -2 14 0 0.00 0.0 0 7.7 17 210 M M 1 21 210
25 59 43 51 -3 14 0 0.00 0.0 0 6.6 14 170 M M 3 16 190
26 56 39 48 -6 17 0 T 0.0 0 5.7 14 220 M M 4 17 220
27 53 44 49 -5 16 0 0.12 0.0 0 6.3 15 120 M M 7 1 21 120
28 53 43 48 -6 17 0 0.03 0.0 0 11.0 21 80 M M 5 1 26 80
29 51 48 50 -5 15 0 1.06 0.0 0 21.4 30 80 M M 10 1 38 70
30 59 50 55 0 10 0 0.57 0.0 0 13.3 25 80 M M 10 13 31 80
================================================================================
SM 1805 1317 394 11 4.41 0.0 294.5 M 133
================================================================================
AV 60.2 43.9 9.8 FASTST M M 4 MAX(MPH)
MISC ----> 36 300 47 290
================================================================================
NOTES:
# LAST OF SEVERAL OCCURRENCES
COLUMN 17 PEAK WIND IN M.P.H.
PRELIMINARY LOCAL CLIMATOLOGICAL DATA (WS FORM: F-6) , PAGE 2
STATION: BRIDGEPORT CT
MONTH: APRIL
YEAR: 2023
LATITUDE: 41 10 N
LONGITUDE: 73 8 W
[TEMPERATURE DATA] [PRECIPITATION DATA] SYMBOLS USED IN COLUMN 16
AVERAGE MONTHLY: 52.0 TOTAL FOR MONTH: 4.41 1 = FOG OR MIST
DPTR FM NORMAL: 2.0 DPTR FM NORMAL: 0.25 2 = FOG REDUCING VISIBILITY
HIGHEST: 87 ON 14 GRTST 24HR 2.24 ON 22-23 TO 1/4 MILE OR LESS
LOWEST: 30 ON 3 3 = THUNDER
SNOW, ICE PELLETS, HAIL 4 = ICE PELLETS
TOTAL MONTH: 0.0 INCH 5 = HAIL
GRTST 24HR 0.0 6 = FREEZING RAIN OR DRIZZLE
GRTST DEPTH: 0 7 = DUSTSTORM OR SANDSTORM:
VSBY 1/2 MILE OR LESS
8 = SMOKE OR HAZE
[NO. OF DAYS WITH] [WEATHER - DAYS WITH] 9 = BLOWING SNOW
X = TORNADO
MAX 32 OR BELOW: 0 0.01 INCH OR MORE: 10
MAX 90 OR ABOVE: 0 0.10 INCH OR MORE: 5
MIN 32 OR BELOW: 1 0.50 INCH OR MORE: 3
MIN 0 OR BELOW: 0 1.00 INCH OR MORE: 2
[HDD (BASE 65) ]
TOTAL THIS MO. 394 CLEAR (SCALE 0-3) 14
DPTR FM NORMAL -58 PTCLDY (SCALE 4-7) 9
TOTAL FM JUL 1 4398 CLOUDY (SCALE 8-10) 7
DPTR FM NORMAL -534
[CDD (BASE 65) ]
TOTAL THIS MO. 11
DPTR FM NORMAL 9 [PRESSURE DATA]
TOTAL FM JAN 1 11 HIGHEST SLP M ON M
DPTR FM NORMAL 9 LOWEST SLP 29.01 ON 30
[REMARKS]
#FINAL-04-23#