000
CXUS53 KIWX 010810
CF6BEH
PRELIMINARY LOCAL CLIMATOLOGICAL DATA (WS FORM: F-6)
STATION: BENTON HARBOR
MONTH: JULY
YEAR: 2023
LATITUDE: 42 7 N
LONGITUDE: 86 26 W
TEMPERATURE IN F: :PCPN: SNOW: WIND :SUNSHINE: SKY :PK WND
================================================================================
1 2 3 4 5 6A 6B 7 8 9 10 11 12 13 14 15 16 17 18
12Z AVG MX 2MIN
DY MAX MIN AVG DEP HDD CDD WTR SNW DPTH SPD SPD DIR MIN PSBL S-S WX SPD DR
================================================================================
1 83 66 75 4 0 10 0.00 M M 3.9 14 270 M M 3 18 19 260
2 76 67 72 1 0 7 1.62 M M 2.4 16 120 M M 9 13 21 120
3 77 60 69 -2 0 4 0.00 M M 2.3 10 280 M M 5 128 15 290
4 88 58 73 2 0 8 0.00 M M 3.4 13 270 M M 0 12 17 270
5 90 67 79 8 0 14 0.78 M M 4.5 28 220 M M 2 138 36 270
6 73 61 67 -4 0 2 0.00 M M 3.3 14 290 M M 4 1 21 310
7 81 56 69 -2 0 4 0.04 M M 3.1 9 300 M M 2 12 15 310
8 71 57 64 -8 1 0 0.02 M M 4.5 13 250 M M 4 1 20 300
9 78 53 66 -6 0 1 0.00 M M 2.8 14 270 M M 0 1 18 260
10 84 56 70 -2 0 5 0.00 M M 7.2 17 250 M M 0 1 23 250
11 81 62 72 0 0 7 0.00 M M 5.8 17 260 M M 2 22 280
12 76 62 69 -3 0 4 0.27 M M 6.2 17 290 M M 7 13 32 280
13 73 62 68 -4 0 3 0.00 M M 3.6 12 280 M M 7 18 280
14 M M M M M M M M M M M M M M 2 13 M M
15 M M M M M M M M M M M M M M 0 M M
16 M M M M M M 0.00 M M M M M M M 0 M M
17 M M M M M M 0.00 M M M M M M M 0 M M
18 M M M M M M M M M M M M M M 0 M M
19 81 54 68 -4 0 3 0.00 M M 2.2 12 300 M M 0 17 290
20 85 61 73 1 0 8 0.00 M M 6.1 24 240 M M 1 1 36 240
21 74 58 66 -6 0 1 0.00 M M 4.8 14 280 M M 4 1 22 330
22 83 54 69 -3 0 4 0.00 0.0 0 4.4 14 260 M M 0 1 19 260
23 79 61 70 -2 0 5 0.08 M M 3.4 15 280 M M 3 1 22 270
24 81 58 70 -2 0 5 0.00 M M 2.5 12 260 M M 0 18 16 250
25 87 58 73 1 0 8 0.00 M M 3.5 13 270 M M 0 18 16 280
26 82 69 76 4 0 11 1.28 M M 6.0 29 230 M M 3 1238 45 240
27 90 65 78 6 0 13 0.00 M M 1.7 9 280 M M 3 12 12 310
28 88 71 80 8 0 15 1.14 M M 6.3 29 180 M M 3 13 40 160
29 77 63 70 -1 0 5 1.24 M M 5.2 14 50 M M 4 13 20 10
30 78 59 69 -2 0 4 0.00 M M 2.7 12 300 M M 3 1 21 290
31 78 55 67 -4 0 2 0.00 M M 2.5 12 270 M M 0 1 16 270
================================================================================
SM 2094 1573 1 153 6.47 0.0 104.3 M 71
================================================================================
AV 80.5 60.5 4.0 FASTST M M 2 MAX(MPH)
MISC ----> # 29 230 45 240
================================================================================
NOTES:
# LAST OF SEVERAL OCCURRENCES
COLUMN 17 PEAK WIND IN M.P.H.
PRELIMINARY LOCAL CLIMATOLOGICAL DATA (WS FORM: F-6) , PAGE 2
STATION: BENTON HARBOR
MONTH: JULY
YEAR: 2023
LATITUDE: 42 7 N
LONGITUDE: 86 26 W
[TEMPERATURE DATA] [PRECIPITATION DATA] SYMBOLS USED IN COLUMN 16
AVERAGE MONTHLY: 70.5 TOTAL FOR MONTH: 6.47 1 = FOG OR MIST
DPTR FM NORMAL: -1.0 DPTR FM NORMAL: 3.30 2 = FOG REDUCING VISIBILITY
HIGHEST: 90 ON 27, 5 GRTST 24HR 2.38 ON 28-29 TO 1/4 MILE OR LESS
LOWEST: 53 ON 9 3 = THUNDER
SNOW, ICE PELLETS, HAIL 4 = ICE PELLETS
TOTAL MONTH: 0.0 INCH 5 = HAIL
GRTST 24HR 0.0 6 = FREEZING RAIN OR DRIZZLE
GRTST DEPTH: 0 7 = DUSTSTORM OR SANDSTORM:
VSBY 1/2 MILE OR LESS
8 = SMOKE OR HAZE
[NO. OF DAYS WITH] [WEATHER - DAYS WITH] 9 = BLOWING SNOW
X = TORNADO
MAX 32 OR BELOW: 0 0.01 INCH OR MORE: 9
MAX 90 OR ABOVE: 2 0.10 INCH OR MORE: 6
MIN 32 OR BELOW: 0 0.50 INCH OR MORE: 5
MIN 0 OR BELOW: 0 1.00 INCH OR MORE: 4
[HDD (BASE 65) ]
TOTAL THIS MO. 1 CLEAR (SCALE 0-3) 23
DPTR FM NORMAL -14 PTCLDY (SCALE 4-7) 7
TOTAL FM JUL 1 1 CLOUDY (SCALE 8-10) 1
DPTR FM NORMAL -4
[CDD (BASE 65) ]
TOTAL THIS MO. 153
DPTR FM NORMAL -63 [PRESSURE DATA]
TOTAL FM JAN 1 307 HIGHEST SLP 30.18 ON 31
DPTR FM NORMAL -92 LOWEST SLP 29.55 ON 12
[REMARKS]
#FINAL-07-23#