000
CXUS53 KIWX 010910
CF6BEH
PRELIMINARY LOCAL CLIMATOLOGICAL DATA (WS FORM: F-6)
STATION: BENTON HARBOR
MONTH: NOVEMBER
YEAR: 2022
LATITUDE: 42 7 N
LONGITUDE: 86 26 W
TEMPERATURE IN F: :PCPN: SNOW: WIND :SUNSHINE: SKY :PK WND
================================================================================
1 2 3 4 5 6A 6B 7 8 9 10 11 12 13 14 15 16 17 18
12Z AVG MX 2MIN
DY MAX MIN AVG DEP HDD CDD WTR SNW DPTH SPD SPD DIR MIN PSBL S-S WX SPD DR
================================================================================
1 63 42 53 6 12 0 0.00 M M 3.7 12 260 M M 4 128 15 270
2 70 39 55 8 10 0 0.00 M M 5.4 14 190 M M 0 18 18 170
3 73 53 63 17 2 0 0.00 M M 8.7 17 170 M M 0 27 180
4 71 60 66 20 0 1 0.21 M M 11.7 20 180 M M 5 18 36 180
5 69 46 58 12 7 0 0.17 M M 18.9 33 220 M M 8 1 55 180
6 66 42 54 9 11 0 0.00 M M 11.4 22 250 M M 0 34 180
7 53 38 46 1 19 0 0.00 M M 8.6 18 280 M M 0 30 270
8 57 37 47 3 18 0 0.00 M M 11.5 20 120 M M 0 28 130
9 65 45 55 11 10 0 0.00 M M 8.6 16 130 M M 5 25 120
10 75 58 67 23 0 2 0.00 0.0 0 9.5 18 180 M M 0 31 190
11 58 37 48 5 17 0 0.00 0.0 0 7.6 21 180 M M 7 31 190
12 40 32 36 -7 29 0 0.32 M M 8.7 18 300 M M 10 1 30 290
13 36 32 34 -9 31 0 0.35 M M 5.9 18 300 M M 10 12 29 300
14 38 26 32 -10 33 0 0.00 0.0 M 5.0 9 160 M M 7 12 120
15 35 26 31 -11 34 0 0.02 M M 5.6 13 70 M M 9 18 19 80
16 38 32 35 -7 30 0 0.39 M M 4.3 16 300 M M 10 1 29 320
17 37 30 34 -7 31 0 0.09 M M 19.4 38 260 M M 10 128 46 260
18 33 24 29 -12 36 0 0.04 M M 21.5 31 260 M M 10 128 44 270
19 28 20 24 -16 41 0 0.04 M M 21.6 37 260 M M 10 128 47 260
20 30 22 26 -14 39 0 T M M 13.6 25 260 M M 6 8 33 280
21 43 26 35 -5 30 0 0.00 M M 10.8 26 230 M M 0 36 210
22 47 24 36 -3 29 0 0.00 M M 4.6 18 260 M M 0 1 24 270
23 55 27 41 2 24 0 0.00 M M 4.2 13 180 M M 0 17 190
24 52 32 42 3 23 0 0.00 M M 6.8 17 280 M M 5 18 23 260
25 49 30 40 2 25 0 0.00 M M 6.6 16 250 M M 5 18 25 280
26 54 30 42 4 23 0 0.00 M M 7.0 21 210 M M 0 1 28 230
27 46 38 42 4 23 0 0.23 M M 6.9 16 60 M M 8 1 29 10
28 46 36 41 4 24 0 0.00 M M 4.4 10 220 M M 9 15 330
29 59 37 48 11 17 0 0.05 M M 12.8 26 240 M M 7 18 40 130
30 50 28 39 2 26 0 0.01 M M 24.0 32 250 M M 10 44 260
================================================================================
SM 1536 1049 654 3 1.92 0.0 299.3 M 155
================================================================================
AV 51.2 35.0 10.0 FASTST M M 5 MAX(MPH)
MISC ----> 38 260 55 180
================================================================================
NOTES:
# LAST OF SEVERAL OCCURRENCES
COLUMN 17 PEAK WIND IN M.P.H.
PRELIMINARY LOCAL CLIMATOLOGICAL DATA (WS FORM: F-6) , PAGE 2
STATION: BENTON HARBOR
MONTH: NOVEMBER
YEAR: 2022
LATITUDE: 42 7 N
LONGITUDE: 86 26 W
[TEMPERATURE DATA] [PRECIPITATION DATA] SYMBOLS USED IN COLUMN 16
AVERAGE MONTHLY: 43.1 TOTAL FOR MONTH: 1.92 1 = FOG OR MIST
DPTR FM NORMAL: 1.3 DPTR FM NORMAL: -0.82 2 = FOG REDUCING VISIBILITY
HIGHEST: 75 ON 10 GRTST 24HR 0.67 ON 12-13 TO 1/4 MILE OR LESS
LOWEST: 20 ON 19 3 = THUNDER
SNOW, ICE PELLETS, HAIL 4 = ICE PELLETS
TOTAL MONTH: 0.0 INCH 5 = HAIL
GRTST 24HR 0.0 6 = FREEZING RAIN OR DRIZZLE
GRTST DEPTH: 0 7 = DUSTSTORM OR SANDSTORM:
VSBY 1/2 MILE OR LESS
8 = SMOKE OR HAZE
[NO. OF DAYS WITH] [WEATHER - DAYS WITH] 9 = BLOWING SNOW
X = TORNADO
MAX 32 OR BELOW: 2 0.01 INCH OR MORE: 12
MAX 90 OR ABOVE: 0 0.10 INCH OR MORE: 6
MIN 32 OR BELOW: 16 0.50 INCH OR MORE: 0
MIN 0 OR BELOW: 0 1.00 INCH OR MORE: 0
[HDD (BASE 65) ]
TOTAL THIS MO. 654 CLEAR (SCALE 0-3) 10
DPTR FM NORMAL -44 PTCLDY (SCALE 4-7) 9
TOTAL FM JUL 1 1149 CLOUDY (SCALE 8-10) 11
DPTR FM NORMAL -98
[CDD (BASE 65) ]
TOTAL THIS MO. 3
DPTR FM NORMAL 3 [PRESSURE DATA]
TOTAL FM JAN 1 761 HIGHEST SLP 30.69 ON 8
DPTR FM NORMAL 106 LOWEST SLP 29.41 ON 27
[REMARKS]
#FINAL-11-22#