000
CXUS51 KCAR 010700
CF6BGR
PRELIMINARY LOCAL CLIMATOLOGICAL DATA (WS FORM: F-6)
STATION: BANGOR ME
MONTH: AUGUST
YEAR: 2022
LATITUDE: 44 47 N
LONGITUDE: 68 49 W
TEMPERATURE IN F: :PCPN: SNOW: WIND :SUNSHINE: SKY :PK WND
================================================================================
1 2 3 4 5 6A 6B 7 8 9 10 11 12 13 14 15 16 17 18
12Z AVG MX 2MIN
DY MAX MIN AVG DEP HDD CDD WTR SNW DPTH SPD SPD DIR MIN PSBL S-S WX SPD DR
================================================================================
1 87 63 75 5 0 10 0.00 0.0 0 7.5 20 180 M M 6 24 180
2 87 63 75 5 0 10 1.00 0.0 0 7.2 20 180 M M 6 13 26 250
3 83 62 73 3 0 8 0.00 0.0 0 4.7 14 190 M M 3 18 190
4 89 64 77 7 0 12 0.00 0.0 0 9.0 18 170 M M 4 1 23 170
5 90 69 80 10 0 15 0.00 0.0 0 4.3 10 20 M M 7 13 10
6 89 68 79 9 0 14 0.00 0.0 0 7.9 18 180 M M 3 1 23 190
7 93 71 82 12 0 17 T 0.0 0 7.4 16 320 M M 7 1 20 220
8 78 62 70 1 0 5 T 0.0 0 8.6 17 20 M M 10 1 20 10
9 69 61 65 -4 0 0 0.03 0.0 0 7.9 16 30 M M 10 1 20 20
10 77 59 68 -1 0 3 0.00 0.0 0 3.8 9 170 M M 9 14 20
11 76 64 70 1 0 5 0.07 0.0 0 6.4 14 180 M M 8 1 18 190
12 79 58 69 0 0 4 0.00 0.0 0 6.3 16 320 M M 7 12 19 320
13 80 54 67 -2 0 2 0.00 0.0 0 4.2 12 340 M M 8 16 340
14 83 61 72 3 0 7 0.11 0.0 0 4.2 13 20 M M 6 1 16 320
15 85 54 70 1 0 5 0.00 0.0 0 3.8 16 170 M M 5 1 22 200
16 86 58 72 4 0 7 T 0.0 0 6.3 17 40 M M 6 22 30
17 68 62 65 -3 0 0 1.97 0.0 0 14.9 26 360 M M 10 1 37 360
18 70 61 66 -2 0 1 0.20 0.0 0 4.9 14 360 M M 9 1 16 20
19 81 60 71 3 0 6 0.00 0.0 0 5.8 17 340 M M 5 1 22 320
20 89 55 72 4 0 7 0.00 0.0 0 3.8 14 190 M M 2 1 17 200
21 86 59 73 5 0 8 0.00 0.0 0 7.2 20 170 M M 3 25 170
22 82 62 72 4 0 7 0.17 0.0 0 7.3 14 190 M M 8 1 17 190
23 73 61 67 0 0 2 0.41 0.0 0 6.3 13 50 M M 9 12 16 40
24 76 61 69 2 0 4 T 0.0 0 4.1 9 170 M M 8 12 13 180
25 82 66 74 7 0 9 T 0.0 0 4.7 14 320 M M 8 1 19 320
26 75 63 69 2 0 4 0.31 0.0 0 4.9 15 200 M M 9 13 20 190
27 76 54 65 -1 0 0 0.00 0.0 0 7.3 15 20 M M 7 12 19 20
28 77 49 63 -3 2 0 0.00 0.0 0 5.4 15 180 M M 3 1 19 200
29 82 61 72 6 0 7 0.00 0.0 0 7.6 15 170 M M 6 19 180
30 85 69 77 11 0 12 0.00 0.0 0 11.4 20 190 M M 5 1 25 190
31 80 56 68 3 0 3 0.05 0.0 0 7.2 26 320 M M 7 1 32 320
================================================================================
SM 2513 1890 2 194 4.32 0.0 202.3 M 204
================================================================================
AV 81.1 61.0 6.5 FASTST M M 7 MAX(MPH)
MISC ----> # 26 360 37 360
================================================================================
NOTES:
# LAST OF SEVERAL OCCURRENCES
COLUMN 17 PEAK WIND IN M.P.H.
PRELIMINARY LOCAL CLIMATOLOGICAL DATA (WS FORM: F-6) , PAGE 2
STATION: BANGOR ME
MONTH: AUGUST
YEAR: 2022
LATITUDE: 44 47 N
LONGITUDE: 68 49 W
[TEMPERATURE DATA] [PRECIPITATION DATA] SYMBOLS USED IN COLUMN 16
AVERAGE MONTHLY: 71.0 TOTAL FOR MONTH: 4.32 1 = FOG OR MIST
DPTR FM NORMAL: 2.8 DPTR FM NORMAL: 1.26 2 = FOG REDUCING VISIBILITY
HIGHEST: 93 ON 7 GRTST 24HR 2.13 ON 17-18 TO 1/4 MILE OR LESS
LOWEST: 49 ON 28 3 = THUNDER
SNOW, ICE PELLETS, HAIL 4 = ICE PELLETS
TOTAL MONTH: 0.0 INCH 5 = HAIL
GRTST 24HR 0.0 6 = FREEZING RAIN OR DRIZZLE
GRTST DEPTH: 0 7 = DUSTSTORM OR SANDSTORM:
VSBY 1/2 MILE OR LESS
8 = SMOKE OR HAZE
[NO. OF DAYS WITH] [WEATHER - DAYS WITH] 9 = BLOWING SNOW
X = TORNADO
MAX 32 OR BELOW: 0 0.01 INCH OR MORE: 10
MAX 90 OR ABOVE: 2 0.10 INCH OR MORE: 7
MIN 32 OR BELOW: 0 0.50 INCH OR MORE: 2
MIN 0 OR BELOW: 0 1.00 INCH OR MORE: 2
[HDD (BASE 65) ]
TOTAL THIS MO. 2 CLEAR (SCALE 0-3) 3
DPTR FM NORMAL -24 PTCLDY (SCALE 4-7) 20
TOTAL FM JUL 1 5 CLOUDY (SCALE 8-10) 8
DPTR FM NORMAL -33
[CDD (BASE 65) ]
TOTAL THIS MO. 194
DPTR FM NORMAL 69 [PRESSURE DATA]
TOTAL FM JAN 1 457 HIGHEST SLP 30.23 ON 28
DPTR FM NORMAL 111 LOWEST SLP 29.60 ON 31
[REMARKS]
#FINAL-08-22#