562
CXUS51 KCAR 010600
CF6BGR
PRELIMINARY LOCAL CLIMATOLOGICAL DATA (WS FORM: F-6)
STATION: BANGOR ME
MONTH: JULY
YEAR: 2020
LATITUDE: 44 47 N
LONGITUDE: 68 49 W
TEMPERATURE IN F: :PCPN: SNOW: WIND :SUNSHINE: SKY :PK WND
================================================================================
1 2 3 4 5 6A 6B 7 8 9 10 11 12 13 14 15 16 17 18
12Z AVG MX 2MIN
DY MAX MIN AVG DEP HDD CDD WTR SNW DPTH SPD SPD DIR MIN PSBL S-S WX SPD DR
================================================================================
1 78 64 71 4 0 6 T 0.0 0 7.1 14 190 M M 9 18 17 190
2 83 62 73 6 0 8 0.44 0.0 0 8.1 23 350 M M 7 13 28 350
3 76 56 66 -1 0 1 T 0.0 0 7.3 14 40 M M 9 1 18 40
4 74 54 64 -4 1 0 0.00 0.0 0 8.3 17 170 M M 8 12 21 180
5 71 57 64 -4 1 0 0.43 0.0 0 8.7 17 150 M M 10 1 22 140
6 79 57 68 0 0 3 T 0.0 0 6.9 15 190 M M 5 18 19 200
7 75 56 66 -2 0 1 0.00 0.0 0 10.5 22 170 M M 6 12 27 180
8 72 61 67 -1 0 2 0.12 0.0 0 8.5 23 340 M M 9 138 27 330
9 86 59 73 5 0 8 0.00 0.0 0 5.2 14 180 M M 7 12 17 190
10 87 63 75 7 0 10 0.00 0.0 0 7.3 17 200 M M 8 12 22 200
11 81 69 75 7 0 10 0.56 0.0 0 10.9 21 170 M M 9 1 27 160
12 86 69 78 9 0 13 T 0.0 0 9.6 20 180 M M 9 13 24 180
13 85 64 75 6 0 10 0.31 0.0 0 4.2 17 180 M M 6 1 21 180
14 69 62 66 -3 0 1 T 0.0 0 9.9 18 20 M M 9 1 23 30
15 78 54 66 -3 0 1 0.00 0.0 0 9.5 20 30 M M 5 25 40
16 75 50 63 -6 2 0 0.00 0.0 0 5.5 17 180 M M 5 1 21 160
17 64 53 59 -10 6 0 0.11 0.0 0 7.7 21 170 M M 10 1 25 160
18 88 60 74 5 0 9 0.00 0.0 0 5.5 13 270 M M 7 12 17 240
19 83 66 75 6 0 10 0.00 0.0 0 5.5 13 190 M M 8 17 180
20 92 71 82 13 0 17 0.00 0.0 0 7.6 16 270 M M 6 21 290
21 85 62 74 5 0 9 0.00 0.0 0 7.5 17 320 M M 3 25 300
22 80 57 69 0 0 4 0.03 0.0 0 3.8 13 200 M M 7 17 180
23 81 63 72 3 0 7 0.21 0.0 0 3.8 17 180 M M 10 13 20 180
24 87 63 75 6 0 10 0.00 0.0 0 5.6 15 340 M M 6 12 19 20
25 88 60 74 5 0 9 0.00 0.0 0 4.3 12 270 M M 5 17 230
26 84 67 76 7 0 11 0.08 0.0 0 5.2 17 360 M M 9 1 23 360
27 86 71 79 10 0 14 1.92 0.0 0 4.8 16 160 M M 8 13 19 160
28 90 67 79 10 0 14 T 0.0 0 6.0 21 300 M M 5 13 27 310
29 88 63 76 7 0 11 0.00 0.0 0 5.5 15 170 M M 3 20 230
30 86 64 75 6 0 10 T 0.0 0 5.1 22 320 M M 6 3 31 330
31 83 60 72 3 0 7 0.00 0.0 0 4.1 13 320 M M 3 1 21 250
================================================================================
SM 2520 1904 10 216 4.21 0.0 209.5 M 217
================================================================================
AV 81.3 61.4 6.8 FASTST M M 7 MAX(MPH)
MISC ----> # 23 350 # 31 330
================================================================================
NOTES:
# LAST OF SEVERAL OCCURRENCES
COLUMN 17 PEAK WIND IN M.P.H.
PRELIMINARY LOCAL CLIMATOLOGICAL DATA (WS FORM: F-6) , PAGE 2
STATION: BANGOR ME
MONTH: JULY
YEAR: 2020
LATITUDE: 44 47 N
LONGITUDE: 68 49 W
[TEMPERATURE DATA] [PRECIPITATION DATA] SYMBOLS USED IN COLUMN 16
AVERAGE MONTHLY: 71.4 TOTAL FOR MONTH: 4.21 1 = FOG OR MIST
DPTR FM NORMAL: 2.9 DPTR FM NORMAL: 0.75 2 = FOG REDUCING VISIBILITY
HIGHEST: 92 ON 20 GRTST 24HR 1.92 ON 27-27 TO 1/4 MILE OR LESS
LOWEST: 50 ON 16 3 = THUNDER
SNOW, ICE PELLETS, HAIL 4 = ICE PELLETS
TOTAL MONTH: 0.0 INCH 5 = HAIL
GRTST 24HR 0.0 6 = FREEZING RAIN OR DRIZZLE
GRTST DEPTH: 0 7 = DUSTSTORM OR SANDSTORM:
VSBY 1/2 MILE OR LESS
8 = SMOKE OR HAZE
[NO. OF DAYS WITH] [WEATHER - DAYS WITH] 9 = BLOWING SNOW
X = TORNADO
MAX 32 OR BELOW: 0 0.01 INCH OR MORE: 10
MAX 90 OR ABOVE: 2 0.10 INCH OR MORE: 8
MIN 32 OR BELOW: 0 0.50 INCH OR MORE: 2
MIN 0 OR BELOW: 0 1.00 INCH OR MORE: 1
[HDD (BASE 65) ]
TOTAL THIS MO. 10 CLEAR (SCALE 0-3) 2
DPTR FM NORMAL -13 PTCLDY (SCALE 4-7) 18
TOTAL FM JUL 1 10 CLOUDY (SCALE 8-10) 11
DPTR FM NORMAL -13
[CDD (BASE 65) ]
TOTAL THIS MO. 216
DPTR FM NORMAL 84 [PRESSURE DATA]
TOTAL FM JAN 1 331 HIGHEST SLP 30.42 ON 16
DPTR FM NORMAL 141 LOWEST SLP 29.44 ON 12
[REMARKS]
#FINAL-07-20#