000
CXUS55 KBYZ 011100
CF6BHK
PRELIMINARY LOCAL CLIMATOLOGICAL DATA (WS FORM: F-6)
STATION: BAKER MT
MONTH: JANUARY
YEAR: 2022
LATITUDE: 46 20 N
LONGITUDE: 104 15 W
TEMPERATURE IN F: :PCPN: SNOW: WIND :SUNSHINE: SKY :PK WND
================================================================================
1 2 3 4 5 6A 6B 7 8 9 10 11 12 13 14 15 16 17 18
12Z AVG MX 2MIN
DY MAX MIN AVG DEP HDD CDD WTR SNW DPTH SPD SPD DIR MIN PSBL S-S WX SPD DR
================================================================================
1 6 -20 -7 -25 72 0 0.00 M M 6.8 16 230 M M 1 20 230
2 32 3 18 0 47 0 0.00 M M 13.6 24 250 M M 0 28 250
3 33 3 18 0 47 0 0.00 M M 5.6 18 130 M M 0 47 210
4 35 -13 11 -7 54 0 T M M 23.8 39 300 M M 8 89 52 300
5 -12 -20 -16 -34 81 0 0.00 M M 15.7 26 300 M M 3 8 33 290
6 0 -21 -10 -28 75 0 T M M 11.6 28 140 M M 4 8 32 130
7 41 -2 20 2 45 0 T M M 16.5 28 140 M M 7 32 140
8 40 -5 18 0 47 0 T M M 16.9 29 300 M M 4 8 35 320
9 27 -11 8 -10 57 0 0.00 M M 5.3 20 270 M M 1 23 270
10 42 8 25 7 40 0 0.00 M M 7.3 17 240 M M 0 23 240
11 40 28 34 16 31 0 0.00 M M 16.6 26 290 M M 1 32 280
12 43 32 38 20 27 0 0.00 M M 13.6 21 260 M M 3 25 260
13 51 31 41 23 24 0 T M M 6.7 16 280 M M 5 22 280
14 37 18 28 10 37 0 T M M 16.6 38 320 M M 9 1 45 320
15 42 18 30 12 35 0 0.00 M M 12.9 22 240 M M 2 30 240
16 41 28 35 17 30 0 0.02 M M 12.0 25 310 M M 4 1 31 270
17 50 29 40 22 25 0 0.00 M M 11.3 20 250 M M 2 23 250
18 42 -1 21 3 44 0 T M M 22.2 35 320 M M 7 43 320
19 5 -9 -2 -20 67 0 0.00 M M 9.7 24 310 M M 0 29 310
20 34 -5 15 -3 50 0 0.07 M M 13.8 24 170 M M 2 16 28 180
21 38 18 28 10 37 0 0.01 M M 18.7 39 300 M M 7 49 290
22 41 17 29 11 36 0 0.02 M M 15.2 32 310 M M 9 1 40 320
23 45 34 40 22 25 0 0.00 M M 16.4 26 290 M M 10 34 280
24 36 14 25 7 40 0 0.03 M M 8.1 26 320 M M 10 18 34 240
25 25 -9 8 -10 57 0 T M M 7.1 25 220 M M 2 30 210
26 38 22 30 12 35 0 0.02 M M 18.7 31 310 M M 6 18 39 310
27 30 4 17 -1 48 0 0.06 M M 9.6 26 320 M M 9 128 35 320
28 36 19 28 10 37 0 0.00 M M 11.6 18 260 M M 2 22 250
29 37 10 24 6 41 0 0.00 M M 6.7 17 270 M M 0 18 270
30 39 15 27 9 38 0 0.00 M M 6.8 17 240 M M 0 20 240
31 40 9 25 7 40 0 0.05 M M 16.1 40 300 M M 6 189 52 300
================================================================================
SM 1034 244 1369 0 0.28 M 393.5 M 124
================================================================================
AV 33.4 7.9 12.7 FASTST M M 4 MAX(MPH)
MISC ----> 40 300 # 52 300
================================================================================
NOTES:
# LAST OF SEVERAL OCCURRENCES
COLUMN 17 PEAK WIND IN M.P.H.
PRELIMINARY LOCAL CLIMATOLOGICAL DATA (WS FORM: F-6) , PAGE 2
STATION: BAKER MT
MONTH: JANUARY
YEAR: 2022
LATITUDE: 46 20 N
LONGITUDE: 104 15 W
[TEMPERATURE DATA] [PRECIPITATION DATA] SYMBOLS USED IN COLUMN 16
AVERAGE MONTHLY: 20.6 TOTAL FOR MONTH: 0.28 1 = FOG OR MIST
DPTR FM NORMAL: 2.9 DPTR FM NORMAL: 0.06 2 = FOG REDUCING VISIBILITY
HIGHEST: 51 ON 13 GRTST 24HR 0.07 ON 20-20 TO 1/4 MILE OR LESS
LOWEST: -21 ON 6 3 = THUNDER
SNOW, ICE PELLETS, HAIL 4 = ICE PELLETS
TOTAL MONTH: M 5 = HAIL
GRTST 24HR M ON M 6 = FREEZING RAIN OR DRIZZLE
GRTST DEPTH: M ON M 7 = DUSTSTORM OR SANDSTORM:
VSBY 1/2 MILE OR LESS
8 = SMOKE OR HAZE
[NO. OF DAYS WITH] [WEATHER - DAYS WITH] 9 = BLOWING SNOW
X = TORNADO
MAX 32 OR BELOW: 8 0.01 INCH OR MORE: 8
MAX 90 OR ABOVE: 0 0.10 INCH OR MORE: 0
MIN 32 OR BELOW: 30 0.50 INCH OR MORE: 0
MIN 0 OR BELOW: 11 1.00 INCH OR MORE: 0
[HDD (BASE 65) ]
TOTAL THIS MO. 1369 CLEAR (SCALE 0-3) 16
DPTR FM NORMAL -99 PTCLDY (SCALE 4-7) 10
TOTAL FM JUL 1 4340 CLOUDY (SCALE 8-10) 5
DPTR FM NORMAL -477
[CDD (BASE 65) ]
TOTAL THIS MO. 0
DPTR FM NORMAL 0 [PRESSURE DATA]
TOTAL FM JAN 1 0 HIGHEST SLP 30.76 ON 19
DPTR FM NORMAL 0 LOWEST SLP 29.36 ON 7
[REMARKS]
#FINAL-01-22#