000
CXUS55 KBYZ 011000
CF6BHK
PRELIMINARY LOCAL CLIMATOLOGICAL DATA (WS FORM: F-6)
STATION: BAKER MT
MONTH: AUGUST
YEAR: 2021
LATITUDE: 46 20 N
LONGITUDE: 104 15 W
TEMPERATURE IN F: :PCPN: SNOW: WIND :SUNSHINE: SKY :PK WND
================================================================================
1 2 3 4 5 6A 6B 7 8 9 10 11 12 13 14 15 16 17 18
12Z AVG MX 2MIN
DY MAX MIN AVG DEP HDD CDD WTR SNW DPTH SPD SPD DIR MIN PSBL S-S WX SPD DR
================================================================================
1 92 55 74 2 0 9 0.00 M M 5.0 14 20 M M 0 20 40
2 94 53 74 2 0 9 0.00 M M 7.4 18 80 M M 0 8 24 60
3 93 54 74 2 0 9 0.00 M M 10.9 23 340 M M 1 8 29 320
4 93 61 77 5 0 12 0.25 M M 6.3 29 300 M M 2 38 40 290
5 90 56 73 1 0 8 T M M 6.4 18 50 M M 0 22 50
6 86 60 73 1 0 8 0.01 M M 13.2 25 130 M M 3 3 31 140
7 91 63 77 6 0 12 T M M 8.1 16 320 M M 1 18 24 330
8 100 56 78 7 0 13 T M M 9.9 39 320 M M 0 3 53 320
9 79 55 67 -4 0 2 0.01 M M 15.4 33 340 M M 1 3 40 350
10 87 55 71 0 0 6 0.00 M M 15.6 30 270 M M 2 38 260
11 91 54 73 2 0 8 0.00 M M 14.8 28 280 M M 3 8 37 310
12 78 51 65 -5 0 0 T M M 10.4 22 330 M M 5 8 30 290
13 86 45 66 -4 0 1 0.00 M M 3.1 16 250 M M 0 20 240
14 97 51 74 4 0 9 0.00 M M 4.8 10 200 M M 0 14 220
15 99 53 76 6 0 11 0.00 M M 5.4 18 280 M M 0 8 22 310
16 101 58 80 10 0 15 0.00 M M 8.0 31 320 M M 1 8 40 300
17 103 64 84 15 0 19 0.00 M M 8.7 23 140 M M 0 8 31 130
18 83 53 68 -1 0 3 0.00 M M 16.5 25 270 M M 0 32 320
19 59 52 56 -13 9 0 0.89 M M 6.3 17 70 M M 7 13 20 60
20 58 52 55 -13 10 0 0.35 M M 13.1 25 320 M M 10 1 33 310
21 76 48 62 -6 3 0 0.00 M M 12.3 31 130 M M 2 12 37 130
22 77 52 65 -3 0 0 0.04 M M 16.7 35 270 M M 4 45 260
23 92 49 71 3 0 6 0.00 M M 9.4 26 150 M M 0 32 140
24 75 46 61 -6 4 0 0.00 M M 12.3 24 320 M M 0 8 32 310
25 79 43 61 -6 4 0 0.21 M M 15.3 29 120 M M 2 13 35 110
26 72 54 63 -4 2 0 0.04 M M 15.0 30 130 M M 5 13 36 120
27 80 53 67 1 0 2 0.02 M M 6.2 23 340 M M 3 13 27 340
28 66 52 59 -7 6 0 0.07 M M 9.6 26 250 M M 3 30 260
29 80 44 62 -4 3 0 0.00 M M 4.6 14 240 M M 0 19 200
30 90 48 69 4 0 4 0.00 M M 7.5 32 120 M M 0 38 120
31 88 59 74 9 0 9 0.00 M M 21.0 33 140 M M 0 42 150
================================================================================
SM 2635 1649 41 175 1.89 M 319.2 M 55
================================================================================
AV 85.0 53.2 10.3 FASTST M M 2 MAX(MPH)
MISC ----> 39 320 53 320
================================================================================
NOTES:
# LAST OF SEVERAL OCCURRENCES
COLUMN 17 PEAK WIND IN M.P.H.
PRELIMINARY LOCAL CLIMATOLOGICAL DATA (WS FORM: F-6) , PAGE 2
STATION: BAKER MT
MONTH: AUGUST
YEAR: 2021
LATITUDE: 46 20 N
LONGITUDE: 104 15 W
[TEMPERATURE DATA] [PRECIPITATION DATA] SYMBOLS USED IN COLUMN 16
AVERAGE MONTHLY: 69.1 TOTAL FOR MONTH: 1.89 1 = FOG OR MIST
DPTR FM NORMAL: 0.0 DPTR FM NORMAL: 0.40 2 = FOG REDUCING VISIBILITY
HIGHEST: 103 ON 17 GRTST 24HR 0.93 ON 19-20 TO 1/4 MILE OR LESS
LOWEST: 43 ON 25 3 = THUNDER
SNOW, ICE PELLETS, HAIL 4 = ICE PELLETS
TOTAL MONTH: M 5 = HAIL
GRTST 24HR M ON M 6 = FREEZING RAIN OR DRIZZLE
GRTST DEPTH: M ON M 7 = DUSTSTORM OR SANDSTORM:
VSBY 1/2 MILE OR LESS
8 = SMOKE OR HAZE
[NO. OF DAYS WITH] [WEATHER - DAYS WITH] 9 = BLOWING SNOW
X = TORNADO
MAX 32 OR BELOW: 0 0.01 INCH OR MORE: 10
MAX 90 OR ABOVE: 14 0.10 INCH OR MORE: 4
MIN 32 OR BELOW: 0 0.50 INCH OR MORE: 1
MIN 0 OR BELOW: 0 1.00 INCH OR MORE: 0
[HDD (BASE 65) ]
TOTAL THIS MO. 41 CLEAR (SCALE 0-3) 25
DPTR FM NORMAL 1 PTCLDY (SCALE 4-7) 5
TOTAL FM JUL 1 41 CLOUDY (SCALE 8-10) 1
DPTR FM NORMAL -18
[CDD (BASE 65) ]
TOTAL THIS MO. 175
DPTR FM NORMAL 6 [PRESSURE DATA]
TOTAL FM JAN 1 718 HIGHEST SLP 30.26 ON 13
DPTR FM NORMAL 291 LOWEST SLP 29.45 ON 17
[REMARKS]
#FINAL-08-21#