000
CXUS55 KVEF 282314
CLMBIH
CLIMATE REPORT
NATIONAL WEATHER SERVICE LAS VEGAS, NV
414 PM PDT FRI JUL 28 2023
...................................
...THE BISHOP CA CLIMATE SUMMARY FOR THE MONTH OF JUNE 2023...
CLIMATE NORMAL PERIOD: 1991 TO 2020
CLIMATE RECORD PERIOD: 1943 TO 2023
WEATHER OBSERVED NORMAL DEPART LAST YEAR`S
VALUE DATE(S) VALUE FROM VALUE DATE(S)
NORMAL
................................................................
TEMPERATURE (F)
RECORD
HIGH 109 06/30/2013
06/22/1954
LOW 25 06/02/2011
HIGHEST 98 06/30 104 06/11
LOWEST 40 06/20 32 06/18
AVG. MAXIMUM 85.7 93.5 -7.8 94.1
AVG. MINIMUM 50.1 51.4 -1.3 52.6
MEAN 67.9 72.5 -4.6 73.3
DAYS MAX >= 90 7 20.8 -13.8 22
DAYS MAX <= 32 0 0.0 0.0 1
DAYS MIN <= 32 0 0.1 -0.1 MM
DAYS MIN <= 0 0 0.0 0.0 MM
PRECIPITATION (INCHES)
RECORD
MAXIMUM 1.31 1998
MINIMUM 0.00 2018
TOTALS 0.73 0.13 0.60 T
DAILY AVG. 0.02 0.00 0.02 0.00
DAYS >= .01 6 1.2 4.8 0
DAYS >= .10 1 0.4 0.6 0
DAYS >= .50 1 0.0 1.0 0
DAYS >= 1.00 0 0.0 0.0 0
GREATEST
24 HR. TOTAL 0.63 06/10 TO 06/11
DEGREE DAYS
HEATING TOTAL 15 16 -1 10
SINCE 7/1 4526 3999 527 MM
COOLING TOTAL 109 239 -130 267
SINCE 1/1 169 310 -141 MM
FREEZE DATES
RECORD
EARLIEST 09/11/1952
LATEST 06/16/1944
EARLIEST 10/24 10/24
LATEST 05/08 05/12
................................................................
WIND (MPH)
AVERAGE WIND SPEED 8.0
HIGHEST WIND SPEED/DIRECTION 31/150 DATE 06/11
HIGHEST GUST SPEED/DIRECTION 41/080 DATE 06/05
SKY COVER
POSSIBLE SUNSHINE (PERCENT) MM
AVERAGE SKY COVER 0.13
NUMBER OF DAYS FAIR 27
NUMBER OF DAYS PC 3
NUMBER OF DAYS CLOUDY 0
AVERAGE RH (PERCENT) 41
WEATHER CONDITIONS. NUMBER OF DAYS WITH
THUNDERSTORM 9 MIXED PRECIP 0
HEAVY RAIN 1 RAIN 1
LIGHT RAIN 10 FREEZING RAIN 0
LT FREEZING RAIN 0 HAIL 0
HEAVY SNOW 0 SNOW 0
LIGHT SNOW 0 SLEET 0
FOG 2 FOG W/VIS <= 1/4 MILE 0
HAZE 1
- INDICATES NEGATIVE NUMBERS.
R INDICATES RECORD WAS SET OR TIED.
MM INDICATES DATA IS MISSING.
T INDICATES TRACE AMOUNT.
$$