000
CXUS55 KVEF 030752
CLMBIH
CLIMATE REPORT
NATIONAL WEATHER SERVICE LAS VEGAS, NV
1252 AM PDT TUE OCT 03 2023
...................................
...THE BISHOP CA CLIMATE SUMMARY FOR THE MONTH OF SEPTEMBER 2023...
CLIMATE NORMAL PERIOD: 1991 TO 2020
CLIMATE RECORD PERIOD: 1943 TO 2023
WEATHER OBSERVED NORMAL DEPART LAST YEAR`S
VALUE DATE(S) VALUE FROM VALUE DATE(S)
NORMAL
................................................................
TEMPERATURE (F)
RECORD
HIGH 107 09/04/2020
LOW 25 09/30/2019
HIGHEST 91 09/01 107 09/05
09/08
09/06
09/07
LOWEST 44 09/08 44 09/22
09/23
09/24
AVG. MAXIMUM 86.7 90.0 -3.3 91.9
AVG. MINIMUM 50.9 47.2 3.7 53.1
MEAN 68.8 68.6 0.2 72.5
DAYS MAX >= 90 5 16.6 -11.6 15
DAYS MAX <= 32 0 0.0 0.0 0
DAYS MIN <= 32 0 0.2 -0.2 0
DAYS MIN <= 0 0 0.0 0.0 0
PRECIPITATION (INCHES)
RECORD
MAXIMUM 1.24 1994
MINIMUM 0.00 2012
TOTALS 0.36 0.11 0.25 1.09
DAILY AVG. 0.01 0.00 0.01 0.04
DAYS >= .01 2 1.2 0.8 3
DAYS >= .10 1 0.2 0.8 2
DAYS >= .50 0 0.0 0.0 1
DAYS >= 1.00 0 0.0 0.0 0
GREATEST
24 HR. TOTAL 0.35 09/30 TO 09/30
DEGREE DAYS
HEATING TOTAL 5 30 -25 6
SINCE 7/1 10 28 -18 MM
COOLING TOTAL 85 138 -53 239
SINCE 1/1 1019 1199 -180 MM
FREEZE DATES
RECORD
EARLIEST 09/11/1952
LATEST 06/16/1944
EARLIEST MM
LATEST 05/08
................................................................
WIND (MPH)
AVERAGE WIND SPEED 9.4
HIGHEST WIND SPEED/DIRECTION 36/140 DATE 09/02
HIGHEST GUST SPEED/DIRECTION 47/150 DATE 09/01
SKY COVER
POSSIBLE SUNSHINE (PERCENT) MM
AVERAGE SKY COVER 0.08
NUMBER OF DAYS FAIR 26
NUMBER OF DAYS PC 3
NUMBER OF DAYS CLOUDY 0
AVERAGE RH (PERCENT) 47
WEATHER CONDITIONS. NUMBER OF DAYS WITH
THUNDERSTORM 4 MIXED PRECIP 0
HEAVY RAIN 1 RAIN 0
LIGHT RAIN 4 FREEZING RAIN 0
LT FREEZING RAIN 0 HAIL 0
HEAVY SNOW 0 SNOW 0
LIGHT SNOW 0 SLEET 0
FOG 0 FOG W/VIS <= 1/4 MILE 0
HAZE 0
- INDICATES NEGATIVE NUMBERS.
R INDICATES RECORD WAS SET OR TIED.
MM INDICATES DATA IS MISSING.
T INDICATES TRACE AMOUNT.
$$