000
CXUS55 KBYZ 151830
CF6BIL
PRELIMINARY LOCAL CLIMATOLOGICAL DATA (WS FORM: F-6)
STATION: BILLINGS MT
MONTH: NOVEMBER
YEAR: 2020
LATITUDE: 45 47 N
LONGITUDE: 108 32 W
TEMPERATURE IN F: :PCPN: SNOW: WIND :SUNSHINE: SKY :PK WND
================================================================================
1 2 3 4 5 6A 6B 7 8 9 10 11 12 13 14 15 16 17 18
12Z AVG MX 2MIN
DY MAX MIN AVG DEP HDD CDD WTR SNW DPTH SPD SPD DIR MIN PSBL S-S WX SPD DR
================================================================================
1 64 32 48 6 17 0 0.00 0.0 0 13.4 22 240 M M 2 33 260
2 72 42 57 15 8 0 0.00 0.0 0 14.1 23 240 M M 0 28 210
3 74 47 61 19 4 0 0.00 0.0 0 14.9 22 240 M M 0 26 240
4 73 51 62 21 3 0 0.00 0.0 0 15.5 31 270 M M 5 38 270
5 74 47 61 20 4 0 0.00 0.0 0 13.6 23 220 M M 5 32 220
6 61 39 50 10 15 0 0.00 0.0 0 10.4 20 260 M M 6 25 260
7 51 36 44 4 21 0 0.01 T 0 7.5 26 10 M M 7 1 33 10
8 37 14 26 -13 39 0 0.29 3.1 1 17.2 37 310 M M 9 12589 43 310
9 27 12 20 -19 45 0 0.00 0.0 2 11.1 22 240 M M 5 26 240
10 35 15 25 -13 40 0 0.00 0.0 1 14.2 26 270 M M 3 32 260
11 28 13 21 -17 44 0 0.06 0.7 1 6.2 20 240 M M 8 12 23 240
12 34 14 24 -13 41 0 0.00 0.0 2 13.0 24 240 M M 4 12 29 250
13 45 29 37 0 28 0 0.00 0.0 2 14.6 30 260 M M 6 37 260
14 41 26 34 -2 31 0 0.00 0.0 T 19.6 44 280 M M 5 53 270
15 49 23 36 0 29 0 0.00 0.0 0 10.9 31 280 M M 3 41 270
16 45 33 39 3 26 0 0.00 0.0 0 8.9 22 290 M M 6 30 290
17 54 31 43 8 22 0 0.00 0.0 0 8.0 20 250 M M 6 24 250
18 59 38 49 14 16 0 0.00 0.0 0 8.0 18 240 M M 6 26 220
19 51 32 42 8 23 0 0.01 0.0 0 13.1 36 270 M M 5 43 290
20 45 28 37 3 28 0 0.00 0.0 0 13.2 23 280 M M 1 28 270
21 47 27 37 4 28 0 0.00 0.0 0 15.0 33 280 M M 2 42 280
22 47 21 34 1 31 0 0.00 0.0 0 10.4 21 240 M M 1 25 240
23 45 22 34 2 31 0 0.00 0.0 0 10.0 20 220 M M 5 24 220
24 44 24 34 2 31 0 0.00 0.0 0 12.3 20 220 M M 1 24 220
25 46 29 38 6 27 0 0.00 0.0 0 15.6 26 240 M M 7 33 240
26 42 26 34 3 31 0 0.00 0.0 0 14.3 26 280 M M 3 31 300
27 47 27 37 6 28 0 0.00 0.0 0 20.9 31 240 M M 4 38 230
28 51 32 42 12 23 0 0.00 0.0 0 14.8 28 240 M M 7 35 240
29 46 23 35 5 30 0 0.00 0.0 0 13.0 26 240 M M 5 33 240
30 53 36 45 15 20 0 0.00 0.0 0 19.6 32 320 M M 4 43 300
================================================================================
SM 1487 869 764 0 0.37 3.8 393.3 M 131
================================================================================
AV 49.6 29.0 13.1 FASTST M M 4 MAX(MPH)
MISC ----> 44 280 53 270
================================================================================
NOTES:
# LAST OF SEVERAL OCCURRENCES
COLUMN 17 PEAK WIND IN M.P.H.
PRELIMINARY LOCAL CLIMATOLOGICAL DATA (WS FORM: F-6) , PAGE 2
STATION: BILLINGS MT
MONTH: NOVEMBER
YEAR: 2020
LATITUDE: 45 47 N
LONGITUDE: 108 32 W
[TEMPERATURE DATA] [PRECIPITATION DATA] SYMBOLS USED IN COLUMN 16
AVERAGE MONTHLY: 39.3 TOTAL FOR MONTH: 0.37 1 = FOG OR MIST
DPTR FM NORMAL: 3.5 DPTR FM NORMAL: -0.26 2 = FOG REDUCING VISIBILITY
HIGHEST: 74 ON 5, 3 GRTST 24HR 0.30 ON 7- 8 TO 1/4 MILE OR LESS
LOWEST: 12 ON 9 3 = THUNDER
SNOW, ICE PELLETS, HAIL 4 = ICE PELLETS
TOTAL MONTH: 3.8 INCHES 5 = HAIL
GRTST 24HR 3.1 ON 8- 8 6 = FREEZING RAIN OR DRIZZLE
GRTST DEPTH: 2 ON 13,12 7 = DUSTSTORM OR SANDSTORM:
VSBY 1/2 MILE OR LESS
8 = SMOKE OR HAZE
[NO. OF DAYS WITH] [WEATHER - DAYS WITH] 9 = BLOWING SNOW
X = TORNADO
MAX 32 OR BELOW: 2 0.01 INCH OR MORE: 4
MAX 90 OR ABOVE: 0 0.10 INCH OR MORE: 1
MIN 32 OR BELOW: 21 0.50 INCH OR MORE: 0
MIN 0 OR BELOW: 0 1.00 INCH OR MORE: 0
[HDD (BASE 65) ]
TOTAL THIS MO. 764 CLEAR (SCALE 0-3) 9
DPTR FM NORMAL -112 PTCLDY (SCALE 4-7) 20
TOTAL FM JUL 1 1555 CLOUDY (SCALE 8-10) 1
DPTR FM NORMAL -68
[CDD (BASE 65) ]
TOTAL THIS MO. 0
DPTR FM NORMAL 0 [PRESSURE DATA]
TOTAL FM JAN 1 761 HIGHEST SLP 30.52 ON 29
DPTR FM NORMAL 125 LOWEST SLP 29.29 ON 7
[REMARKS]
#FINAL-11-20#