000
CXUS53 KIND 010700
CF6BMG
PRELIMINARY LOCAL CLIMATOLOGICAL DATA (WS FORM: F-6)
STATION: BLOOMINGTON IN
MONTH: DECEMBER
YEAR: 2023
LATITUDE: 39 7 N
LONGITUDE: 86 37 W
TEMPERATURE IN F: :PCPN: SNOW: WIND :SUNSHINE: SKY :PK WND
================================================================================
1 2 3 4 5 6A 6B 7 8 9 10 11 12 13 14 15 16 17 18
12Z AVG MX 2MIN
DY MAX MIN AVG DEP HDD CDD WTR SNW DPTH SPD SPD DIR MIN PSBL S-S WX SPD DR
================================================================================
1 52 42 47 9 18 0 0.23 M M 9.5 26 190 M M 10 1 37 180
2 52 35 44 6 21 0 T M M 3.9 15 240 M M 9 1 22 230
3 47 29 38 0 27 0 T M M 6.6 18 240 M M 7 1 30 240
4 47 27 37 0 28 0 T M M 3.4 12 350 M M 7 1 17 350
5 46 37 42 5 23 0 0.02 M M 7.0 21 350 M M 10 18 28 10
6 42 27 35 -2 30 0 T M M 5.6 13 350 M M 6 1 18 340
7 58 32 45 9 20 0 0.00 M M 12.1 20 230 M M 1 28 190
8 60 49 55 19 10 0 T M M 13.5 20 190 M M 8 29 200
9 65 42 54 18 11 0 0.09 M M 10.6 22 190 M M 9 1 36 180
10 43 30 37 1 28 0 0.00 M M 7.0 14 290 M M 10 1 22 290
11 41 24 33 -2 32 0 0.00 M M 4.0 12 240 M M 4 15 220
12 52 27 40 5 25 0 0.00 M M 6.1 16 230 M M 0 23 240
13 48 24 36 1 29 0 0.00 M M 1.9 7 10 M M 2 11 110
14 55 22 39 4 26 0 0.00 M M 1.0 7 200 M M 0 10 120
15 58 23 41 7 24 0 0.00 M M 3.2 14 150 M M 0 20 150
16 55 34 45 11 20 0 0.29 M M 6.3 15 150 M M 5 1 23 140
17 48 39 44 10 21 0 0.21 M M 6.0 15 280 M M 10 1 22 270
18 38 23 31 -3 34 0 0.01 M M 11.4 22 300 M M 10 18 36 290
19 37 12 25 -9 40 0 0.00 M M 4.4 12 200 M M 0 17 180
20 53 25 39 6 26 0 0.00 M M 6.5 14 190 M M 0 20 200
21 52 30 41 8 24 0 0.00 M M 3.7 10 190 M M 0 13 190
22 55 37 46 13 19 0 T M M 5.8 13 190 M M 10 16 190
23 50 46 48 15 17 0 0.27 M M 6.1 10 200 M M 10 12 16 210
24 64 48 56 24 9 0 0.00 M M 7.3 13 140 M M 8 1 18 140
25 56 52 54 22 11 0 0.62 M M 11.5 23 130 M M 7 1 37 120
26 54 32 43 11 22 0 0.00 M M 5.3 17 220 M M 6 23 210
27 48 25 37 5 28 0 0.00 M M 2.0 10 110 M M 3 1 13 100
28 40 33 37 5 28 0 0.01 M M 5.5 14 220 M M 10 1 19 230
29 36 33 35 3 30 0 0.02 M M 5.5 12 230 M M 10 1 16 230
30 40 33 37 5 28 0 0.01 M M 8.3 16 210 M M 8 1 22 210
31 38 32 35 4 30 0 0.00 M M 7.8 17 290 M M 7 1 27 280
================================================================================
SM 1530 1004 739 0 1.78 M 198.8 M 187
================================================================================
AV 49.4 32.4 6.4 FASTST M M 6 MAX(MPH)
MISC ----> 26 190 # 37 180
================================================================================
NOTES:
# LAST OF SEVERAL OCCURRENCES
COLUMN 17 PEAK WIND IN M.P.H.
PRELIMINARY LOCAL CLIMATOLOGICAL DATA (WS FORM: F-6) , PAGE 2
STATION: BLOOMINGTON IN
MONTH: DECEMBER
YEAR: 2023
LATITUDE: 39 7 N
LONGITUDE: 86 37 W
[TEMPERATURE DATA] [PRECIPITATION DATA] SYMBOLS USED IN COLUMN 16
AVERAGE MONTHLY: 40.9 TOTAL FOR MONTH: 1.78 1 = FOG OR MIST
DPTR FM NORMAL: 6.5 DPTR FM NORMAL: -1.51 2 = FOG REDUCING VISIBILITY
HIGHEST: 65 ON 9 GRTST 24HR 0.62 ON 25-25 TO 1/4 MILE OR LESS
LOWEST: 12 ON 19 3 = THUNDER
SNOW, ICE PELLETS, HAIL 4 = ICE PELLETS
TOTAL MONTH: M 5 = HAIL
GRTST 24HR M ON M 6 = FREEZING RAIN OR DRIZZLE
GRTST DEPTH: M ON M 7 = DUSTSTORM OR SANDSTORM:
VSBY 1/2 MILE OR LESS
8 = SMOKE OR HAZE
[NO. OF DAYS WITH] [WEATHER - DAYS WITH] 9 = BLOWING SNOW
X = TORNADO
MAX 32 OR BELOW: 0 0.01 INCH OR MORE: 11
MAX 90 OR ABOVE: 0 0.10 INCH OR MORE: 5
MIN 32 OR BELOW: 17 0.50 INCH OR MORE: 1
MIN 0 OR BELOW: 0 1.00 INCH OR MORE: 0
[HDD (BASE 65) ]
TOTAL THIS MO. 739 CLEAR (SCALE 0-3) 9
DPTR FM NORMAL -210 PTCLDY (SCALE 4-7) 11
TOTAL FM JUL 1 1599 CLOUDY (SCALE 8-10) 11
DPTR FM NORMAL -385
[CDD (BASE 65) ]
TOTAL THIS MO. 0
DPTR FM NORMAL 0 [PRESSURE DATA]
TOTAL FM JAN 1 1044 HIGHEST SLP M ON M
DPTR FM NORMAL 20 LOWEST SLP 29.76 ON 3
[REMARKS]
#FINAL-12-23#