000
CXUS53 KIND 011542
CLMBMG
CLIMATE REPORT
NATIONAL WEATHER SERVICE INDIANAPOLIS IN
1142 AM EDT SUN OCT 01 2023
...................................
...THE BLOOMINGTON IN CLIMATE SUMMARY FOR THE MONTH OF SEPTEMBER 2023...
CLIMATE NORMAL PERIOD 1991 TO 2020
CLIMATE RECORD PERIOD 9999 TO 9999
WEATHER OBSERVED NORMAL DEPART LAST YEAR`S
VALUE DATE(S) VALUE FROM VALUE DATE(S)
NORMAL
................................................................
TEMPERATURE (F)
HIGHEST 89 09/04 96 09/21
LOWEST 46 09/13 37 09/28
09/19
AVG. MAXIMUM 80.7 78.3 2.4 78.8
AVG. MINIMUM 55.6 54.6 1.0 56.4
MEAN 68.2 66.5 1.7 67.6
DAYS MAX >= 90 0 3.3 -3.3 2
DAYS MAX <= 32 0 0.0 0.0 0
DAYS MIN <= 32 0 0.0 0.0 0
DAYS MIN <= 0 0 0.0 0.0 0
PRECIPITATION (INCHES)
TOTALS 0.49 3.60 -3.11 3.66
DAILY AVG. 0.02 0.12 -0.10 0.12
DAYS >= .01 5 11.2 -6.2 9
DAYS >= .10 3 4.7 -1.7 5
DAYS >= .50 0 2.0 -2.0 2
DAYS >= 1.00 0 0.8 -0.8 2
GREATEST
24 HR. TOTAL 0.31 09/26 TO 09/27
DEGREE DAYS
HEATING TOTAL 14 70 -56 65
SINCE 7/1 14 75 -61 MM
COOLING TOTAL 117 113 4 153
SINCE 1/1 1006 1005 1 MM
................................................................
WIND (MPH)
AVERAGE WIND SPEED 3.4
HIGHEST WIND SPEED/DIRECTION 18/050 DATE 09/26
HIGHEST GUST SPEED/DIRECTION 25/180 DATE 09/04
25/210 09/06
25/040 09/26
SKY COVER
AVERAGE SKY COVER 0.24
AVERAGE RH (PERCENT) 71
WEATHER CONDITIONS. NUMBER OF DAYS WITH
THUNDERSTORM 3 MIXED PRECIP 2
HEAVY RAIN 1 RAIN 6
LIGHT RAIN 5 FREEZING RAIN 0
LT FREEZING RAIN 0 HAIL 0
HEAVY SNOW 0 SNOW 0
LIGHT SNOW 0 SLEET 0
FOG 21 FOG W/VIS <= 1/4 MILE 6
HAZE 1
- INDICATES NEGATIVE NUMBERS.
R INDICATES RECORD WAS SET OR TIED.
MM INDICATES DATA IS MISSING.
T INDICATES TRACE AMOUNT.
$$