000
CXUS53 KILX 010900
CF6BMI
PRELIMINARY LOCAL CLIMATOLOGICAL DATA (WS FORM: F-6)
STATION: BLOOMINGTON IL AIRPORT
MONTH: MARCH
YEAR: 2021
LATITUDE: 40 28 N
LONGITUDE: 88 56 W
TEMPERATURE IN F: :PCPN: SNOW: WIND :SUNSHINE: SKY :PK WND
================================================================================
1 2 3 4 5 6A 6B 7 8 9 10 11 12 13 14 15 16 17 18
12Z AVG MX 2MIN
DY MAX MIN AVG DEP HDD CDD WTR SNW DPTH SPD SPD DIR MIN PSBL S-S WX SPD DR
================================================================================
1 38 23 31 M 34 0 0.00 M M 11.3 16 320 M M 0 24 320
2 47 19 33 M 32 0 0.00 M M 11.6 20 220 M M 0 22 210
3 59 34 47 M 18 0 0.00 M M 10.6 17 210 M M 0 M M
4 47 25 36 M 29 0 0.00 M M 11.6 18 50 M M 2 1 22 40
5 48 22 35 M 30 0 0.00 M M 7.1 13 50 M M 0 M M
6 52 27 40 M 25 0 0.00 M M 6.0 10 300 M M 2 M M
7 59 27 43 M 22 0 0.00 M M 11.2 15 190 M M 0 M M
8 67 37 52 M 13 0 0.00 M M 13.3 18 220 M M 0 29 240
9 69 38 54 M 11 0 0.00 M M 16.2 25 190 M M 0 36 200
10 69 52 61 M 4 0 0.00 M M 27.9 37 190 M M 6 48 200
11 61 40 51 M 14 0 0.14 M M 12.8 21 210 M M 4 38 260
12 54 34 44 M 21 0 0.00 M M 9.4 15 20 M M 0 M M
13 56 31 44 M 21 0 0.00 M M 7.3 13 110 M M 0 M M
14 50 36 43 M 22 0 T M M 14.2 25 60 M M 8 35 70
15 40 31 36 M 29 0 0.49 M M 21.0 35 100 M M 10 1 44 90
16 40 34 37 M 28 0 T M M 6.8 10 80 M M 10 12 M M
17 43 35 39 M 26 0 0.65 M M 16.4 27 30 M M 10 12 32 30
18 41 33 37 M 28 0 0.96 M M 29.4 41 40 M M 8 1 52 40
19 49 29 39 M 26 0 0.00 M M 15.6 21 70 M M 0 25 60
20 57 26 42 M 23 0 0.00 M M 8.5 12 140 M M 0 M M
21 64 33 49 M 16 0 0.00 M M 12.7 18 160 M M 0 25 170
22 67 37 52 M 13 0 0.00 M M 11.7 22 180 M M 1 21 210
23 64 51 58 M 7 0 0.43 M M 17.6 27 160 M M 9 1 41 150
24 56 46 51 M 14 0 0.02 M M 16.0 25 230 M M 9 32 220
25 55 41 48 M 17 0 0.24 M M 12.0 17 350 M M 6 1 24 350
26 49 40 45 M 20 0 0.01 M M 7.3 16 340 M M 9 1 M M
27 64 43 54 M 11 0 0.45 M M 12.4 24 140 M M 6 31 300
28 48 32 40 M 25 0 0.00 M M 19.4 32 310 M M 6 40 310
29 62 29 46 M 19 0 0.00 M M 18.6 30 180 M M 0 37 170
30 69 43 56 M 9 0 T M M 17.9 28 230 M M 4 39 240
31 45 29 37 M 28 0 0.00 M M 17.9 25 320 M M 2 37 290
================================================================================
SM 1689 1057 635 0 3.39 M 431.7 M 112
================================================================================
AV 54.5 34.1 13.9 FASTST M M 4 MAX(MPH)
MISC ----> 41 40 52 40
================================================================================
NOTES:
# LAST OF SEVERAL OCCURRENCES
COLUMN 17 PEAK WIND IN M.P.H.
PRELIMINARY LOCAL CLIMATOLOGICAL DATA (WS FORM: F-6) , PAGE 2
STATION: BLOOMINGTON IL AIRPORT
MONTH: MARCH
YEAR: 2021
LATITUDE: 40 28 N
LONGITUDE: 88 56 W
[TEMPERATURE DATA] [PRECIPITATION DATA] SYMBOLS USED IN COLUMN 16
AVERAGE MONTHLY: 44.3 TOTAL FOR MONTH: 3.39 1 = FOG OR MIST
DPTR FM NORMAL: 0.0 DPTR FM NORMAL: M 2 = FOG REDUCING VISIBILITY
HIGHEST: 69 ON 30,10 GRTST 24HR 0.96 ON 18-18 TO 1/4 MILE OR LESS
LOWEST: 19 ON 2 3 = THUNDER
SNOW, ICE PELLETS, HAIL 4 = ICE PELLETS
TOTAL MONTH: M 5 = HAIL
GRTST 24HR M ON M 6 = FREEZING RAIN OR DRIZZLE
GRTST DEPTH: M ON M 7 = DUSTSTORM OR SANDSTORM:
VSBY 1/2 MILE OR LESS
8 = SMOKE OR HAZE
[NO. OF DAYS WITH] [WEATHER - DAYS WITH] 9 = BLOWING SNOW
X = TORNADO
MAX 32 OR BELOW: 0 0.01 INCH OR MORE: 9
MAX 90 OR ABOVE: 0 0.10 INCH OR MORE: 7
MIN 32 OR BELOW: 13 0.50 INCH OR MORE: 2
MIN 0 OR BELOW: 0 1.00 INCH OR MORE: 0
[HDD (BASE 65) ]
TOTAL THIS MO. 635 CLEAR (SCALE 0-3) 17
DPTR FM NORMAL M PTCLDY (SCALE 4-7) 8
TOTAL FM JUL 1 5032 CLOUDY (SCALE 8-10) 6
DPTR FM NORMAL M
[CDD (BASE 65) ]
TOTAL THIS MO. 0
DPTR FM NORMAL M [PRESSURE DATA]
TOTAL FM JAN 1 0 HIGHEST SLP M ON M
DPTR FM NORMAL M LOWEST SLP M ON M
[REMARKS]
#FINAL-03-21#