000
CXUS53 KILX 011000
CF6BMI
PRELIMINARY LOCAL CLIMATOLOGICAL DATA (WS FORM: F-6)
STATION: BLOOMINGTON IL AIRPORT
MONTH: FEBRUARY
YEAR: 2021
LATITUDE: 40 28 N
LONGITUDE: 88 56 W
TEMPERATURE IN F: :PCPN: SNOW: WIND :SUNSHINE: SKY :PK WND
================================================================================
1 2 3 4 5 6A 6B 7 8 9 10 11 12 13 14 15 16 17 18
12Z AVG MX 2MIN
DY MAX MIN AVG DEP HDD CDD WTR SNW DPTH SPD SPD DIR MIN PSBL S-S WX SPD DR
================================================================================
1 32 24 28 M 37 0 T M M 16.9 23 340 M M 4 1 31 330
2 31 18 25 M 40 0 0.00 M M 11.0 16 340 M M 3 M M
3 35 14 25 M 40 0 0.00 M M 8.5 18 160 M M 0 1 M M
4 35 18 27 M 38 0 0.30 M M 22.4 33 280 M M 8 16 47 270
5 28 12 20 M 45 0 T M M 18.5 28 290 M M 4 40 280
6 25 3 14 M 51 0 T M M 10.1 16 310 M M 4 1 17 300
7 7 -7 0 M 65 0 T M M 7.9 15 330 M M 5 1 M M
8 13 3 8 M 57 0 T M M 9.7 15 360 M M 10 1 M M
9 10 5 8 M 57 0 T M M 11.7 16 360 M M 10 1 M M
10 14 7 11 M 54 0 M M M 14.3 17 350 M M 10 1 M M
11 17 7 12 M 53 0 T M M 13.8 20 350 M M 8 18 M M
12 12 5 9 M 56 0 T M M 17.5 21 340 M M 4 30 340
13 8 -3 3 M 62 0 T M M 17.3 22 330 M M 8 1 M M
14 2 -6 -2 M 67 0 T M M 16.9 21 350 M M 7 1 29 340
15 3 -2 1 M 64 0 M M M 19.0 25 340 M M 10 128 32 340
16 M -2 M M M M M M M 11.3 21 340 M M 4 1 M M
17 M -5 M M M M T M M 6.0 10 50 M M 6 1 M M
18 22 6 14 M 51 0 T M M 9.5 14 330 M M 4 1 M M
19 24 2 13 M 52 0 T M M 9.4 16 230 M M 4 1 M M
20 31 12 22 M 43 0 T M M 8.1 14 150 M M 5 M M
21 38 17 28 M 37 0 0.01 M M 20.7 33 170 M M 5 1 40 170
22 40 27 34 M 31 0 0.00 M M 18.2 27 280 M M 6 1 36 280
23 49 35 42 M 23 0 0.00 M M 12.9 22 170 M M 1 M M
24 48 26 37 M 28 0 0.00 M M 14.3 22 300 M M 2 28 300
25 43 24 34 M 31 0 M M M 6.4 10 330 M M 1 1 M M
26 45 27 36 M 29 0 0.02 M M 11.7 20 130 M M 4 1 M M
27 56 30 43 M 22 0 0.00 M M 9.6 14 210 M M 3 12 M M
28 53 30 42 M 23 0 0.18 M M 15.2 23 310 M M 8 12 33 300
================================================================================
SM 721 327 1156 0 0.51 M 368.8 M 148
================================================================================
AV 27.7 11.7 13.2 FASTST M M 5 MAX(MPH)
MISC ----> # 33 280 47 270
================================================================================
NOTES:
# LAST OF SEVERAL OCCURRENCES
COLUMN 17 PEAK WIND IN M.P.H.
PRELIMINARY LOCAL CLIMATOLOGICAL DATA (WS FORM: F-6) , PAGE 2
STATION: BLOOMINGTON IL AIRPORT
MONTH: FEBRUARY
YEAR: 2021
LATITUDE: 40 28 N
LONGITUDE: 88 56 W
[TEMPERATURE DATA] [PRECIPITATION DATA] SYMBOLS USED IN COLUMN 16
AVERAGE MONTHLY: 19.7 TOTAL FOR MONTH: 0.51 1 = FOG OR MIST
DPTR FM NORMAL: 0.0 DPTR FM NORMAL: 0.51 2 = FOG REDUCING VISIBILITY
HIGHEST: 56 ON 27 GRTST 24HR 0.30 ON 4- 4 TO 1/4 MILE OR LESS
LOWEST: -7 ON 7 3 = THUNDER
SNOW, ICE PELLETS, HAIL 4 = ICE PELLETS
TOTAL MONTH: M 5 = HAIL
GRTST 24HR M ON M 6 = FREEZING RAIN OR DRIZZLE
GRTST DEPTH: M ON M 7 = DUSTSTORM OR SANDSTORM:
VSBY 1/2 MILE OR LESS
8 = SMOKE OR HAZE
[NO. OF DAYS WITH] [WEATHER - DAYS WITH] 9 = BLOWING SNOW
X = TORNADO
MAX 32 OR BELOW: 16 0.01 INCH OR MORE: 4
MAX 90 OR ABOVE: 0 0.10 INCH OR MORE: 2
MIN 32 OR BELOW: 27 0.50 INCH OR MORE: 0
MIN 0 OR BELOW: 6 1.00 INCH OR MORE: 0
[HDD (BASE 65) ]
TOTAL THIS MO. 1156 CLEAR (SCALE 0-3) 5
DPTR FM NORMAL M PTCLDY (SCALE 4-7) 17
TOTAL FM JUL 1 4397 CLOUDY (SCALE 8-10) 6
DPTR FM NORMAL M
[CDD (BASE 65) ]
TOTAL THIS MO. 0
DPTR FM NORMAL M [PRESSURE DATA]
TOTAL FM JAN 1 0 HIGHEST SLP M ON M
DPTR FM NORMAL M LOWEST SLP M ON M
[REMARKS]
#FINAL-02-21#