000
CXUS54 KEWX 011010
CF6BMQ
PRELIMINARY LOCAL CLIMATOLOGICAL DATA (WS FORM: F-6)
STATION: BURNET
MONTH: JUNE
YEAR: 2021
LATITUDE: 30 43 N
LONGITUDE: 98 14 W
TEMPERATURE IN F: :PCPN: SNOW: WIND :SUNSHINE: SKY :PK WND
================================================================================
1 2 3 4 5 6A 6B 7 8 9 10 11 12 13 14 15 16 17 18
12Z AVG MX 2MIN
DY MAX MIN AVG DEP HDD CDD WTR SNW DPTH SPD SPD DIR MIN PSBL S-S WX SPD DR
================================================================================
1 80 66 73 -6 0 8 0.25 M M 5.8 12 30 M M 9 13 19 240
2 86 61 74 -5 0 9 1.25 M M 4.8 23 330 M M 5 13 37 320
3 69 61 65 -14 0 0 0.58 M M 3.3 13 60 M M 4 13 18 80
4 79 66 73 -7 0 8 0.11 M M 3.8 12 360 M M 8 13 18 350
5 84 65 75 -5 0 10 0.00 M M 3.1 14 190 M M 5 12 21 200
6 87 68 78 -2 0 13 0.00 M M 7.6 15 140 M M 5 23 150
7 88 75 82 2 0 17 0.02 M M 7.4 14 100 M M 9 18 24 170
8 90 69 80 0 0 15 0.06 M M 7.6 18 190 M M 6 138 30 10
9 91 74 83 3 0 18 0.00 M M 8.6 16 190 M M 5 27 200
10 92 74 83 2 0 18 0.00 M M 9.8 18 190 M M 4 26 190
11 92 76 84 3 0 19 0.00 M M 10.6 18 180 M M 4 30 190
12 91 74 83 2 0 18 0.00 M M 6.2 15 180 M M 2 23 180
13 95 71 83 2 0 18 0.00 M M 2.5 9 80 M M 1 14 70
14 97 73 85 4 0 20 0.00 M M 4.2 15 10 M M 1 23 10
15 96 75 86 5 0 21 0.00 M M 4.9 13 20 M M 1 20 30
16 95 72 84 3 0 19 0.00 M M 3.9 13 100 M M 0 21 90
17 96 71 84 2 0 19 0.00 M M 4.0 10 100 M M 1 16 60
18 93 73 83 1 0 18 0.00 M M 3.8 14 70 M M 1 20 60
19 94 68 81 -1 0 16 0.00 M M 4.2 10 180 M M 0 8 19 140
20 92 72 82 0 0 17 0.00 M M 8.0 15 180 M M 2 25 170
21 96 72 84 2 0 19 0.69 M M 6.9 24 40 M M 6 18 42 30
22 84 69 77 -5 0 12 0.00 M M 6.7 14 30 M M 7 1 22 30
23 94 74 84 2 0 19 0.00 M M 6.6 16 190 M M 5 1 24 190
24 94 74 84 2 0 19 0.00 M 0 9.2 16 170 M M 3 26 180
25 93 75 84 2 0 19 0.00 0.0 0 9.8 20 180 M M 4 31 140
26 93 76 85 3 0 20 0.00 0.0 0 10.8 21 190 M M 5 30 150
27 89 72 81 -1 0 16 0.41 M M 4.9 16 130 M M 4 138 27 150
28 85 71 78 -4 0 13 0.00 M M 6.3 15 100 M M 5 1 22 80
29 87 72 80 -3 0 15 0.01 M M 5.8 16 130 M M 7 13 26 140
30 90 72 81 -2 0 16 0.00 0.0 0 4.6 12 130 M M 6 1 16 170
================================================================================
SM 2692 2131 0 469 3.38 0.0 185.7 M 125
================================================================================
AV 89.7 71.0 6.2 FASTST M M 4 MAX(MPH)
MISC ----> 24 40 42 30
================================================================================
NOTES:
# LAST OF SEVERAL OCCURRENCES
COLUMN 17 PEAK WIND IN M.P.H.
PRELIMINARY LOCAL CLIMATOLOGICAL DATA (WS FORM: F-6) , PAGE 2
STATION: BURNET
MONTH: JUNE
YEAR: 2021
LATITUDE: 30 43 N
LONGITUDE: 98 14 W
[TEMPERATURE DATA] [PRECIPITATION DATA] SYMBOLS USED IN COLUMN 16
AVERAGE MONTHLY: 80.4 TOTAL FOR MONTH: 3.38 1 = FOG OR MIST
DPTR FM NORMAL: -0.8 DPTR FM NORMAL: 0.53 2 = FOG REDUCING VISIBILITY
HIGHEST: 97 ON 14 GRTST 24HR 1.83 ON 2- 3 TO 1/4 MILE OR LESS
LOWEST: 61 ON 3, 2 3 = THUNDER
SNOW, ICE PELLETS, HAIL 4 = ICE PELLETS
TOTAL MONTH: 0.0 INCH 5 = HAIL
GRTST 24HR 0.0 6 = FREEZING RAIN OR DRIZZLE
GRTST DEPTH: 0 7 = DUSTSTORM OR SANDSTORM:
VSBY 1/2 MILE OR LESS
8 = SMOKE OR HAZE
[NO. OF DAYS WITH] [WEATHER - DAYS WITH] 9 = BLOWING SNOW
X = TORNADO
MAX 32 OR BELOW: 0 0.01 INCH OR MORE: 9
MAX 90 OR ABOVE: 19 0.10 INCH OR MORE: 6
MIN 32 OR BELOW: 0 0.50 INCH OR MORE: 3
MIN 0 OR BELOW: 0 1.00 INCH OR MORE: 1
[HDD (BASE 65) ]
TOTAL THIS MO. 0 CLEAR (SCALE 0-3) 10
DPTR FM NORMAL 0 PTCLDY (SCALE 4-7) 17
TOTAL FM JUL 1 1820 CLOUDY (SCALE 8-10) 3
DPTR FM NORMAL -27
[CDD (BASE 65) ]
TOTAL THIS MO. 469
DPTR FM NORMAL -15 [PRESSURE DATA]
TOTAL FM JAN 1 838 HIGHEST SLP 30.11 ON 1
DPTR FM NORMAL -136 LOWEST SLP 29.71 ON 20
[REMARKS]
#FINAL-06-21#