000
CXUS54 KEWX 011010
CF6BMQ
PRELIMINARY LOCAL CLIMATOLOGICAL DATA (WS FORM: F-6)
STATION: BURNET
MONTH: OCTOBER
YEAR: 2023
LATITUDE: 30 43 N
LONGITUDE: 98 14 W
TEMPERATURE IN F: :PCPN: SNOW: WIND :SUNSHINE: SKY :PK WND
================================================================================
1 2 3 4 5 6A 6B 7 8 9 10 11 12 13 14 15 16 17 18
12Z AVG MX 2MIN
DY MAX MIN AVG DEP HDD CDD WTR SNW DPTH SPD SPD DIR MIN PSBL S-S WX SPD DR
================================================================================
1 90 69 80 6 0 15 0.00 M M 6.3 15 110 M M 3 25 120
2 90 69 80 6 0 15 0.00 M M 6.4 15 100 M M 1 24 130
3 92 69 81 7 0 16 0.00 M M 5.8 16 100 M M 2 25 110
4 95 75 85 12 0 20 0.00 M M 6.7 13 200 M M 5 23 170
5 81 68 75 2 0 10 0.73 M M 6.4 22 40 M M 6 13 36 40
6 84 67 76 4 0 11 0.00 M M 6.0 14 40 M M 0 22 20
7 75 58 67 -5 0 2 0.00 M M 8.9 20 40 M M 0 30 40
8 80 50 65 -7 0 0 0.00 M M 3.0 10 200 M M 0 16 190
9 83 54 69 -3 0 4 0.00 M M 5.6 16 180 M M 0 25 210
10 77 63 70 -1 0 5 0.00 M M 5.5 16 180 M M 5 24 170
11 76 64 70 -1 0 5 0.00 M M 6.8 13 140 M M 8 22 170
12 83 67 75 5 0 10 0.00 M M 10.3 20 210 M M 7 29 200
13 89 67 78 8 0 13 T M M 7.7 15 350 M M 5 26 170
14 78 57 68 -2 0 3 0.00 M M 8.1 16 350 M M 0 24 10
15 74 53 64 -6 1 0 0.00 M M 9.2 22 330 M M 0 30 20
16 74 48 61 -8 4 0 0.00 M M 6.1 18 340 M M 0 28 10
17 77 42 60 -9 5 0 0.00 M M 2.9 10 190 M M 0 15 180
18 82 54 68 0 0 3 0.00 M M 6.3 18 180 M M 0 31 180
19 87 57 72 4 0 7 0.00 M M 5.9 20 30 M M 0 27 10
20 97 54 76 8 0 11 0.00 M M 4.6 15 270 M M 0 22 290
21 91 58 75 8 0 10 0.00 M M 2.5 12 190 M M 0 16 230
22 85 66 76 9 0 11 0.00 M M 7.2 15 140 M M 2 24 160
23 79 70 75 9 0 10 0.37 M M 8.4 16 140 M M 7 1 26 150
24 78 71 75 9 0 10 0.99 M M 9.3 17 140 M M 9 13 32 130
25 82 71 77 11 0 12 0.15 M M 8.2 16 140 M M 9 1 28 130
26 81 67 74 9 0 9 1.02 M M 7.1 15 180 M M 7 13 25 180
27 86 73 80 15 0 15 0.24 M M 6.3 13 180 M M 7 1 20 190
28 85 71 78 13 0 13 T M M 7.1 14 200 M M 5 21 150
29 74 40 57 -7 8 0 0.21 M M 10.7 21 350 M M 10 1 34 340
30 50 37 44 -20 21 0 0.79 M M 12.5 22 340 M M 10 13 36 340
31 59 40 50 -14 15 0 0.00 M M 6.9 17 30 M M 3 26 30
================================================================================
SM 2514 1869 54 240 4.50 M 214.7 M 111
================================================================================
AV 81.1 60.3 6.9 FASTST M M 4 MAX(MPH)
MISC ----> # 22 40 # 36 40
================================================================================
NOTES:
# LAST OF SEVERAL OCCURRENCES
COLUMN 17 PEAK WIND IN M.P.H.
PRELIMINARY LOCAL CLIMATOLOGICAL DATA (WS FORM: F-6) , PAGE 2
STATION: BURNET
MONTH: OCTOBER
YEAR: 2023
LATITUDE: 30 43 N
LONGITUDE: 98 14 W
[TEMPERATURE DATA] [PRECIPITATION DATA] SYMBOLS USED IN COLUMN 16
AVERAGE MONTHLY: 70.7 TOTAL FOR MONTH: 4.50 1 = FOG OR MIST
DPTR FM NORMAL: 1.7 DPTR FM NORMAL: 1.32 2 = FOG REDUCING VISIBILITY
HIGHEST: 97 ON 20 GRTST 24HR 1.32 ON 23-24 TO 1/4 MILE OR LESS
LOWEST: 37 ON 30 3 = THUNDER
SNOW, ICE PELLETS, HAIL 4 = ICE PELLETS
TOTAL MONTH: M 5 = HAIL
GRTST 24HR M ON M 6 = FREEZING RAIN OR DRIZZLE
GRTST DEPTH: M ON M 7 = DUSTSTORM OR SANDSTORM:
VSBY 1/2 MILE OR LESS
8 = SMOKE OR HAZE
[NO. OF DAYS WITH] [WEATHER - DAYS WITH] 9 = BLOWING SNOW
X = TORNADO
MAX 32 OR BELOW: 0 0.01 INCH OR MORE: 8
MAX 90 OR ABOVE: 6 0.10 INCH OR MORE: 8
MIN 32 OR BELOW: 0 0.50 INCH OR MORE: 4
MIN 0 OR BELOW: 0 1.00 INCH OR MORE: 1
[HDD (BASE 65) ]
TOTAL THIS MO. 54 CLEAR (SCALE 0-3) 16
DPTR FM NORMAL 2 PTCLDY (SCALE 4-7) 11
TOTAL FM JUL 1 54 CLOUDY (SCALE 8-10) 4
DPTR FM NORMAL 2
[CDD (BASE 65) ]
TOTAL THIS MO. 240
DPTR FM NORMAL 64 [PRESSURE DATA]
TOTAL FM JAN 1 3490 HIGHEST SLP 30.46 ON 31
DPTR FM NORMAL 741 LOWEST SLP 29.60 ON 12
[REMARKS]
#FINAL-10-23#