000
CXUS55 KBOI 011002
CF6BOI
PRELIMINARY LOCAL CLIMATOLOGICAL DATA (WS FORM: F-6)
STATION: BOISE ID
MONTH: JULY
YEAR: 2021
LATITUDE: 43 34 N
LONGITUDE: 116 13 W
TEMPERATURE IN F: :PCPN: SNOW: WIND :SUNSHINE: SKY :PK WND
================================================================================
1 2 3 4 5 6A 6B 7 8 9 10 11 12 13 14 15 16 17 18
12Z AVG MX 2MIN
DY MAX MIN AVG DEP HDD CDD WTR SNW DPTH SPD SPD DIR MIN PSBL S-S WX SPD DR
================================================================================
1 103 72 88 15 0 23 0.02 0.0 0 10.0 26 110 M M 0 3 35 100
2 102 72 87 14 0 22 0.00 0.0 0 6.4 13 300 M M 0 8 20 250
3 103 72 88 14 0 23 0.00 0.0 0 7.4 14 120 M M 0 17 340
4 101 74 88 14 0 23 T 0.0 0 6.3 24 190 M M 0 37 210
5 101 74 88 14 0 23 0.00 0.0 0 7.3 15 350 M M 0 22 130
6 107 71 89 14 0 24 0.00 0.0 0 7.9 26 310 M M 0 33 280
7 99 79 89 14 0 24 0.00 0.0 0 10.4 21 330 M M 0 29 290
8 99 64 82 6 0 17 0.00 0.0 0 5.8 15 300 M M 0 19 290
9 95 64 80 4 0 15 0.00 0.0 0 6.6 15 300 M M 1 22 320
10 104 69 87 11 0 22 0.00 0.0 0 5.5 12 150 M M 0 18 300
11 98 71 85 8 0 20 0.00 0.0 0 6.7 17 300 M M 0 23 280
12 102 66 84 7 0 19 0.00 0.0 0 6.5 16 300 M M 0 22 340
13 97 67 82 5 0 17 0.00 0.0 0 6.8 17 300 M M 1 8 24 310
14 99 67 83 5 0 18 0.00 0.0 0 6.6 14 260 M M 1 8 19 300
15 98 70 84 6 0 19 0.00 0.0 0 6.9 17 350 M M 0 8 23 310
16 96 63 80 2 0 15 0.00 0.0 0 5.2 15 310 M M 0 22 310
17 98 62 80 2 0 15 0.00 0.0 0 5.7 13 310 M M 0 17 320
18 101 67 84 6 0 19 0.00 0.0 M 5.4 13 310 M M 0 8 17 320
19 97 80 89 10 0 24 T 0.0 0 8.7 24 140 M M 0 8 31 150
20 92 73 83 4 0 18 0.05 0.0 0 8.0 29 260 M M 1 38 39 260
21 95 68 82 3 0 17 0.01 0.0 0 8.3 28 80 M M 1 38 37 70
22 91 60 76 -3 0 11 0.00 0.0 0 6.5 15 330 M M 0 8 21 330
23 93 60 77 -2 0 12 0.00 0.0 0 5.5 16 290 M M 0 8 23 300
24 95 60 78 -1 0 13 0.00 0.0 0 4.4 13 280 M M 0 8 18 320
25 98 65 82 3 0 17 0.00 0.0 0 4.9 10 280 M M 0 8 14 280
26 102 70 86 7 0 21 0.00 0.0 0 8.1 22 320 M M 0 8 27 280
27 100 71 86 7 0 21 0.00 0.0 0 6.7 16 300 M M 0 8 21 310
28 97 71 84 5 0 19 T 0.0 0 6.7 15 320 M M 1 38 25 320
29 99 70 85 6 0 20 0.00 0.0 0 7.3 18 280 M M 0 8 26 270
30 100 77 89 10 0 24 T 0.0 0 9.6 26 100 M M 1 8 34 80
31 96 69 83 4 0 18 0.83 0.0 0 9.9 24 110 M M 5 138 32 120
================================================================================
SM 3058 2138 0 593 0.91 0.0 218.0 M 12
================================================================================
AV 98.6 69.0 7.0 FASTST M M 0 MAX(MPH)
MISC ----> 29 260 39 260
================================================================================
NOTES:
# LAST OF SEVERAL OCCURRENCES
COLUMN 17 PEAK WIND IN M.P.H.
PRELIMINARY LOCAL CLIMATOLOGICAL DATA (WS FORM: F-6) , PAGE 2
STATION: BOISE ID
MONTH: JULY
YEAR: 2021
LATITUDE: 43 34 N
LONGITUDE: 116 13 W
[TEMPERATURE DATA] [PRECIPITATION DATA] SYMBOLS USED IN COLUMN 16
AVERAGE MONTHLY: 83.8 TOTAL FOR MONTH: 0.91 1 = FOG OR MIST
DPTR FM NORMAL: 6.5 DPTR FM NORMAL: 0.70 2 = FOG REDUCING VISIBILITY
HIGHEST: 107 ON 6 GRTST 24HR 0.83 ON 31-31 TO 1/4 MILE OR LESS
LOWEST: 60 ON 24,23 3 = THUNDER
SNOW, ICE PELLETS, HAIL 4 = ICE PELLETS
TOTAL MONTH: 0.0 INCH 5 = HAIL
GRTST 24HR 0.0 6 = FREEZING RAIN OR DRIZZLE
GRTST DEPTH: 0 7 = DUSTSTORM OR SANDSTORM:
VSBY 1/2 MILE OR LESS
8 = SMOKE OR HAZE
[NO. OF DAYS WITH] [WEATHER - DAYS WITH] 9 = BLOWING SNOW
X = TORNADO
MAX 32 OR BELOW: 0 0.01 INCH OR MORE: 4
MAX 90 OR ABOVE: 31 0.10 INCH OR MORE: 1
MIN 32 OR BELOW: 0 0.50 INCH OR MORE: 1
MIN 0 OR BELOW: 0 1.00 INCH OR MORE: 0
[HDD (BASE 65) ]
TOTAL THIS MO. 0 CLEAR (SCALE 0-3) 30
DPTR FM NORMAL -5 PTCLDY (SCALE 4-7) 1
TOTAL FM JUL 1 0 CLOUDY (SCALE 8-10) 0
DPTR FM NORMAL -1
[CDD (BASE 65) ]
TOTAL THIS MO. 593
DPTR FM NORMAL 207 [PRESSURE DATA]
TOTAL FM JAN 1 976 HIGHEST SLP 30.08 ON 31
DPTR FM NORMAL 402 LOWEST SLP 29.66 ON 15
[REMARKS]
#FINAL-07-21#