000
CXUS54 KMAF 011110
CF6BPG
PRELIMINARY LOCAL CLIMATOLOGICAL DATA (WS FORM: F-6)
STATION: BIG SPRING MCMAHON-WRINKLE FI
MONTH: OCTOBER
YEAR: 2021
LATITUDE: 32 12 N
LONGITUDE: 101 31 W
TEMPERATURE IN F: :PCPN: SNOW: WIND :SUNSHINE: SKY :PK WND
================================================================================
1 2 3 4 5 6A 6B 7 8 9 10 11 12 13 14 15 16 17 18
12Z AVG MX 2MIN
DY MAX MIN AVG DEP HDD CDD WTR SNW DPTH SPD SPD DIR MIN PSBL S-S WX SPD DR
================================================================================
1 76 59 68 M 0 3 M M M M M M M M 7 1 M M
2 82 60 71 M 0 6 0.01 M M M M M M M 6 M M
3 83 55 69 M 0 4 M M M M M M M M 0 M M
4 87 51 69 M 0 4 M M M M M M M M 0 M M
5 91 56 74 M 0 9 M M M M M M M M 2 M M
6 88 60 74 M 0 9 M M M M M M M M 0 M M
7 95 61 78 M 0 13 M M M M M M M M 0 M M
8 95 66 81 M 0 16 M M M M M M M M 0 M M
9 98 64 81 M 0 16 M M M M M M M M 0 M M
10 94 56 75 M 0 10 M M M M M M M M 1 8 M M
11 84 44 64 M 1 0 M M M M M M M M 0 M M
12 91 62 77 M 0 12 M M M M M M M M 2 M M
13 78 53 66 M 0 1 M M M M M M M M 2 1 M M
14 87 49 68 M 0 3 M M M 10.6 20 260 M M 0 8 28 220
15 72 46 59 M 6 0 M M M 10.8 20 20 M M 0 8 24 360
16 72 38 55 M 10 0 M M M 5.8 13 50 M M 0 M M
17 74 38 56 M 9 0 M M M 6.5 14 160 M M 0 18 140
18 80 51 66 M 0 1 M M M 13.2 21 180 M M 0 26 180
19 88 60 74 M 0 9 M M M 15.1 22 180 M M 0 25 180
20 87 57 72 M 0 7 M M M 5.8 12 170 M M 0 8 M M
21 82 61 72 M 0 7 M M M 9.2 15 70 M M 5 17 150
22 86 60 73 M 0 8 M M M 11.2 16 160 M M 1 23 170
23 90 62 76 M 0 11 M M M 15.6 21 180 M M 2 26 180
24 88 61 75 M 0 10 M M M 8.4 18 190 M M 0 28 190
25 92 52 72 M 0 7 M M M 7.0 14 170 M M 0 18 190
26 93 68 81 M 0 16 M M M 16.5 23 180 M M 0 31 200
27 71 49 60 M 5 0 M M M 14.9 33 340 M M 2 8 39 340
28 72 40 56 M 9 0 M M M 9.7 23 350 M M 0 8 32 350
29 76 39 58 M 7 0 M M M 6.3 17 320 M M 0 23 300
30 86 42 64 M 1 0 M M M 8.4 14 210 M M 0 22 210
31 71 46 59 M 6 0 M M M 11.0 21 40 M M 2 8 23 50
================================================================================
SM 2609 1666 54 182 0.01 M 186.2 M 32
================================================================================
AV 84.2 53.7 10.3 FASTST M M 1 MAX(MPH)
MISC ----> 33 340 39 340
================================================================================
NOTES:
# LAST OF SEVERAL OCCURRENCES
COLUMN 17 PEAK WIND IN M.P.H.
PRELIMINARY LOCAL CLIMATOLOGICAL DATA (WS FORM: F-6) , PAGE 2
STATION: BIG SPRING MCMAHON-WRINKLE FI
MONTH: OCTOBER
YEAR: 2021
LATITUDE: 32 12 N
LONGITUDE: 101 31 W
[TEMPERATURE DATA] [PRECIPITATION DATA] SYMBOLS USED IN COLUMN 16
AVERAGE MONTHLY: 69.0 TOTAL FOR MONTH: 0.01 1 = FOG OR MIST
DPTR FM NORMAL: 0.0 DPTR FM NORMAL: M 2 = FOG REDUCING VISIBILITY
HIGHEST: 98 ON 9 GRTST 24HR 0.01 ON 2- 2 TO 1/4 MILE OR LESS
LOWEST: 38 ON 17,16 3 = THUNDER
SNOW, ICE PELLETS, HAIL 4 = ICE PELLETS
TOTAL MONTH: M 5 = HAIL
GRTST 24HR M ON M 6 = FREEZING RAIN OR DRIZZLE
GRTST DEPTH: M ON M 7 = DUSTSTORM OR SANDSTORM:
VSBY 1/2 MILE OR LESS
8 = SMOKE OR HAZE
[NO. OF DAYS WITH] [WEATHER - DAYS WITH] 9 = BLOWING SNOW
X = TORNADO
MAX 32 OR BELOW: 0 0.01 INCH OR MORE: 1
MAX 90 OR ABOVE: 9 0.10 INCH OR MORE: 0
MIN 32 OR BELOW: 0 0.50 INCH OR MORE: 0
MIN 0 OR BELOW: 0 1.00 INCH OR MORE: 0
[HDD (BASE 65) ]
TOTAL THIS MO. 54 CLEAR (SCALE 0-3) 28
DPTR FM NORMAL M PTCLDY (SCALE 4-7) 3
TOTAL FM JUL 1 54 CLOUDY (SCALE 8-10) 0
DPTR FM NORMAL M
[CDD (BASE 65) ]
TOTAL THIS MO. 182
DPTR FM NORMAL M [PRESSURE DATA]
TOTAL FM JAN 1 2325 HIGHEST SLP M ON M
DPTR FM NORMAL M LOWEST SLP M ON M
[REMARKS]
#FINAL-10-21#