000
CXUS54 KMAF 011210
CF6BPG
PRELIMINARY LOCAL CLIMATOLOGICAL DATA (WS FORM: F-6)
STATION: BIG SPRING MCMAHON-WRINKLE FI
MONTH: NOVEMBER
YEAR: 2023
LATITUDE: 32 12 N
LONGITUDE: 101 31 W
TEMPERATURE IN F: :PCPN: SNOW: WIND :SUNSHINE: SKY :PK WND
================================================================================
1 2 3 4 5 6A 6B 7 8 9 10 11 12 13 14 15 16 17 18
12Z AVG MX 2MIN
DY MAX MIN AVG DEP HDD CDD WTR SNW DPTH SPD SPD DIR MIN PSBL S-S WX SPD DR
================================================================================
1 60 31 46 M 19 0 M M M 8.4 15 200 M M 0 18 190
2 69 41 55 M 10 0 M M M 11.9 16 180 M M 0 18 190
3 75 45 60 M 5 0 M M M 13.7 20 200 M M 0 24 200
4 81 47 64 M 1 0 M M M 9.6 14 170 M M 0 1 M M
5 80 47 64 M 1 0 M M M 10.3 15 210 M M 0 20 190
6 87 55 71 M 0 6 M M M 10.5 15 180 M M 0 18 210
7 89 55 72 M 0 7 M M M 10.4 20 230 M M 0 28 240
8 88 59 74 M 0 9 M M M 10.7 20 50 M M 0 26 260
9 63 45 54 M 11 0 0.35 M M 16.0 23 40 M M 0 1 35 40
10 55 44 50 M 15 0 0.12 M M 9.2 15 50 M M 0 1 M M
11 53 45 49 M 16 0 0.02 M M 5.5 9 30 M M 0 1 M M
12 58 50 54 M 11 0 M M M 2.8 8 110 M M 0 1 M M
13 57 49 53 M 12 0 0.06 M M 6.0 14 90 M M 0 1 M M
14 56 48 52 M 13 0 0.02 M M 5.3 10 240 M M 0 1 M M
15 65 51 58 M 7 0 M M M 4.2 9 120 M M 0 1 M M
16 67 49 58 M 7 0 M M M 10.7 17 200 M M 0 M M
17 69 51 60 M 5 0 M M M 7.9 14 360 M M 1 16 20
18 60 49 55 M 10 0 M M M 7.5 16 150 M M 9 1 18 150
19 74 52 63 M 2 0 M M M 12.3 25 250 M M 5 1 31 250
20 67 46 57 M 8 0 M M M 12.3 24 340 M M 1 29 340
21 58 35 47 M 18 0 M M M 14.1 24 360 M M 4 32 360
22 63 32 48 M 17 0 M M M 4.9 10 160 M M 0 M M
23 66 35 51 M 14 0 M M M 9.6 14 160 M M 0 18 200
24 56 39 48 M 17 0 M M M 12.9 20 50 M M 4 24 50
25 54 41 48 M 17 0 M M M 10.7 16 60 M M 10 21 50
26 51 33 42 M 23 0 M M M 10.6 18 350 M M 1 18 20
27 53 31 42 M 23 0 M M M 5.8 12 140 M M 6 M M
28 59 35 47 M 18 0 M M M 6.7 16 210 M M 2 21 210
29 62 38 50 M 15 0 M M M 13.4 25 170 M M 3 35 180
30 69 48 59 M 6 0 M M M 18.7 33 260 M M 5 8 44 260
================================================================================
SM 1964 1326 321 22 0.57 M 292.7 M 51
================================================================================
AV 65.5 44.2 9.8 FASTST M M 2 MAX(MPH)
MISC ----> 33 260 44 260
================================================================================
NOTES:
# LAST OF SEVERAL OCCURRENCES
COLUMN 17 PEAK WIND IN M.P.H.
PRELIMINARY LOCAL CLIMATOLOGICAL DATA (WS FORM: F-6) , PAGE 2
STATION: BIG SPRING MCMAHON-WRINKLE FI
MONTH: NOVEMBER
YEAR: 2023
LATITUDE: 32 12 N
LONGITUDE: 101 31 W
[TEMPERATURE DATA] [PRECIPITATION DATA] SYMBOLS USED IN COLUMN 16
AVERAGE MONTHLY: 54.8 TOTAL FOR MONTH: 0.57 1 = FOG OR MIST
DPTR FM NORMAL: 0.0 DPTR FM NORMAL: M 2 = FOG REDUCING VISIBILITY
HIGHEST: 89 ON 7 GRTST 24HR 0.35 ON 9- 9 TO 1/4 MILE OR LESS
LOWEST: 31 ON 27, 1 3 = THUNDER
SNOW, ICE PELLETS, HAIL 4 = ICE PELLETS
TOTAL MONTH: M 5 = HAIL
GRTST 24HR M ON M 6 = FREEZING RAIN OR DRIZZLE
GRTST DEPTH: M ON M 7 = DUSTSTORM OR SANDSTORM:
VSBY 1/2 MILE OR LESS
8 = SMOKE OR HAZE
[NO. OF DAYS WITH] [WEATHER - DAYS WITH] 9 = BLOWING SNOW
X = TORNADO
MAX 32 OR BELOW: 0 0.01 INCH OR MORE: 5
MAX 90 OR ABOVE: 0 0.10 INCH OR MORE: 2
MIN 32 OR BELOW: 3 0.50 INCH OR MORE: 0
MIN 0 OR BELOW: 0 1.00 INCH OR MORE: 0
[HDD (BASE 65) ]
TOTAL THIS MO. 321 CLEAR (SCALE 0-3) 23
DPTR FM NORMAL M PTCLDY (SCALE 4-7) 5
TOTAL FM JUL 1 424 CLOUDY (SCALE 8-10) 2
DPTR FM NORMAL M
[CDD (BASE 65) ]
TOTAL THIS MO. 22
DPTR FM NORMAL M [PRESSURE DATA]
TOTAL FM JAN 1 3014 HIGHEST SLP M ON M
DPTR FM NORMAL M LOWEST SLP M ON M
[REMARKS]
#FINAL-11-23#