000
CXUS54 KLCH 010830
CF6BPT
PRELIMINARY LOCAL CLIMATOLOGICAL DATA (WS FORM: F-6)
STATION: BEAUMONT PORT ARTHUR
MONTH: MARCH
YEAR: 2021
LATITUDE: 29 57 N
LONGITUDE: 94 1 W
TEMPERATURE IN F: :PCPN: SNOW: WIND :SUNSHINE: SKY :PK WND
================================================================================
1 2 3 4 5 6A 6B 7 8 9 10 11 12 13 14 15 16 17 18
12Z AVG MX 2MIN
DY MAX MIN AVG DEP HDD CDD WTR SNW DPTH SPD SPD DIR MIN PSBL S-S WX SPD DR
================================================================================
1 76 52 64 5 1 0 0.42 0.0 M 11.2 28 40 M M 9 12 39 50
2 62 46 54 -5 11 0 0.88 0.0 M 13.4 29 350 M M 6 1 36 350
3 67 40 54 -5 11 0 0.00 0.0 M 5.9 13 40 M M 0 1 18 30
4 69 41 55 -4 10 0 0.00 0.0 M 3.9 13 180 M M 0 1 18 150
5 65 47 56 -4 9 0 T 0.0 M 7.7 18 30 M M 7 1 24 40
6 69 50 60 0 5 0 0.00 0.0 M 11.9 18 360 M M 2 25 350
7 67 40 54 -6 11 0 0.00 0.0 M 7.8 18 100 M M 0 8 25 100
8 71 42 57 -3 8 0 0.00 0.0 M 9.0 17 120 M M 5 18 25 100
9 75 54 65 5 0 0 0.00 0.0 M 13.3 24 150 M M 2 31 150
10 77 62 70 9 0 5 0.00 0.0 M 17.4 26 160 M M 6 36 180
11 77 65 71 10 0 6 0.00 0.0 M 15.4 24 160 M M 6 32 170
12 81 62 72 11 0 7 0.00 0.0 M 11.6 20 120 M M 7 28 160
13 80 58 69 8 0 4 0.00 0.0 M 12.3 23 140 M M 7 12 31 150
14 79 65 72 10 0 7 T 0.0 M 15.8 31 140 M M 8 1 40 130
15 81 64 73 11 0 8 T 0.0 M 6.0 16 170 M M 8 12 22 180
16 82 67 75 13 0 10 0.02 0.0 M 9.2 17 160 M M 9 12 25 160
17 77 58 68 6 0 3 0.20 0.0 M 14.0 24 160 M M 6 13 35 160
18 68 46 57 -5 8 0 0.00 0.0 M 13.9 23 310 M M 0 36 310
19 64 44 54 -9 11 0 0.00 0.0 0 10.6 20 10 M M 3 27 360
20 63 43 53 -10 12 0 0.00 0.0 M 9.4 17 60 M M 2 27 50
21 70 41 56 -7 9 0 0.00 0.0 M 5.9 10 150 M M 2 17 150
22 74 56 65 2 0 0 0.01 0.0 M 13.7 25 140 M M 7 33 130
23 83 59 71 7 0 6 0.28 0.0 M 6.4 20 150 M M 5 13 26 160
24 71 63 67 3 0 2 0.01 0.0 M 17.1 29 110 M M 10 1 38 110
25 83 57 70 6 0 5 0.01 0.0 M 9.0 20 170 M M 5 18 26 170
26 82 54 68 4 0 3 0.00 0.0 M 10.5 20 80 M M 4 18 25 80
27 80 70 75 11 0 10 0.00 0.0 M 11.5 22 150 M M 10 1 29 150
28 72 49 61 -3 4 0 0.04 0.0 M 10.1 25 360 M M 7 1 37 350
29 72 45 59 -6 6 0 0.00 0.0 M 7.6 16 70 M M 1 22 100
30 81 65 73 8 0 8 T 0.0 0 12.5 25 180 M M 9 1 35 190
31 85 55 70 5 0 5 0.25 0.0 M 11.6 28 10 M M 9 13 40 350
================================================================================
SM 2303 1660 116 89 2.12 0.0 335.6 M 162
================================================================================
AV 74.3 53.5 10.8 FASTST M M 5 MAX(MPH)
MISC ----> 31 140 # 40 130
================================================================================
NOTES:
# LAST OF SEVERAL OCCURRENCES
COLUMN 17 PEAK WIND IN M.P.H.
PRELIMINARY LOCAL CLIMATOLOGICAL DATA (WS FORM: F-6) , PAGE 2
STATION: BEAUMONT PORT ARTHUR
MONTH: MARCH
YEAR: 2021
LATITUDE: 29 57 N
LONGITUDE: 94 1 W
[TEMPERATURE DATA] [PRECIPITATION DATA] SYMBOLS USED IN COLUMN 16
AVERAGE MONTHLY: 63.9 TOTAL FOR MONTH: 2.12 1 = FOG OR MIST
DPTR FM NORMAL: 1.9 DPTR FM NORMAL: -1.41 2 = FOG REDUCING VISIBILITY
HIGHEST: 85 ON 31 GRTST 24HR 1.30 ON 1- 2 TO 1/4 MILE OR LESS
LOWEST: 40 ON 7, 3 3 = THUNDER
SNOW, ICE PELLETS, HAIL 4 = ICE PELLETS
TOTAL MONTH: 0.0 INCH 5 = HAIL
GRTST 24HR 0.0 6 = FREEZING RAIN OR DRIZZLE
GRTST DEPTH: 0 7 = DUSTSTORM OR SANDSTORM:
VSBY 1/2 MILE OR LESS
8 = SMOKE OR HAZE
[NO. OF DAYS WITH] [WEATHER - DAYS WITH] 9 = BLOWING SNOW
X = TORNADO
MAX 32 OR BELOW: 0 0.01 INCH OR MORE: 10
MAX 90 OR ABOVE: 0 0.10 INCH OR MORE: 5
MIN 32 OR BELOW: 0 0.50 INCH OR MORE: 1
MIN 0 OR BELOW: 0 1.00 INCH OR MORE: 0
[HDD (BASE 65) ]
TOTAL THIS MO. 116 CLEAR (SCALE 0-3) 9
DPTR FM NORMAL -32 PTCLDY (SCALE 4-7) 15
TOTAL FM JUL 1 1297 CLOUDY (SCALE 8-10) 7
DPTR FM NORMAL -64
[CDD (BASE 65) ]
TOTAL THIS MO. 89
DPTR FM NORMAL 34 [PRESSURE DATA]
TOTAL FM JAN 1 123 HIGHEST SLP 30.48 ON 8
DPTR FM NORMAL 42 LOWEST SLP 29.58 ON 25
[REMARKS]
#FINAL-03-21#