000
CXUS55 KDVN 011000
CF6BRL
PRELIMINARY LOCAL CLIMATOLOGICAL DATA (WS FORM: F-6)
STATION: BURLINGTON IA
MONTH: JULY
YEAR: 2022
LATITUDE: 40 46 N
LONGITUDE: 91 7 W
TEMPERATURE IN F: :PCPN: SNOW: WIND :SUNSHINE: SKY :PK WND
================================================================================
1 2 3 4 5 6A 6B 7 8 9 10 11 12 13 14 15 16 17 18
12Z AVG MX 2MIN
DY MAX MIN AVG DEP HDD CDD WTR SNW DPTH SPD SPD DIR MIN PSBL S-S WX SPD DR
================================================================================
1 75 63 69 -6 0 4 0.11 M M 4.4 15 360 M M 4 138 19 10
2 81 58 70 -5 0 5 0.00 M M 3.4 12 140 M M 0 12 16 130
3 88 60 74 -2 0 9 0.00 M M 6.5 15 150 M M 0 1 20 110
4 94 72 83 7 0 18 0.00 M M 11.0 20 190 M M 2 28 210
5 97 72 85 9 0 20 0.43 M M 9.8 35 330 M M 1 13 51 330
6 84 71 78 2 0 13 0.11 M M 4.7 12 20 M M 6 1 14 40
7 80 72 76 0 0 11 0.76 M M 4.1 14 70 M M 7 123 21 70
8 79 70 75 -1 0 10 0.07 M M 8.3 20 50 M M 9 1 26 50
9 83 65 74 -2 0 9 0.00 M M 9.1 16 40 M M 2 22 40
10 83 62 73 -3 0 8 0.00 M M 6.1 14 170 M M 0 20 180
11 87 70 79 3 0 14 T M M 6.2 17 350 M M M 3 26 330
12 84 64 74 -2 0 9 0.00 M M 5.2 13 340 M M 1 20 270
13 87 63 75 -1 0 10 0.00 M M 4.5 13 270 M M 2 8 19 270
14 86 68 77 1 0 12 0.00 M M 7.1 12 150 M M 3 19 150
15 81 70 76 0 0 11 0.52 M M 10.5 21 30 M M 7 13 30 20
16 78 70 74 -2 0 9 0.00 M M 8.0 14 40 M M 9 18 21 70
17 82 69 76 0 0 11 0.04 M M 5.4 14 360 M M 5 1 20 350
18 87 64 76 0 0 11 0.00 M M 3.7 7 280 M M 0 8 12 320
19 89 65 77 1 0 12 0.00 M M 9.2 18 190 M M 0 1 27 190
20 87 69 78 2 0 13 0.00 M M 7.3 17 290 M M 0 26 300
21 91 62 77 1 0 12 0.00 M M 6.9 20 230 M M 0 18 30 240
22 88 59 74 -2 0 9 0.00 M M 6.9 15 170 M M 0 21 190
23 95 74 85 9 0 20 0.00 M M 9.1 20 210 M M 0 27 220
24 85 66 76 0 0 11 0.22 M M 9.2 21 270 M M 2 13 36 280
25 77 59 68 -8 0 3 T M M 2.3 8 300 M M 1 12 310
26 75 63 69 -6 0 4 T M M 4.7 9 170 M M 7 1 13 140
27 86 64 75 0 0 10 0.00 M M 5.8 14 330 M M 5 18 23 330
28 82 63 73 -2 0 8 0.00 M M 7.3 14 350 M M 2 22 350
29 81 57 69 -6 0 4 0.00 M M 5.0 13 330 M M 1 18 20 310
30 84 56 70 -5 0 5 0.00 M M 3.5 10 220 M M 1 1 15 190
31 81 60 71 -4 0 6 0.00 M M 6.6 15 190 M M 5 20 180
================================================================================
SM 2617 2020 0 311 2.26 M 201.8 M 82
================================================================================
AV 84.4 65.2 6.5 FASTST M M 3 MAX(MPH)
MISC ----> 35 330 51 330
================================================================================
NOTES:
# LAST OF SEVERAL OCCURRENCES
COLUMN 17 PEAK WIND IN M.P.H.
PRELIMINARY LOCAL CLIMATOLOGICAL DATA (WS FORM: F-6) , PAGE 2
STATION: BURLINGTON IA
MONTH: JULY
YEAR: 2022
LATITUDE: 40 46 N
LONGITUDE: 91 7 W
[TEMPERATURE DATA] [PRECIPITATION DATA] SYMBOLS USED IN COLUMN 16
AVERAGE MONTHLY: 74.8 TOTAL FOR MONTH: 2.26 1 = FOG OR MIST
DPTR FM NORMAL: -0.8 DPTR FM NORMAL: -1.76 2 = FOG REDUCING VISIBILITY
HIGHEST: 97 ON 5 GRTST 24HR 0.81 ON 7- 8 TO 1/4 MILE OR LESS
LOWEST: 56 ON 30 3 = THUNDER
SNOW, ICE PELLETS, HAIL 4 = ICE PELLETS
TOTAL MONTH: M 5 = HAIL
GRTST 24HR M ON M 6 = FREEZING RAIN OR DRIZZLE
GRTST DEPTH: M ON M 7 = DUSTSTORM OR SANDSTORM:
VSBY 1/2 MILE OR LESS
8 = SMOKE OR HAZE
[NO. OF DAYS WITH] [WEATHER - DAYS WITH] 9 = BLOWING SNOW
X = TORNADO
MAX 32 OR BELOW: 0 0.01 INCH OR MORE: 8
MAX 90 OR ABOVE: 4 0.10 INCH OR MORE: 6
MIN 32 OR BELOW: 0 0.50 INCH OR MORE: 2
MIN 0 OR BELOW: 0 1.00 INCH OR MORE: 0
[HDD (BASE 65) ]
TOTAL THIS MO. 0 CLEAR (SCALE 0-3) 20
DPTR FM NORMAL -2 PTCLDY (SCALE 4-7) 8
TOTAL FM JUL 1 0 CLOUDY (SCALE 8-10) 3
DPTR FM NORMAL 0
[CDD (BASE 65) ]
TOTAL THIS MO. 311
DPTR FM NORMAL -19 [PRESSURE DATA]
TOTAL FM JAN 1 713 HIGHEST SLP 30.20 ON 30
DPTR FM NORMAL 52 LOWEST SLP 29.66 ON 20
[REMARKS]
#FINAL-07-22#