000
CXUS54 KBRO 010900
CF6BRO
PRELIMINARY LOCAL CLIMATOLOGICAL DATA (WS FORM: F-6)
STATION: BROWNSVILLE
MONTH: NOVEMBER
YEAR: 2021
LATITUDE: 25 53 N
LONGITUDE: 97 26 W
TEMPERATURE IN F: :PCPN: SNOW: WIND :SUNSHINE: SKY :PK WND
================================================================================
1 2 3 4 5 6A 6B 7 8 9 10 11 12 13 14 15 16 17 18
12Z AVG MX 2MIN
DY MAX MIN AVG DEP HDD CDD WTR SNW DPTH SPD SPD DIR MIN PSBL S-S WX SPD DR
================================================================================
1 87 64 76 2 0 11 0.00 0.0 0 6.8 16 80 M M 2 22 70
2 88 64 76 2 0 11 0.00 0.0 0 6.9 16 110 M M 3 25 150
3 88 67 78 4 0 13 0.00 0.0 0 8.7 18 110 M M 2 27 120
4 77 59 68 -5 0 3 0.99 0.0 0 13.4 32 30 M M 10 13 47 40
5 73 55 64 -9 1 0 0.00 0.0 0 9.3 17 330 M M 3 24 300
6 80 53 67 -6 0 2 0.00 0.0 0 5.4 14 50 M M 1 19 40
7 83 54 69 -4 0 4 0.00 0.0 0 5.0 12 90 M M 1 1 18 40
8 84 64 74 2 0 9 0.00 0.0 0 7.1 15 110 M M 4 21 80
9 87 62 75 3 0 10 0.00 0.0 0 6.6 14 100 M M 2 19 130
10 85 69 77 5 0 12 T 0.0 0 10.9 23 150 M M 4 29 140
11 90 68 79 7 0 14 0.00 0.0 0 5.2 15 180 M M 1 19 80
12 89 67 78 7 0 13 0.00 0.0 0 3.6 13 80 M M 1 1 18 70
13 81 61 71 0 0 6 0.31 0.0 0 8.3 21 40 M M 2 1 29 50
14 84 59 72 1 0 7 0.00 0.0 0 5.6 16 140 M M 0 22 150
15 87 63 75 4 0 10 0.00 0.0 0 8.2 17 140 M M 2 23 150
16 87 63 75 5 0 10 0.00 0.0 0 11.2 24 150 M M 1 32 150
17 88 65 77 7 0 12 0.00 0.0 0 10.6 25 160 M M 2 32 150
18 85 60 73 3 0 8 2.25 0.0 0 10.3 30 310 M M 8 13 42 320
19 77 58 68 -2 0 3 0.00 0.0 0 10.0 16 320 M M 5 25 320
20 85 58 72 3 0 7 0.00 0.0 0 6.2 15 130 M M 1 20 120
21 86 65 76 7 0 11 0.00 0.0 0 7.3 18 140 M M 4 1 25 150
22 74 61 68 -1 0 3 0.16 0.0 0 8.4 22 360 M M 5 1 32 10
23 80 56 68 -1 0 3 0.00 0.0 0 5.6 13 110 M M 0 19 100
24 84 67 76 8 0 11 T 0.0 0 11.8 24 140 M M 6 33 150
25 80 57 69 1 0 4 0.13 0.0 0 9.0 30 20 M M 9 1 44 10
26 61 56 59 -9 6 0 T 0.0 0 12.4 18 330 M M 10 30 330
27 69 54 62 -6 3 0 T 0.0 0 8.5 15 330 M M 9 23 350
28 73 54 64 -4 1 0 0.00 0.0 0 8.7 15 320 M M 6 18 21 330
29 77 55 66 -2 0 1 0.00 0.0 0 5.1 12 60 M M 3 12 18 20
30 80 52 66 -1 0 1 0.00 0.0 0 4.6 13 110 M M 2 128 18 130
================================================================================
SM 2449 1810 11 199 3.84 0.0 240.7 M 109
================================================================================
AV 81.6 60.3 8.0 FASTST M M 4 MAX(MPH)
MISC ----> 32 30 47 40
================================================================================
NOTES:
# LAST OF SEVERAL OCCURRENCES
COLUMN 17 PEAK WIND IN M.P.H.
PRELIMINARY LOCAL CLIMATOLOGICAL DATA (WS FORM: F-6) , PAGE 2
STATION: BROWNSVILLE
MONTH: NOVEMBER
YEAR: 2021
LATITUDE: 25 53 N
LONGITUDE: 97 26 W
[TEMPERATURE DATA] [PRECIPITATION DATA] SYMBOLS USED IN COLUMN 16
AVERAGE MONTHLY: 71.0 TOTAL FOR MONTH: 3.84 1 = FOG OR MIST
DPTR FM NORMAL: 0.5 DPTR FM NORMAL: 2.08 2 = FOG REDUCING VISIBILITY
HIGHEST: 90 ON 11 GRTST 24HR 2.25 ON 18-18 TO 1/4 MILE OR LESS
LOWEST: 52 ON 30 3 = THUNDER
SNOW, ICE PELLETS, HAIL 4 = ICE PELLETS
TOTAL MONTH: 0.0 INCH 5 = HAIL
GRTST 24HR 0.0 6 = FREEZING RAIN OR DRIZZLE
GRTST DEPTH: 0 7 = DUSTSTORM OR SANDSTORM:
VSBY 1/2 MILE OR LESS
8 = SMOKE OR HAZE
[NO. OF DAYS WITH] [WEATHER - DAYS WITH] 9 = BLOWING SNOW
X = TORNADO
MAX 32 OR BELOW: 0 0.01 INCH OR MORE: 5
MAX 90 OR ABOVE: 1 0.10 INCH OR MORE: 5
MIN 32 OR BELOW: 0 0.50 INCH OR MORE: 2
MIN 0 OR BELOW: 0 1.00 INCH OR MORE: 1
[HDD (BASE 65) ]
TOTAL THIS MO. 11 CLEAR (SCALE 0-3) 15
DPTR FM NORMAL -32 PTCLDY (SCALE 4-7) 11
TOTAL FM JUL 1 11 CLOUDY (SCALE 8-10) 4
DPTR FM NORMAL -37
[CDD (BASE 65) ]
TOTAL THIS MO. 199
DPTR FM NORMAL -11 [PRESSURE DATA]
TOTAL FM JAN 1 4391 HIGHEST SLP 30.35 ON 19
DPTR FM NORMAL -47 LOWEST SLP 29.84 ON 11
[REMARKS]
#FINAL-11-21#