000
CXUS54 KBRO 010900
CF6BRO
PRELIMINARY LOCAL CLIMATOLOGICAL DATA (WS FORM: F-6)
STATION: BROWNSVILLE
MONTH: AUGUST
YEAR: 2020
LATITUDE: 25 53 N
LONGITUDE: 97 26 W
TEMPERATURE IN F: :PCPN: SNOW: WIND :SUNSHINE: SKY :PK WND
================================================================================
1 2 3 4 5 6A 6B 7 8 9 10 11 12 13 14 15 16 17 18
12Z AVG MX 2MIN
DY MAX MIN AVG DEP HDD CDD WTR SNW DPTH SPD SPD DIR MIN PSBL S-S WX SPD DR
================================================================================
1 94 78 86 0 0 21 0.01 0.0 0 6.8 17 110 M M 3 38 21 120
2 93 78 86 0 0 21 0.12 0.0 0 3.3 18 320 M M 3 3 23 310
3 94 77 86 0 0 21 0.00 0.0 0 5.0 17 140 M M 2 3 22 130
4 94 76 85 -1 0 20 0.00 0.0 0 5.9 15 110 M M 1 19 110
5 95 79 87 1 0 22 0.00 0.0 0 7.8 17 140 M M 1 22 120
6 94 79 87 1 0 22 0.00 0.0 0 8.9 17 130 M M 1 23 100
7 95 80 88 2 0 23 0.00 0.0 0 8.0 17 140 M M 2 23 150
8 95 79 87 1 0 22 0.23 0.0 0 9.3 23 140 M M 1 8 28 150
9 95 78 87 1 0 22 0.07 0.0 0 9.2 25 120 M M 1 33 120
10 95 77 86 0 0 21 0.00 0.0 0 7.8 17 110 M M 1 24 150
11 96 79 88 2 0 23 0.00 0.0 0 10.6 23 160 M M 1 30 150
12 95 81 88 2 0 23 0.00 0.0 M 11.2 21 140 M M 1 28 120
13 96 77 87 1 0 22 0.00 0.0 0 8.8 18 160 M M 1 23 150
14 95 77 86 0 0 21 0.00 0.0 0 8.5 18 160 M M 0 23 140
15 96 77 87 1 0 22 0.00 0.0 0 8.7 18 120 M M 1 23 120
16 96 76 86 0 0 21 0.00 0.0 0 7.5 18 120 M M 1 26 110
17 96 77 87 1 0 22 0.00 0.0 0 5.5 17 50 M M 1 22 60
18 97 76 87 2 0 22 0.00 0.0 0 3.9 15 120 M M 1 20 70
19 97 76 87 2 0 22 0.00 0.0 0 4.5 14 90 M M 1 3 17 90
20 98 76 87 2 0 22 0.00 0.0 0 7.4 20 130 M M 1 25 150
21 97 77 87 2 0 22 0.00 0.0 0 8.7 16 160 M M 0 22 170
22 97 76 87 2 0 22 0.00 0.0 0 6.9 18 90 M M 1 24 80
23 93 77 85 0 0 20 T 0.0 0 6.6 21 120 M M 2 3 26 130
24 94 75 85 0 0 20 T 0.0 0 7.7 20 40 M M 1 25 50
25 95 78 87 2 0 22 0.03 0.0 0 5.5 17 50 M M 2 22 40
26 97 77 87 2 0 22 0.00 0.0 0 7.7 16 60 M M 2 23 50
27 100 79 90 5 0 25 0.00 0.0 0 11.9 22 150 M M 1 30 140
28 97 82 90 5 0 25 0.00 0.0 0 13.3 23 160 M M 1 29 150
29 98 81 90 6 0 25 0.00 0.0 0 10.9 20 150 M M 2 24 140
30 97 82 90 6 0 25 0.00 0.0 0 14.0 24 150 M M 3 30 160
31 98 84 91 7 0 26 0.00 0.0 0 17.7 29 160 M M 5 37 150
================================================================================
SM 2969 2421 0 689 0.46 0.0 259.5 M 45
================================================================================
AV 95.8 78.1 8.4 FASTST M M 1 MAX(MPH)
MISC ----> # 29 160 # 37 150
================================================================================
NOTES:
# LAST OF SEVERAL OCCURRENCES
COLUMN 17 PEAK WIND IN M.P.H.
PRELIMINARY LOCAL CLIMATOLOGICAL DATA (WS FORM: F-6) , PAGE 2
STATION: BROWNSVILLE
MONTH: AUGUST
YEAR: 2020
LATITUDE: 25 53 N
LONGITUDE: 97 26 W
[TEMPERATURE DATA] [PRECIPITATION DATA] SYMBOLS USED IN COLUMN 16
AVERAGE MONTHLY: 86.9 TOTAL FOR MONTH: 0.46 1 = FOG OR MIST
DPTR FM NORMAL: 1.6 DPTR FM NORMAL: -1.98 2 = FOG REDUCING VISIBILITY
HIGHEST: 100 ON 27 GRTST 24HR 0.23 ON 8- 8 TO 1/4 MILE OR LESS
LOWEST: 75 ON 24 3 = THUNDER
SNOW, ICE PELLETS, HAIL 4 = ICE PELLETS
TOTAL MONTH: 0.0 INCH 5 = HAIL
GRTST 24HR 0.0 6 = FREEZING RAIN OR DRIZZLE
GRTST DEPTH: 0 7 = DUSTSTORM OR SANDSTORM:
VSBY 1/2 MILE OR LESS
8 = SMOKE OR HAZE
[NO. OF DAYS WITH] [WEATHER - DAYS WITH] 9 = BLOWING SNOW
X = TORNADO
MAX 32 OR BELOW: 0 0.01 INCH OR MORE: 5
MAX 90 OR ABOVE: 31 0.10 INCH OR MORE: 2
MIN 32 OR BELOW: 0 0.50 INCH OR MORE: 0
MIN 0 OR BELOW: 0 1.00 INCH OR MORE: 0
[HDD (BASE 65) ]
TOTAL THIS MO. 0 CLEAR (SCALE 0-3) 29
DPTR FM NORMAL 0 PTCLDY (SCALE 4-7) 2
TOTAL FM JUL 1 0 CLOUDY (SCALE 8-10) 0
DPTR FM NORMAL 0
[CDD (BASE 65) ]
TOTAL THIS MO. 689
DPTR FM NORMAL 60 [PRESSURE DATA]
TOTAL FM JAN 1 3547 HIGHEST SLP 30.08 ON 9
DPTR FM NORMAL 640 LOWEST SLP 29.68 ON 26
[REMARKS]
#FINAL-08-20#