000
CXAK56 PAFG 011003
CF6BRW
PRELIMINARY LOCAL CLIMATOLOGICAL DATA (WS FORM: F-6)
STATION: UTQIAGVIK (BARROW) AK
MONTH: FEBRUARY
YEAR: 2023
LATITUDE: 71 17 N
LONGITUDE: 156 47 W
TEMPERATURE IN F: :PCPN: SNOW: WIND :SUNSHINE: SKY :PK WND
================================================================================
1 2 3 4 5 6A 6B 7 8 9 10 11 12 13 14 15 16 17 18
12Z AVG MX 2MIN
DY MAX MIN AVG DEP HDD CDD WTR SNW DPTH SPD SPD DIR MIN PSBL S-S WX SPD DR
================================================================================
1 -5 -10 -7 5 72 0 T M M 22.6 30 70 M M 0 89 34 60
2 -1 -9 -5 7 70 0 T M M 14.6 22 50 M M 6 189 26 50
3 -7 -20 -13 -2 78 0 T M M 14.9 22 80 M M 5 89 27 70
4 -17 -25 -21 -10 86 0 0.00 M M 9.2 13 80 M M 7 8 14 80
5 -14 -25 -19 -8 84 0 0.00 M M 5.3 12 70 M M 8 18 13 60
6 -5 -15 -10 1 75 0 T M M 6.2 13 360 M M 10 18 17 360
7 1 -14 -6 5 71 0 T M M 7.6 13 180 M M 10 18 14 180
8 -5 -18 -11 0 76 0 T M M 4.6 13 160 M M 10 8 14 160
9 -11 -21 -16 -5 81 0 T M M 5.8 9 120 M M 10 18 11 120
10 -5 -15 -10 1 75 0 T M M 12.7 30 80 M M 8 1289 33 80
11 -10 -18 -14 -3 79 0 0.00 M M 16.1 20 60 M M 3 8 23 60
12 -17 -22 -19 -8 84 0 0.00 M M 12.2 16 50 M M 3 18 20 60
13 -10 -24 -17 -6 82 0 0.00 M M 7.8 13 60 M M 8 18 14 70
14 -3 -20 -11 0 76 0 T M M 14.2 25 70 M M 9 18 29 70
15 -14 -22 -18 -7 83 0 T M M 11.7 20 80 M M 6 8 25 70
16 -10 -24 -17 -6 82 0 0.02 M M 10.2 20 110 M M 9 8 23 110
17 -11 -26 -18 -7 83 0 T M M 4.9 10 50 M M 6 8 11 50
18 -7 -17 -12 -1 77 0 T M M 4.2 7 40 M M 10 8 8 40
19 -6 -20 -13 -2 78 0 T M M 4.5 12 330 M M 9 18 13 290
20 -17 -32 -24 -13 89 0 0.00 M M 7.1 13 310 M M 0 18 14 310
21 -11 -37 -24 -13 89 0 0.01 M M 15.8 33 110 M M 4 189 38 110
22 7 -11 -2 9 67 0 T M M 25.0 36 110 M M 6 189 43 110
23 29 7 18 29 47 0 M M M 20.4 32 260 M M 9 189 41 260
24 22 -1 11 22 54 0 M M M 27.9 44 250 M M 10 129 56 250
25 -1 -12 -6 5 71 0 M M M 23.4 32 250 M M 10 189 38 250
26 -11 -15 -13 -2 78 0 M M M 21.8 28 280 M M 10 89 33 270
27 -12 -29 -20 -8 85 0 M M M 8.2 18 270 M M 4 189 21 270
28 -15 -30 -22 -10 87 0 0.00 M M 11.3 17 50 M M 4 189 22 50
================================================================================
SM -166 -525 2159 0 0.03 M 350.2 M 194
================================================================================
AV -5.9-18.7 12.5 FASTST M M 7 MAX(MPH)
MISC ----> 44 250 56 250
================================================================================
NOTES:
# LAST OF SEVERAL OCCURRENCES
COLUMN 17 PEAK WIND IN M.P.H.
PRELIMINARY LOCAL CLIMATOLOGICAL DATA (WS FORM: F-6) , PAGE 2
STATION: UTQIAGVIK (BARROW) AK
MONTH: FEBRUARY
YEAR: 2023
LATITUDE: 71 17 N
LONGITUDE: 156 47 W
[TEMPERATURE DATA] [PRECIPITATION DATA] SYMBOLS USED IN COLUMN 16
AVERAGE MONTHLY:-12.3 TOTAL FOR MONTH: 0.03 1 = FOG OR MIST
DPTR FM NORMAL: -0.9 DPTR FM NORMAL: -0.18 2 = FOG REDUCING VISIBILITY
HIGHEST: 29 ON 23 GRTST 24HR 0.67 ON 23-24 TO 1/4 MILE OR LESS
LOWEST: -37 ON 21 3 = THUNDER
SNOW, ICE PELLETS, HAIL 4 = ICE PELLETS
TOTAL MONTH: M 5 = HAIL
GRTST 24HR M ON M 6 = FREEZING RAIN OR DRIZZLE
GRTST DEPTH: M ON M 7 = DUSTSTORM OR SANDSTORM:
VSBY 1/2 MILE OR LESS
8 = SMOKE OR HAZE
[NO. OF DAYS WITH] [WEATHER - DAYS WITH] 9 = BLOWING SNOW
X = TORNADO
MAX 32 OR BELOW: 28 0.01 INCH OR MORE: 2
MAX 90 OR ABOVE: 0 0.10 INCH OR MORE: 0
MIN 32 OR BELOW: 28 0.50 INCH OR MORE: 0
MIN 0 OR BELOW: 27 1.00 INCH OR MORE: 0
[HDD (BASE 65) ]
TOTAL THIS MO. 2159 CLEAR (SCALE 0-3) 4
DPTR FM NORMAL 21 PTCLDY (SCALE 4-7) 10
TOTAL FM JUL 1 11415 CLOUDY (SCALE 8-10) 14
DPTR FM NORMAL -760
[CDD (BASE 65) ]
TOTAL THIS MO. 0
DPTR FM NORMAL 0 [PRESSURE DATA]
TOTAL FM JAN 1 0 HIGHEST SLP M ON M
DPTR FM NORMAL 0 LOWEST SLP 29.09 ON 23
[REMARKS]
#FINAL-02-23#