000
CXUS53 KGRR 010910
CF6BTL
PRELIMINARY LOCAL CLIMATOLOGICAL DATA (WS FORM: F-6)
STATION: BATTLE CREEK
MONTH: MARCH
YEAR: 2024
LATITUDE: 42 17 N
LONGITUDE: 85 14 W
TEMPERATURE IN F: :PCPN: SNOW: WIND :SUNSHINE: SKY :PK WND
================================================================================
1 2 3 4 5 6A 6B 7 8 9 10 11 12 13 14 15 16 17 18
12Z AVG MX 2MIN
DY MAX MIN AVG DEP HDD CDD WTR SNW DPTH SPD SPD DIR MIN PSBL S-S WX SPD DR
================================================================================
1 50 27 39 8 26 0 0.00 M M 9.5 17 170 M M 3 25 140
2 55 39 47 16 18 0 0.00 M M 6.6 13 240 M M 5 18 22 230
3 66 41 54 23 11 0 0.00 M M 14.1 22 190 M M 2 1 31 180
4 71 51 61 29 4 0 0.00 M M 12.4 26 210 M M 3 18 34 200
5 63 43 53 21 12 0 0.62 M M 9.6 17 20 M M 8 13 27 180
6 51 35 43 11 22 0 0.05 M M 11.9 22 30 M M 7 1 30 50
7 49 31 40 7 25 0 0.00 M M 6.3 14 110 M M 6 19 110
8 54 39 47 14 18 0 0.76 M M 8.7 17 170 M M 9 1 25 150
9 54 33 44 10 21 0 0.13 M M 14.4 22 310 M M 10 1 30 290
10 40 29 35 1 30 0 T M M 15.0 25 320 M M 7 1 37 320
11 59 26 43 9 22 0 0.00 M M 12.7 26 220 M M 0 35 220
12 70 43 57 22 8 0 0.00 M M 13.2 25 240 M M 0 36 220
13 72 47 60 25 5 0 0.00 M M 4.6 13 210 M M 1 19 220
14 63 44 54 18 11 0 0.55 M M 10.7 23 360 M M 10 13 29 10
15 55 33 44 8 21 0 0.00 M M 9.2 18 290 M M 2 25 340
16 59 31 45 9 20 0 T M M 14.9 30 290 M M 5 41 200
17 38 28 33 -4 32 0 0.02 M M 9.7 25 290 M M 8 18 34 300
18 36 25 31 -6 34 0 T M M 12.2 24 290 M M 10 18 34 290
19 47 29 38 1 27 0 0.00 M M 14.9 32 240 M M 5 44 250
20 38 22 30 -8 35 0 T M M 11.9 28 320 M M 7 37 310
21 39 15 27 -11 38 0 0.00 M M 6.2 13 280 M M 2 M M
22 34 27 31 -7 34 0 0.22 M M 7.9 14 30 M M 10 128 19 140
23 37 26 32 -7 33 0 T M M 6.2 17 360 M M 6 1 23 10
24 43 22 33 -6 32 0 0.00 M M 9.5 18 110 M M 5 28 120
25 67 34 51 11 14 0 0.00 M M 13.7 24 150 M M 1 35 150
26 62 39 51 11 14 0 0.69 M M 18.7 32 230 M M 10 13 43 230
27 39 28 34 -6 31 0 T M M 12.9 23 260 M M 7 34 280
28 47 25 36 -5 29 0 0.00 M M 10.1 22 260 M M 2 30 260
29 55 22 39 -2 26 0 0.00 M M 3.9 14 290 M M 0 20 290
30 58 39 49 7 16 0 0.23 M M 7.4 17 300 M M 9 1 23 300
31 51 39 45 3 20 0 0.01 M M 5.3 10 50 M M 9 1 14 60
================================================================================
SM 1622 1012 689 0 3.28 M 324.3 M 169
================================================================================
AV 52.3 32.6 10.5 FASTST M M 5 MAX(MPH)
MISC ----> # 32 240 44 250
================================================================================
NOTES:
# LAST OF SEVERAL OCCURRENCES
COLUMN 17 PEAK WIND IN M.P.H.
PRELIMINARY LOCAL CLIMATOLOGICAL DATA (WS FORM: F-6) , PAGE 2
STATION: BATTLE CREEK
MONTH: MARCH
YEAR: 2024
LATITUDE: 42 17 N
LONGITUDE: 85 14 W
[TEMPERATURE DATA] [PRECIPITATION DATA] SYMBOLS USED IN COLUMN 16
AVERAGE MONTHLY: 42.5 TOTAL FOR MONTH: 3.28 1 = FOG OR MIST
DPTR FM NORMAL: 6.2 DPTR FM NORMAL: 1.61 2 = FOG REDUCING VISIBILITY
HIGHEST: 72 ON 13 GRTST 24HR 0.89 ON 8- 9 TO 1/4 MILE OR LESS
LOWEST: 15 ON 21 3 = THUNDER
SNOW, ICE PELLETS, HAIL 4 = ICE PELLETS
TOTAL MONTH: M 5 = HAIL
GRTST 24HR M ON M 6 = FREEZING RAIN OR DRIZZLE
GRTST DEPTH: M ON M 7 = DUSTSTORM OR SANDSTORM:
VSBY 1/2 MILE OR LESS
8 = SMOKE OR HAZE
[NO. OF DAYS WITH] [WEATHER - DAYS WITH] 9 = BLOWING SNOW
X = TORNADO
MAX 32 OR BELOW: 0 0.01 INCH OR MORE: 10
MAX 90 OR ABOVE: 0 0.10 INCH OR MORE: 7
MIN 32 OR BELOW: 16 0.50 INCH OR MORE: 4
MIN 0 OR BELOW: 0 1.00 INCH OR MORE: 0
[HDD (BASE 65) ]
TOTAL THIS MO. 689 CLEAR (SCALE 0-3) 10
DPTR FM NORMAL -203 PTCLDY (SCALE 4-7) 13
TOTAL FM JUL 1 4600 CLOUDY (SCALE 8-10) 8
DPTR FM NORMAL -1039
[CDD (BASE 65) ]
TOTAL THIS MO. 0
DPTR FM NORMAL -1 [PRESSURE DATA]
TOTAL FM JAN 1 0 HIGHEST SLP 30.36 ON 21
DPTR FM NORMAL -1 LOWEST SLP 29.47 ON 26
[REMARKS]
#FINAL-03-24#