000
CXUS55 KMSO 041843
CF6BTM
PRELIMINARY LOCAL CLIMATOLOGICAL DATA (WS FORM: F-6)
STATION: BUTTE MT
MONTH: DECEMBER
YEAR: 2022
LATITUDE: 45 57 N
LONGITUDE: 112 30 W
TEMPERATURE IN F: :PCPN: SNOW: WIND :SUNSHINE: SKY :PK WND
================================================================================
1 2 3 4 5 6A 6B 7 8 9 10 11 12 13 14 15 16 17 18
12Z AVG MX 2MIN
DY MAX MIN AVG DEP HDD CDD WTR SNW DPTH SPD SPD DIR MIN PSBL S-S WX SPD DR
================================================================================
1 37 11 24 2 41 0 0.10 M M 9.9 24 340 M M 8 12 31 330
2 22 -6 8 -13 57 0 0.00 M M 4.7 15 250 M M 4 1 23 250
3 22 -10 6 -15 59 0 0.00 M M 3.1 8 140 M M 0 11 200
4 21 -12 5 -16 60 0 0.10 M M 2.1 10 200 M M 5 12 13 70
5 34 15 25 5 40 0 0.07 M M 5.4 17 280 M M 10 1 29 270
6 33 27 30 10 35 0 0.00 M M 10.2 20 240 M M 7 32 240
7 34 -3 16 -4 49 0 0.00 M M 3.7 10 340 M M 0 16 290
8 26 -10 8 -12 57 0 0.00 M M 2.6 10 170 M M 0 17 150
9 30 2 16 -3 49 0 T M M 3.4 13 180 M M 6 15 180
10 36 1 19 0 46 0 0.00 M M 8.7 35 200 M M 2 43 200
11 39 23 31 12 34 0 T M M 4.6 18 200 M M 8 1 26 210
12 29 6 18 -1 47 0 T M M 4.4 16 320 M M 10 1 20 320
13 23 3 13 -6 52 0 T M M 1.5 8 330 M M 8 1 10 330
14 24 12 18 0 47 0 0.06 M M 1.0 7 350 M M 10 1 9 10
15 23 1 12 -6 53 0 0.02 M M 5.8 17 340 M M 9 18 25 330
16 18 -6 6 -12 59 0 0.00 M M 2.4 8 40 M M 7 12 9 40
17 24 -7 9 -9 56 0 0.00 M M 3.2 9 130 M M 1 1 10 340
18 19 -12 4 -14 61 0 T M M 2.3 8 160 M M 0 1 11 220
19 27 -13 7 -11 58 0 0.00 M M 7.6 17 250 M M 3 30 240
20 34 9 22 4 43 0 T M M 4.8 20 220 M M 6 1 30 280
21 30 -25 3 -15 62 0 0.04 M M 8.5 20 160 M M 10 18 29 300
22 -24 -40 -32 -50 97 0 T M M 1.8 9 160 M M 4 128 10 160
23 19 -3 8 -10 57 0 T M M 1.3 7 30 M M 10 8 8 20
24 43 18 31 13 34 0 0.00 M M 2.9 17 260 M M 7 30 290
25 44 30 37 19 28 0 T M M 5.5 18 270 M M 7 30 290
26 49 25 37 19 28 0 0.00 M M 2.5 10 340 M M 5 13 40
27 43 31 37 19 28 0 0.07 M M 12.1 26 250 M M 7 138 42 230
28 36 21 29 11 36 0 T M M 7.6 20 270 M M 9 30 280
29 30 15 23 5 42 0 0.00 M M 3.8 13 190 M M 4 17 190
30 37 19 28 9 37 0 T M M 4.7 17 220 M M 7 28 270
31 36 13 25 6 40 0 0.01 M M 2.5 10 340 M M 7 1 14 10
================================================================================
SM 898 135 1492 0 0.47 M 144.6 M 181
================================================================================
AV 29.0 4.4 4.7 FASTST M M 6 MAX(MPH)
MISC ----> 35 200 43 200
================================================================================
NOTES:
# LAST OF SEVERAL OCCURRENCES
COLUMN 17 PEAK WIND IN M.P.H.
PRELIMINARY LOCAL CLIMATOLOGICAL DATA (WS FORM: F-6) , PAGE 2
STATION: BUTTE MT
MONTH: DECEMBER
YEAR: 2022
LATITUDE: 45 57 N
LONGITUDE: 112 30 W
[TEMPERATURE DATA] [PRECIPITATION DATA] SYMBOLS USED IN COLUMN 16
AVERAGE MONTHLY: 16.7 TOTAL FOR MONTH: 0.47 1 = FOG OR MIST
DPTR FM NORMAL: -2.3 DPTR FM NORMAL: -0.01 2 = FOG REDUCING VISIBILITY
HIGHEST: 49 ON 26 GRTST 24HR 0.17 ON 4- 5 TO 1/4 MILE OR LESS
LOWEST: -40 ON 22 3 = THUNDER
SNOW, ICE PELLETS, HAIL 4 = ICE PELLETS
TOTAL MONTH: M 5 = HAIL
GRTST 24HR M ON M 6 = FREEZING RAIN OR DRIZZLE
GRTST DEPTH: M ON M 7 = DUSTSTORM OR SANDSTORM:
VSBY 1/2 MILE OR LESS
8 = SMOKE OR HAZE
[NO. OF DAYS WITH] [WEATHER - DAYS WITH] 9 = BLOWING SNOW
X = TORNADO
MAX 32 OR BELOW: 17 0.01 INCH OR MORE: 8
MAX 90 OR ABOVE: 0 0.10 INCH OR MORE: 2
MIN 32 OR BELOW: 31 0.50 INCH OR MORE: 0
MIN 0 OR BELOW: 12 1.00 INCH OR MORE: 0
[HDD (BASE 65) ]
TOTAL THIS MO. 1492 CLEAR (SCALE 0-3) 7
DPTR FM NORMAL 65 PTCLDY (SCALE 4-7) 16
TOTAL FM JUL 1 3842 CLOUDY (SCALE 8-10) 8
DPTR FM NORMAL -40
[CDD (BASE 65) ]
TOTAL THIS MO. 0
DPTR FM NORMAL 0 [PRESSURE DATA]
TOTAL FM JAN 1 177 HIGHEST SLP 31.05 ON 22
DPTR FM NORMAL 94 LOWEST SLP 29.21 ON 27
[REMARKS]
#FINAL-12-22#