000
CXUS54 KLIX 010810
CF6BTR
PRELIMINARY LOCAL CLIMATOLOGICAL DATA (WS FORM: F-6)
STATION: BATON ROUGE
MONTH: MARCH
YEAR: 2020
LATITUDE: 30 31 N
LONGITUDE: 91 9 W
TEMPERATURE IN F: :PCPN: SNOW: WIND :SUNSHINE: SKY :PK WND
================================================================================
1 2 3 4 5 6A 6B 7 8 9 10 11 12 13 14 15 16 17 18
12Z AVG MX 2MIN
DY MAX MIN AVG DEP HDD CDD WTR SNW DPTH SPD SPD DIR MIN PSBL S-S WX SPD DR
================================================================================
1 72 44 58 0 7 0 0.00 0.0 M 9.7 24 190 M M 3 30 170
2 78 61 70 12 0 5 T 0.0 M 10.8 24 180 M M 9 29 190
3 81 68 75 16 0 10 0.00 0.0 M 8.1 16 220 M M 8 27 100
4 74 55 65 6 0 0 0.34 0.0 M 11.7 30 30 M M 10 13 39 20
5 68 49 59 0 6 0 0.01 0.0 M 7.3 17 360 M M 7 1 26 10
6 71 46 59 0 6 0 0.00 0.0 M 7.6 20 360 M M 0 28 340
7 66 41 54 -6 11 0 0.00 0.0 M 6.4 18 60 M M 0 23 70
8 74 46 60 0 5 0 0.00 0.0 0 8.6 20 130 M M 2 27 110
9 74 57 66 6 0 1 0.02 0.0 M 10.0 21 140 M M 7 1 25 160
10 76 63 70 10 0 5 0.19 0.0 M 4.5 12 150 M M 7 1 14 140
11 80 64 72 12 0 7 0.00 0.0 M 8.4 15 190 M M 6 18 19 190
12 80 63 72 11 0 7 0.00 0.0 M 9.6 18 200 M M 7 1 24 180
13 84 67 76 15 0 11 0.00 0.0 M 7.3 15 170 M M 8 18 19 160
14 82 63 73 12 0 8 0.00 0.0 M 5.5 13 210 M M 4 18 19 230
15 86 63 75 14 0 10 0.00 0.0 M 4.2 12 20 M M 2 1 14 10
16 82 58 70 8 0 5 0.37 0.0 M 4.9 12 240 M M 4 1 16 130
17 77 66 72 10 0 7 0.75 0.0 M 3.7 13 120 M M 8 138 16 120
18 83 64 74 12 0 9 0.10 0.0 M 7.5 21 190 M M 6 12 27 190
19 85 70 78 16 0 13 T 0.0 M 11.1 24 180 M M 8 1 30 180
20 85 65 75 13 0 10 0.41 0.0 M 7.6 15 230 M M 8 18 22 340
21 69 61 65 2 0 0 0.00 0.0 M 9.1 15 80 M M 9 19 30
22 78 59 69 6 0 4 T 0.0 M 6.9 14 80 M M 9 1 17 20
23 85 69 77 14 0 12 0.00 0.0 M 9.0 17 180 M M 5 1 23 200
24 85 69 77 14 0 12 0.00 0.0 M 12.4 23 210 M M 6 1 29 190
25 86 69 78 15 0 13 0.00 0.0 M 4.7 15 220 M M 5 18 20 230
26 88 67 78 14 0 13 T 0.0 M 8.6 16 180 M M 3 18 22 180
27 87 70 79 15 0 14 0.00 0.0 M 10.2 17 180 M M 4 1 20 180
28 89 73 81 17 0 16 T 0.0 M 13.1 24 190 M M 5 18 30 190
29 82 65 74 10 0 9 0.00 0.0 M 6.8 20 320 M M 7 27 320
30 84 63 74 10 0 9 0.00 0.0 M 9.3 16 120 M M 3 21 80
31 77 52 65 1 0 0 0.01 0.0 M 10.8 22 210 M M 6 18 29 220
================================================================================
SM 2468 1890 35 210 2.20 0.0 255.4 M 176
================================================================================
AV 79.6 61.0 8.2 FASTST M M 6 MAX(MPH)
MISC ----> 30 30 39 20
================================================================================
NOTES:
# LAST OF SEVERAL OCCURRENCES
COLUMN 17 PEAK WIND IN M.P.H.
PRELIMINARY LOCAL CLIMATOLOGICAL DATA (WS FORM: F-6) , PAGE 2
STATION: BATON ROUGE
MONTH: MARCH
YEAR: 2020
LATITUDE: 30 31 N
LONGITUDE: 91 9 W
[TEMPERATURE DATA] [PRECIPITATION DATA] SYMBOLS USED IN COLUMN 16
AVERAGE MONTHLY: 70.3 TOTAL FOR MONTH: 2.20 1 = FOG OR MIST
DPTR FM NORMAL: 8.8 DPTR FM NORMAL: -2.21 2 = FOG REDUCING VISIBILITY
HIGHEST: 89 ON 28 GRTST 24HR 1.12 ON 16-17 TO 1/4 MILE OR LESS
LOWEST: 41 ON 7 3 = THUNDER
SNOW, ICE PELLETS, HAIL 4 = ICE PELLETS
TOTAL MONTH: 0.0 INCH 5 = HAIL
GRTST 24HR 0.0 6 = FREEZING RAIN OR DRIZZLE
GRTST DEPTH: 0 7 = DUSTSTORM OR SANDSTORM:
VSBY 1/2 MILE OR LESS
8 = SMOKE OR HAZE
[NO. OF DAYS WITH] [WEATHER - DAYS WITH] 9 = BLOWING SNOW
X = TORNADO
MAX 32 OR BELOW: 0 0.01 INCH OR MORE: 9
MAX 90 OR ABOVE: 0 0.10 INCH OR MORE: 6
MIN 32 OR BELOW: 0 0.50 INCH OR MORE: 1
MIN 0 OR BELOW: 0 1.00 INCH OR MORE: 0
[HDD (BASE 65) ]
TOTAL THIS MO. 35 CLEAR (SCALE 0-3) 7
DPTR FM NORMAL -132 PTCLDY (SCALE 4-7) 18
TOTAL FM JUL 1 1139 CLOUDY (SCALE 8-10) 6
DPTR FM NORMAL -363
[CDD (BASE 65) ]
TOTAL THIS MO. 210
DPTR FM NORMAL 152 [PRESSURE DATA]
TOTAL FM JAN 1 272 HIGHEST SLP M ON M
DPTR FM NORMAL 183 LOWEST SLP 29.74 ON 4
[REMARKS]
#FINAL-03-20#