000
CXUS51 KBTV 110241
CF6BTV
PRELIMINARY LOCAL CLIMATOLOGICAL DATA (WS FORM: F-6)
STATION: BURLINGTON VT
MONTH: FEBRUARY
YEAR: 2021
LATITUDE: 44 28 N
LONGITUDE: 73 9 W
TEMPERATURE IN F: :PCPN: SNOW: WIND :SUNSHINE: SKY :PK WND
================================================================================
1 2 3 4 5 6A 6B 7 8 9 10 11 12 13 14 15 16 17 18
12Z AVG MX 2MIN
DY MAX MIN AVG DEP HDD CDD WTR SNW DPTH SPD SPD DIR MIN PSBL S-S WX SPD DR
================================================================================
1 19 -6 7 -13 58 0 0.00 0.0 8 3.1 10 310 M M 5 18 12 320
2 28 13 21 1 44 0 0.31 9.0 9 13.9 23 360 M M 10 129 29 350
3 31 26 29 9 36 0 0.06 1.5 14 12.9 23 340 M M 10 168 31 340
4 35 16 26 5 39 0 0.01 0.1 14 5.1 14 350 M M 5 1 18 350
5 39 14 27 6 38 0 0.18 1.9 13 9.7 24 190 M M 6 1 35 190
6 32 22 27 6 38 0 T T 13 10.1 22 260 M M 8 31 240
7 30 11 21 0 44 0 0.01 0.5 13 8.9 23 300 M M 7 18 31 290
8 24 8 16 -5 49 0 0.00 0.0 12 5.8 20 330 M M 2 24 320
9 25 9 17 -4 48 0 0.12 2.6 12 2.2 7 100 M M 9 18 9 110
10 25 8 17 -5 48 0 0.01 0.3 14 5.1 16 340 M M 8 1 20 320
11 22 6 14 -8 51 0 0.00 0.0 13 7.4 21 340 M M 6 26 340
12 13 -2 6 -16 59 0 0.00 0.0 13 4.9 10 360 M M 3 15 10
13 15 -5 5 -17 60 0 0.00 0.0 13 4.7 9 350 M M 6 12 350
14 29 9 19 -3 46 0 T T 13 2.2 10 320 M M 8 11 320
15 23 9 16 -7 49 0 0.02 0.3 12 2.4 12 320 M M 8 8 13 310
16 35 16 26 3 39 0 0.62 4.2 16 8.3 26 300 M M 10 1468 36 290
17 23 10 17 -6 48 0 0.00 0.0 15 6.9 22 280 M M 2 30 270
18 25 9 17 -7 48 0 0.00 0.0 15 2.0 9 330 M M 7 11 320
19 30 16 23 -1 42 0 0.02 0.9 15 1.6 10 320 M M 10 1 11 320
20 27 15 21 -3 44 0 T T 16 8.5 18 350 M M 9 1 24 330
21 31 12 22 -2 43 0 0.00 0.0 15 4.6 13 320 M M 4 17 330
22 33 10 22 -3 43 0 0.06 1.9 14 11.4 28 190 M M 8 18 36 180
23 39 32 36 11 29 0 0.03 T 16 8.0 17 190 M M 10 1 25 210
24 44 35 40 15 25 0 0.01 T 13 9.5 18 180 M M 9 29 200
25 43 22 33 7 32 0 0.04 0.5 13 12.8 32 340 M M 8 1 42 330
26 33 17 25 -1 40 0 0.00 0.0 12 4.8 18 330 M M 4 22 320
27 42 23 33 7 32 0 0.05 T 12 11.9 30 190 M M 6 1 43 200
28 44 29 37 10 28 0 T 0.0 11 6.2 22 180 M M 8 29 180
================================================================================
SM 839 384 1200 0 1.55 23.7 194.9 M 196
================================================================================
AV 30.0 13.7 7.0 FASTST M M 7 MAX(MPH)
MISC ----> 32 340 43 200
================================================================================
NOTES:
# LAST OF SEVERAL OCCURRENCES
COLUMN 17 PEAK WIND IN M.P.H.
PRELIMINARY LOCAL CLIMATOLOGICAL DATA (WS FORM: F-6) , PAGE 2
STATION: BURLINGTON VT
MONTH: FEBRUARY
YEAR: 2021
LATITUDE: 44 28 N
LONGITUDE: 73 9 W
[TEMPERATURE DATA] [PRECIPITATION DATA] SYMBOLS USED IN COLUMN 16
AVERAGE MONTHLY: 21.8 TOTAL FOR MONTH: 1.55 1 = FOG OR MIST
DPTR FM NORMAL: -1.1 DPTR FM NORMAL: -0.22 2 = FOG REDUCING VISIBILITY
HIGHEST: 44 ON 28,24 GRTST 24HR 0.62 ON 16-16 TO 1/4 MILE OR LESS
LOWEST: -6 ON 1 3 = THUNDER
SNOW, ICE PELLETS, HAIL 4 = ICE PELLETS
TOTAL MONTH: 23.7 INCHES 5 = HAIL
GRTST 24HR 9.0 ON 2- 2 6 = FREEZING RAIN OR DRIZZLE
GRTST DEPTH: 16 ON 23,20 7 = DUSTSTORM OR SANDSTORM:
VSBY 1/2 MILE OR LESS
8 = SMOKE OR HAZE
[NO. OF DAYS WITH] [WEATHER - DAYS WITH] 9 = BLOWING SNOW
X = TORNADO
MAX 32 OR BELOW: 18 0.01 INCH OR MORE: 15
MAX 90 OR ABOVE: 0 0.10 INCH OR MORE: 4
MIN 32 OR BELOW: 27 0.50 INCH OR MORE: 1
MIN 0 OR BELOW: 3 1.00 INCH OR MORE: 0
[HDD (BASE 65) ]
TOTAL THIS MO. 1200 CLEAR (SCALE 0-3) 3
DPTR FM NORMAL 21 PTCLDY (SCALE 4-7) 15
TOTAL FM JUL 1 4780 CLOUDY (SCALE 8-10) 10
DPTR FM NORMAL -295
[CDD (BASE 65) ]
TOTAL THIS MO. 0
DPTR FM NORMAL 0 [PRESSURE DATA]
TOTAL FM JAN 1 0 HIGHEST SLP 30.54 ON 18
DPTR FM NORMAL 0 LOWEST SLP 29.46 ON 16
[REMARKS]
#FINAL-02-21#