000
CXUS51 KBTV 011333
CLMBTV
CLIMATE REPORT
NATIONAL WEATHER SERVICE BURLINGTON VT
933 AM EDT MON MAY 01 2023
...................................
...THE BURLINGTON VT CLIMATE SUMMARY FOR THE MONTH OF APRIL 2023...
CLIMATE NORMAL PERIOD: 1991 TO 2020
CLIMATE RECORD PERIOD: 1884 TO 2023
WEATHER OBSERVED NORMAL DEPART LAST YEAR`S
VALUE DATE(S) VALUE FROM VALUE DATE(S)
NORMAL
................................................................
TEMPERATURE (F)
RECORD
HIGH 91 04/19/1976
04/18/1976
LOW 2 04/07/1972
HIGHEST 88 04/13 54 34 72 04/25
LOWEST 24 04/03 34 -10 28 04/18
04/09
AVG. MAXIMUM 61.1 55.3 5.8 55.2
AVG. MINIMUM 40.1 35.9 4.2 36.3
MEAN 50.6 45.6 5.0 45.8
DAYS MAX >= 90 0 0.0 0.0 0
DAYS MAX <= 32 0 0.3 -0.3 0
DAYS MIN <= 32 5 12.9 -7.9 9
DAYS MIN <= 0 0 0.0 0.0 0
PRECIPITATION (INCHES)
RECORD
MAXIMUM 7.88 2011
MINIMUM 0.60 1896
TOTALS 2.81 3.07 -0.26 4.21
DAILY AVG. 0.09 0.10 -0.01 0.14
DAYS >= .01 13 13.2 -0.2 15
DAYS >= .10 7 7.6 -0.6 8
DAYS >= .50 3 1.8 1.2 4
DAYS >= 1.00 0 0.2 -0.2 1
GREATEST
24 HR. TOTAL 0.76 04/23 TO 04/23 1.29 04/07 TO 04/08
SNOWFALL (INCHES)
RECORDS
TOTAL 21.3 MM
TOTALS T 4.1 -4.1 4.2
SINCE 7/1 72.8 87.5 -14.7 MM
SNOWDEPTH AVG. T 0
DAYS >= 1.0 0 1.1 -1.1 1
GREATEST
SNOW DEPTH T 4 04/19
DEGREE DAYS
HEATING TOTAL 434 586 -152 569
SINCE 7/1 5796 6677 -881 MM
COOLING TOTAL 10 4 6 0
SINCE 1/1 10 4 6 MM
................................................................
WIND (MPH)
AVERAGE WIND SPEED 8.2
HIGHEST WIND SPEED/DIRECTION 31/330 DATE 04/02
31/190 04/03
HIGHEST GUST SPEED/DIRECTION 42/200 DATE 04/03
SKY COVER
AVERAGE SKY COVER 0.59
NUMBER OF DAYS FAIR 7
NUMBER OF DAYS PC 14
NUMBER OF DAYS CLOUDY 9
AVERAGE RH (PERCENT) 57
WEATHER CONDITIONS. NUMBER OF DAYS WITH
THUNDERSTORM 1 MIXED PRECIP 0
HEAVY RAIN 2 RAIN 7
LIGHT RAIN 18 FREEZING RAIN 0
LT FREEZING RAIN 0 HAIL 0
HEAVY SNOW 0 SNOW 0
LIGHT SNOW 0 SLEET 0
FOG 11 FOG W/VIS <= 1/4 MILE 1
HAZE 1
- INDICATES NEGATIVE NUMBERS.
R INDICATES RECORD WAS SET OR TIED.
MM INDICATES DATA IS MISSING.
T INDICATES TRACE AMOUNT.
$$