000
CXUS53 KLMK 010710
CF6BWG
PRELIMINARY LOCAL CLIMATOLOGICAL DATA (WS FORM: F-6)
STATION: BOWLING GREEN KY
MONTH: SEPTEMBER
YEAR: 2022
LATITUDE: 36 58 N
LONGITUDE: 86 26 W
TEMPERATURE IN F: :PCPN: SNOW: WIND :SUNSHINE: SKY :PK WND
================================================================================
1 2 3 4 5 6A 6B 7 8 9 10 11 12 13 14 15 16 17 18
12Z AVG MX 2MIN
DY MAX MIN AVG DEP HDD CDD WTR SNW DPTH SPD SPD DIR MIN PSBL S-S WX SPD DR
================================================================================
1 88 59 74 -2 0 9 0.00 0.0 0 3.4 13 70 M M 0 1 19 60
2 93 65 79 3 0 14 T 0.0 0 4.6 15 160 M M 1 3 21 220
3 89 71 80 4 0 15 0.96 0.0 0 4.8 23 210 M M 4 13 33 220
4 86 68 77 2 0 12 0.31 0.0 0 3.1 16 110 M M 5 13 21 120
5 87 71 79 4 0 14 0.00 0.0 0 2.3 8 70 M M 5 11 60
6 89 71 80 5 0 15 0.00 0.0 0 2.2 10 120 M M 3 123 17 340
7 84 65 75 1 0 10 0.00 0.0 0 4.0 14 40 M M 3 1 21 50
8 82 59 71 -3 0 6 0.00 0.0 0 3.8 16 40 M M 0 1 23 40
9 87 60 74 0 0 9 0.00 0.0 0 2.4 12 150 M M 2 1 16 170
10 79 68 74 1 0 9 0.01 0.0 0 1.3 9 140 M M 8 11 130
11 81 65 73 0 0 8 0.93 0.0 0 4.9 13 230 M M 9 123 20 320
12 77 59 68 -5 0 3 0.00 0.0 0 5.9 13 260 M M 3 26 300
13 81 57 69 -3 0 4 0.00 0.0 0 3.6 15 280 M M 1 21 290
14 82 57 70 -2 0 5 0.00 0.0 0 2.5 12 50 M M 2 1 16 70
15 84 56 70 -2 0 5 0.00 0.0 0 3.5 14 110 M M 0 1 19 120
16 86 58 72 0 0 7 0.00 0.0 0 2.3 12 140 M M 1 12 16 150
17 86 58 72 1 0 7 0.00 0.0 0 3.1 15 170 M M 3 1 21 180
18 87 59 73 2 0 8 0.00 0.0 0 2.7 12 220 M M 1 1 16 240
19 91 65 78 8 0 13 0.03 0.0 0 4.2 17 220 M M 2 24 210
20 95 70 83 13 0 18 0.00 0.0 0 1.3 9 40 M M 1 18 13 40
21 97 69 83 13 0 18 0.00 0.0 0 4.1 15 230 M M 1 1 20 220
22 80 59 70 1 0 5 0.00 0.0 0 5.8 14 30 M M 2 21 360
23 74 51 63 -6 2 0 0.00 0.0 0 7.0 16 40 M M 0 21 40
24 84 61 73 4 0 8 0.01 0.0 0 5.9 18 230 M M 4 26 240
25 85 57 71 3 0 6 0.00 0.0 0 6.6 16 290 M M 2 26 320
26 76 50 63 -5 2 0 0.00 0.0 0 5.7 20 270 M M 2 27 270
27 74 45 60 -7 5 0 0.00 0.0 0 3.6 16 290 M M 0 26 280
28 69 42 56 -11 9 0 0.00 0.0 0 6.0 18 40 M M 1 28 40
29 73 47 60 -7 5 0 0.00 0.0 0 8.9 20 50 M M 0 27 50
30 77 45 61 -5 4 0 0.00 0.0 0 5.5 17 50 M M 0 24 60
================================================================================
SM 2503 1787 27 228 2.25 0.0 125.0 M 66
================================================================================
AV 83.4 59.6 4.2 FASTST M M 2 MAX(MPH)
MISC ----> 23 210 33 220
================================================================================
NOTES:
# LAST OF SEVERAL OCCURRENCES
COLUMN 17 PEAK WIND IN M.P.H.
PRELIMINARY LOCAL CLIMATOLOGICAL DATA (WS FORM: F-6) , PAGE 2
STATION: BOWLING GREEN KY
MONTH: SEPTEMBER
YEAR: 2022
LATITUDE: 36 58 N
LONGITUDE: 86 26 W
[TEMPERATURE DATA] [PRECIPITATION DATA] SYMBOLS USED IN COLUMN 16
AVERAGE MONTHLY: 71.5 TOTAL FOR MONTH: 2.25 1 = FOG OR MIST
DPTR FM NORMAL: 0.1 DPTR FM NORMAL: -1.39 2 = FOG REDUCING VISIBILITY
HIGHEST: 97 ON 21 GRTST 24HR 0.97 ON 3- 4 TO 1/4 MILE OR LESS
LOWEST: 42 ON 28 3 = THUNDER
SNOW, ICE PELLETS, HAIL 4 = ICE PELLETS
TOTAL MONTH: 0.0 INCH 5 = HAIL
GRTST 24HR 0.0 6 = FREEZING RAIN OR DRIZZLE
GRTST DEPTH: 0 7 = DUSTSTORM OR SANDSTORM:
VSBY 1/2 MILE OR LESS
8 = SMOKE OR HAZE
[NO. OF DAYS WITH] [WEATHER - DAYS WITH] 9 = BLOWING SNOW
X = TORNADO
MAX 32 OR BELOW: 0 0.01 INCH OR MORE: 6
MAX 90 OR ABOVE: 4 0.10 INCH OR MORE: 3
MIN 32 OR BELOW: 0 0.50 INCH OR MORE: 2
MIN 0 OR BELOW: 0 1.00 INCH OR MORE: 0
[HDD (BASE 65) ]
TOTAL THIS MO. 27 CLEAR (SCALE 0-3) 22
DPTR FM NORMAL 3 PTCLDY (SCALE 4-7) 7
TOTAL FM JUL 1 27 CLOUDY (SCALE 8-10) 1
DPTR FM NORMAL 6
[CDD (BASE 65) ]
TOTAL THIS MO. 228
DPTR FM NORMAL 11 [PRESSURE DATA]
TOTAL FM JAN 1 1861 HIGHEST SLP M ON M
DPTR FM NORMAL 235 LOWEST SLP 29.82 ON 25
[REMARKS]
#FINAL-09-22#