000
CXUS53 KLMK 010810
CF6BWG
PRELIMINARY LOCAL CLIMATOLOGICAL DATA (WS FORM: F-6)
STATION: BOWLING GREEN KY
MONTH: DECEMBER
YEAR: 2023
LATITUDE: 36 58 N
LONGITUDE: 86 26 W
TEMPERATURE IN F: :PCPN: SNOW: WIND :SUNSHINE: SKY :PK WND
================================================================================
1 2 3 4 5 6A 6B 7 8 9 10 11 12 13 14 15 16 17 18
12Z AVG MX 2MIN
DY MAX MIN AVG DEP HDD CDD WTR SNW DPTH SPD SPD DIR MIN PSBL S-S WX SPD DR
================================================================================
1 59 44 52 8 13 0 0.41 0.0 0 8.0 18 200 M M 10 18 26 210
2 59 49 54 11 11 0 0.00 0.0 0 3.9 9 310 M M 9 128 16 320
3 56 34 45 2 20 0 0.00 0.0 0 6.5 17 250 M M 6 1 26 290
4 54 34 44 1 21 0 0.01 0.0 0 4.3 18 270 M M 4 1 24 260
5 56 33 45 2 20 0 0.05 0.0 0 6.4 17 310 M M 7 18 29 310
6 48 31 40 -2 25 0 0.00 0.0 0 4.3 12 310 M M 5 19 320
7 60 28 44 2 21 0 0.00 0.0 0 7.1 16 200 M M 0 23 200
8 63 44 54 12 11 0 T 0.0 0 11.6 18 190 M M 5 24 190
9 66 49 58 16 7 0 0.77 0.0 0 10.4 21 250 M M 10 138 34 230
10 48 31 40 -2 25 0 0.00 0.0 0 4.9 13 310 M M 6 21 270
11 45 25 35 -6 30 0 0.00 0.0 0 1.5 8 220 M M 0 12 230
12 57 25 41 0 24 0 0.00 0.0 0 3.1 15 240 M M 0 20 210
13 57 27 42 1 23 0 0.00 0.0 0 1.6 9 60 M M 0 13 60
14 61 27 44 3 21 0 0.00 0.0 0 2.9 12 50 M M 0 15 60
15 62 27 45 5 20 0 0.00 0.0 0 0.9 9 60 M M 0 11 50
16 60 32 46 6 19 0 0.19 0.0 0 4.2 15 140 M M 4 1 24 140
17 53 43 48 8 17 0 0.09 0.0 0 5.9 13 310 M M 9 1 21 310
18 43 30 37 -3 28 0 0.00 0.0 0 9.3 24 280 M M 9 36 290
19 41 20 31 -9 34 0 0.00 0.0 0 1.3 8 120 M M 1 12 330
20 54 22 38 -2 27 0 0.00 0.0 0 2.3 12 200 M M 0 16 190
21 54 27 41 1 24 0 0.00 0.0 0 1.7 10 220 M M 0 14 230
22 60 29 45 6 20 0 0.00 0.0 0 3.0 10 190 M M 1 15 230
23 55 47 51 12 14 0 0.09 0.0 0 5.8 13 180 M M 9 1 19 200
24 67 47 57 18 8 0 0.01 0.0 0 5.6 16 160 M M 5 1 25 200
25 61 51 56 17 9 0 0.51 0.0 0 7.1 21 100 M M 8 12 29 100
26 55 36 46 7 19 0 0.00 0.0 0 4.7 14 280 M M 6 19 250
27 53 28 41 3 24 0 0.02 0.0 0 3.5 14 260 M M 5 12 20 250
28 42 31 37 -1 28 0 T 0.0 0 6.5 14 250 M M 6 21 260
29 41 38 40 2 25 0 T 0.0 0 8.6 15 240 M M 10 21 250
30 42 35 39 1 26 0 T 0.0 0 9.2 17 230 M M 9 22 240
31 53 36 45 7 20 0 0.00 0.0 0 8.5 15 240 M M 5 23 320
================================================================================
SM 1685 1060 634 0 2.15 0.0 164.6 M 149
================================================================================
AV 54.4 34.2 5.3 FASTST M M 5 MAX(MPH)
MISC ----> 24 280 36 290
================================================================================
NOTES:
# LAST OF SEVERAL OCCURRENCES
COLUMN 17 PEAK WIND IN M.P.H.
PRELIMINARY LOCAL CLIMATOLOGICAL DATA (WS FORM: F-6) , PAGE 2
STATION: BOWLING GREEN KY
MONTH: DECEMBER
YEAR: 2023
LATITUDE: 36 58 N
LONGITUDE: 86 26 W
[TEMPERATURE DATA] [PRECIPITATION DATA] SYMBOLS USED IN COLUMN 16
AVERAGE MONTHLY: 44.3 TOTAL FOR MONTH: 2.15 1 = FOG OR MIST
DPTR FM NORMAL: 3.8 DPTR FM NORMAL: -2.20 2 = FOG REDUCING VISIBILITY
HIGHEST: 67 ON 24 GRTST 24HR 0.77 ON 8- 9 TO 1/4 MILE OR LESS
LOWEST: 20 ON 19 3 = THUNDER
SNOW, ICE PELLETS, HAIL 4 = ICE PELLETS
TOTAL MONTH: 0.0 INCH 5 = HAIL
GRTST 24HR 0.0 6 = FREEZING RAIN OR DRIZZLE
GRTST DEPTH: 0 7 = DUSTSTORM OR SANDSTORM:
VSBY 1/2 MILE OR LESS
8 = SMOKE OR HAZE
[NO. OF DAYS WITH] [WEATHER - DAYS WITH] 9 = BLOWING SNOW
X = TORNADO
MAX 32 OR BELOW: 0 0.01 INCH OR MORE: 10
MAX 90 OR ABOVE: 0 0.10 INCH OR MORE: 4
MIN 32 OR BELOW: 16 0.50 INCH OR MORE: 2
MIN 0 OR BELOW: 0 1.00 INCH OR MORE: 0
[HDD (BASE 65) ]
TOTAL THIS MO. 634 CLEAR (SCALE 0-3) 10
DPTR FM NORMAL -126 PTCLDY (SCALE 4-7) 13
TOTAL FM JUL 1 1244 CLOUDY (SCALE 8-10) 8
DPTR FM NORMAL -243
[CDD (BASE 65) ]
TOTAL THIS MO. 0
DPTR FM NORMAL 0 [PRESSURE DATA]
TOTAL FM JAN 1 1590 HIGHEST SLP M ON M
DPTR FM NORMAL -86 LOWEST SLP 29.80 ON 3
[REMARKS]
#FINAL-12-23#