000
CXUS51 KCLE 011713
CF6CAK
PRELIMINARY LOCAL CLIMATOLOGICAL DATA (WS FORM: F-6)
STATION: AKRON CANTON OH
MONTH: NOVEMBER
YEAR: 2023
LATITUDE: 40 55 N
LONGITUDE: 81 26 W
TEMPERATURE IN F: :PCPN: SNOW: WIND :SUNSHINE: SKY :PK WND
================================================================================
1 2 3 4 5 6A 6B 7 8 9 10 11 12 13 14 15 16 17 18
12Z AVG MX 2MIN
DY MAX MIN AVG DEP HDD CDD WTR SNW DPTH SPD SPD DIR MIN PSBL S-S WX SPD DR
================================================================================
1 40 27 34 -14 31 0 0.02 0.2 T 10.5 21 270 M M 5 12 29 310
2 47 26 37 -10 28 0 0.00 0.0 0 11.4 22 210 M M 6 30 200
3 59 36 48 1 17 0 0.00 0.0 0 12.1 24 200 M M 6 32 210
4 59 45 52 5 13 0 0.00 0.0 0 5.2 10 190 M M 8 13 180
5 57 37 47 1 18 0 0.00 0.0 0 5.3 13 330 M M 5 18 18 300
6 62 39 51 5 14 0 0.04 0.0 0 13.3 24 190 M M 7 35 210
7 59 39 49 3 16 0 0.00 0.0 0 9.8 18 300 M M 6 26 290
8 60 36 48 3 17 0 0.00 0.0 0 9.6 17 120 M M 5 23 110
9 67 42 55 10 10 0 T 0.0 0 11.7 25 300 M M 7 1 35 300
10 56 35 46 2 19 0 0.00 0.0 0 8.0 21 250 M M 5 33 250
11 46 30 38 -6 27 0 0.00 0.0 0 6.3 13 360 M M 5 16 10
12 50 28 39 -5 26 0 0.00 0.0 0 3.9 12 80 M M 2 16 90
13 57 30 44 1 21 0 0.00 0.0 0 9.8 22 320 M M 1 29 310
14 54 32 43 0 22 0 0.00 0.0 0 4.7 9 170 M M 0 13 350
15 61 32 47 4 18 0 0.00 0.0 0 8.2 17 220 M M 1 23 240
16 63 37 50 8 15 0 0.00 0.0 0 7.7 15 210 M M 2 19 210
17 56 36 46 4 19 0 0.69 0.0 0 12.7 22 200 M M 9 1 31 210
18 47 33 40 -2 25 0 0.00 0.0 0 6.5 15 360 M M 3 8 20 350
19 52 29 41 0 24 0 0.00 0.0 0 6.8 13 320 M M 0 18 290
20 42 30 36 -5 29 0 0.00 0.0 0 10.8 16 110 M M 7 23 120
21 47 38 43 3 22 0 0.50 0.0 0 13.5 25 140 M M 10 12 33 140
22 44 34 39 -1 26 0 0.02 0.0 0 8.9 20 290 M M 10 1 28 280
23 47 33 40 0 25 0 0.00 0.0 0 7.3 16 220 M M 7 1 25 210
24 39 26 33 -6 32 0 0.00 0.0 0 10.1 17 20 M M 8 25 360
25 40 25 33 -6 32 0 0.00 0.0 0 5.9 13 20 M M 5 17 20
26 45 29 37 -2 28 0 0.25 0.0 0 9.2 22 270 M M 8 1 36 250
27 37 24 31 -7 34 0 T T 0 15.9 26 260 M M 10 1 38 260
28 26 18 22 -16 43 0 0.01 0.1 T 12.9 26 290 M M 9 38 280
29 33 15 24 -14 41 0 0.00 0.0 0 11.0 22 210 M M 4 29 210
30 51 26 39 2 26 0 0.00 0.0 0 12.0 24 210 M M 4 32 200
================================================================================
SM 1503 947 718 0 1.53 0.3 281.0 M 165
================================================================================
AV 50.1 31.6 9.4 FASTST M M 6 MAX(MPH)
MISC ----> # 26 260 # 38 260
================================================================================
NOTES:
# LAST OF SEVERAL OCCURRENCES
COLUMN 17 PEAK WIND IN M.P.H.
PRELIMINARY LOCAL CLIMATOLOGICAL DATA (WS FORM: F-6) , PAGE 2
STATION: AKRON CANTON OH
MONTH: NOVEMBER
YEAR: 2023
LATITUDE: 40 55 N
LONGITUDE: 81 26 W
[TEMPERATURE DATA] [PRECIPITATION DATA] SYMBOLS USED IN COLUMN 16
AVERAGE MONTHLY: 40.8 TOTAL FOR MONTH: 1.53 1 = FOG OR MIST
DPTR FM NORMAL: -1.7 DPTR FM NORMAL: -1.55 2 = FOG REDUCING VISIBILITY
HIGHEST: 67 ON 9 GRTST 24HR 0.69 ON 17-17 TO 1/4 MILE OR LESS
LOWEST: 15 ON 29 3 = THUNDER
SNOW, ICE PELLETS, HAIL 4 = ICE PELLETS
TOTAL MONTH: 0.3 INCH 5 = HAIL
GRTST 24HR 0.2 ON 1- 1 6 = FREEZING RAIN OR DRIZZLE
GRTST DEPTH: T 7 = DUSTSTORM OR SANDSTORM:
VSBY 1/2 MILE OR LESS
8 = SMOKE OR HAZE
[NO. OF DAYS WITH] [WEATHER - DAYS WITH] 9 = BLOWING SNOW
X = TORNADO
MAX 32 OR BELOW: 1 0.01 INCH OR MORE: 7
MAX 90 OR ABOVE: 0 0.10 INCH OR MORE: 3
MIN 32 OR BELOW: 16 0.50 INCH OR MORE: 2
MIN 0 OR BELOW: 0 1.00 INCH OR MORE: 0
[HDD (BASE 65) ]
TOTAL THIS MO. 718 CLEAR (SCALE 0-3) 6
DPTR FM NORMAL 41 PTCLDY (SCALE 4-7) 19
TOTAL FM JUL 1 1160 CLOUDY (SCALE 8-10) 5
DPTR FM NORMAL 26
[CDD (BASE 65) ]
TOTAL THIS MO. 0
DPTR FM NORMAL 0 [PRESSURE DATA]
TOTAL FM JAN 1 592 HIGHEST SLP 30.53 ON 12
DPTR FM NORMAL -277 LOWEST SLP 29.67 ON 9
[REMARKS]
#FINAL-11-23#